{"id":8328,"date":"2022-05-01T20:39:22","date_gmt":"2022-05-02T01:39:22","guid":{"rendered":"https:\/\/acuariosupremus.com\/?post_type=product&#038;p=8328"},"modified":"2025-12-25T15:47:30","modified_gmt":"2025-12-25T21:47:30","slug":"filtro-biologico-multifuncional-340-lph-boyu-bf-108","status":"publish","type":"product","link":"https:\/\/acuariosupremus.com\/?product=filtro-biologico-multifuncional-340-lph-boyu-bf-108","title":{"rendered":"Filtro biol\u00f3gico multifuncional 340 lph, BOYU BF-108."},"content":{"rendered":"<p>Consta de tres c\u00e1maras interiores dispuestas de tal manera que si vaciamos la \u00faltima de ellas forzaremos un flujo a trav\u00e9s de las otras dos gracias a la ley de vasos comunicantes. Este flujo forzado corre a cargo de una bomba SP-602 de 340 l\/h que equipa de serie en la c\u00e1mara de salida de agua. La c\u00e1mara central disfruta de un generoso volumen de 1100 cent\u00edmetros c\u00fabicos, dode ubica una esponja filtrante que asume la filtraci\u00f3n mec\u00e1nica, una bolsa con carb\u00f3n activado para la filtraci\u00f3n qu\u00edmica y otra bolsa con \u201cBioglass\u201d, unos cilindros cer\u00e1micos microporosos que desempe\u00f1an la funci\u00f3n biol\u00f3gica del filtro. El tercer compartimento situado en el extremo derecho cumple la funci\u00f3n de absorci\u00f3n del agua a trav\u00e9s de su rejilla para ser filtrada.<\/p>\n<p>Corriente: 127V\/60Hz (V\/HZ) Consumo: 6 (W\/h) Protecci\u00f3n al agua: IPX68 Long. Cable: 147 (cm) Tipo de enchufe:\u201cA\u201d 2 pines Peso: 1.090 (grs.) Dimensiones: 211 x 90 x 243 (l x a x h, mm) Peso c. embalaje:1.245 (grs.) Dim. embalaje: 225 x 100 x 290 (l x a x h, mm) Acuarios entre: 60 &#8211; 110 (L) Caudal aprox: 340 (l\/h)\u00a0 Cap. elevaci\u00f3n: 60 (cms.)<\/p>\n","protected":false},"excerpt":{"rendered":"<p>Transparencia inmediata.<br \/>\nEl filtro BOYU BF-108 reserva discretamente un espacio para efectuar la filtraci\u00f3n y la circulaci\u00f3n de forma eficiente en acuarios de hasta 110 litros tanto agua dulce como de agua salada. Este filtro tipo \u201ccaja\u201d se integra perfectamente en acuarios desde 25 cent\u00edmetros de altura y con almenos 22 cent\u00edmetros en alguna de sus paredes.<\/p>\n","protected":false},"featured_media":8329,"template":"","meta":[],"product_brand":[122],"product_cat":[40,46],"product_tag":[212,195,196,194,653],"class_list":{"0":"post-8328","1":"product","2":"type-product","3":"status-publish","4":"has-post-thumbnail","6":"product_brand-boyu","7":"product_cat-peces","8":"product_cat-filtros-internos","9":"product_tag-colonia-bacteriana","10":"product_tag-filtracion-biologica","11":"product_tag-filtro-de-caja","12":"product_tag-filtro-interno","13":"product_tag-filtro-multifuncional-boyu-bf","15":"first","16":"instock","17":"sale","18":"shipping-taxable","19":"purchasable","20":"product-type-simple"},"yoast_head":"<!-- This site is optimized with the Yoast SEO plugin v27.4 - https:\/\/yoast.com\/product\/yoast-seo-wordpress\/ -->\n<title>Filtro biol\u00f3gico multifuncional 340 lph, BOYU BF-108. | Acuario Supremus<\/title>\n<meta name=\"description\" content=\"El filtro BOYU BF-108 cuenta con espacio para efectuar la filtraci\u00f3n y la circulaci\u00f3n de acuarios de hasta 110 litros tanto agua dulce como de agua salada.\" \/>\n<meta name=\"robots\" content=\"index, follow, max-snippet:-1, max-image-preview:large, max-video-preview:-1\" \/>\n<link rel=\"canonical\" href=\"https:\/\/acuariosupremus.com\/?product=filtro-biologico-multifuncional-340-lph-boyu-bf-108\" \/>\n<meta property=\"og:locale\" content=\"es_MX\" \/>\n<meta property=\"og:type\" content=\"article\" \/>\n<meta property=\"og:title\" content=\"Filtro biol\u00f3gico multifuncional 340 lph, BOYU BF-108. | Acuario Supremus\" \/>\n<meta property=\"og:description\" content=\"El filtro BOYU BF-108 cuenta con espacio para efectuar la filtraci\u00f3n y la circulaci\u00f3n de acuarios de hasta 110 litros tanto agua dulce como de agua salada.\" \/>\n<meta property=\"og:url\" content=\"https:\/\/acuariosupremus.com\/?product=filtro-biologico-multifuncional-340-lph-boyu-bf-108\" \/>\n<meta property=\"og:site_name\" content=\"Acuario Supremus\" \/>\n<meta property=\"article:publisher\" content=\"https:\/\/www.facebook.com\/AcuarioSupremus\" \/>\n<meta property=\"article:modified_time\" content=\"2025-12-25T21:47:30+00:00\" \/>\n<meta property=\"og:image\" content=\"https:\/\/acuariosupremus.com\/wp-content\/uploads\/2022\/05\/filtro_de-_caja_bf-108_01-413x413-1.jpg\" \/>\n\t<meta property=\"og:image:width\" content=\"413\" \/>\n\t<meta property=\"og:image:height\" content=\"413\" \/>\n\t<meta property=\"og:image:type\" content=\"image\/jpeg\" \/>\n<meta name=\"twitter:card\" content=\"summary_large_image\" \/>\n<meta name=\"twitter:site\" content=\"@AcuarioSupremus\" \/>\n<meta name=\"twitter:label1\" content=\"Tiempo de lectura\" \/>\n\t<meta name=\"twitter:data1\" content=\"1 minuto\" \/>\n<script type=\"application\/ld+json\" class=\"yoast-schema-graph\">{\"@context\":\"https:\\\/\\\/schema.org\",\"@graph\":[{\"@type\":\"WebPage\",\"@id\":\"https:\\\/\\\/acuariosupremus.com\\\/?product=filtro-biologico-multifuncional-340-lph-boyu-bf-108\",\"url\":\"https:\\\/\\\/acuariosupremus.com\\\/?product=filtro-biologico-multifuncional-340-lph-boyu-bf-108\",\"name\":\"Filtro biol\u00f3gico multifuncional 340 lph, BOYU BF-108. | Acuario Supremus\",\"isPartOf\":{\"@id\":\"https:\\\/\\\/acuariosupremus.com\\\/#website\"},\"primaryImageOfPage\":{\"@id\":\"https:\\\/\\\/acuariosupremus.com\\\/?product=filtro-biologico-multifuncional-340-lph-boyu-bf-108#primaryimage\"},\"image\":{\"@id\":\"https:\\\/\\\/acuariosupremus.com\\\/?product=filtro-biologico-multifuncional-340-lph-boyu-bf-108#primaryimage\"},\"thumbnailUrl\":\"https:\\\/\\\/acuariosupremus.com\\\/wp-content\\\/uploads\\\/2022\\\/05\\\/filtro_de-_caja_bf-108_01-413x413-1.jpg\",\"datePublished\":\"2022-05-02T01:39:22+00:00\",\"dateModified\":\"2025-12-25T21:47:30+00:00\",\"description\":\"El filtro BOYU BF-108 cuenta con espacio para efectuar la filtraci\u00f3n y la circulaci\u00f3n de acuarios de hasta 110 litros tanto agua dulce como de agua salada.\",\"breadcrumb\":{\"@id\":\"https:\\\/\\\/acuariosupremus.com\\\/?product=filtro-biologico-multifuncional-340-lph-boyu-bf-108#breadcrumb\"},\"inLanguage\":\"es\",\"potentialAction\":[{\"@type\":\"ReadAction\",\"target\":[\"https:\\\/\\\/acuariosupremus.com\\\/?product=filtro-biologico-multifuncional-340-lph-boyu-bf-108\"]}]},{\"@type\":\"ImageObject\",\"inLanguage\":\"es\",\"@id\":\"https:\\\/\\\/acuariosupremus.com\\\/?product=filtro-biologico-multifuncional-340-lph-boyu-bf-108#primaryimage\",\"url\":\"https:\\\/\\\/acuariosupremus.com\\\/wp-content\\\/uploads\\\/2022\\\/05\\\/filtro_de-_caja_bf-108_01-413x413-1.jpg\",\"contentUrl\":\"https:\\\/\\\/acuariosupremus.com\\\/wp-content\\\/uploads\\\/2022\\\/05\\\/filtro_de-_caja_bf-108_01-413x413-1.jpg\",\"width\":413,\"height\":413},{\"@type\":\"BreadcrumbList\",\"@id\":\"https:\\\/\\\/acuariosupremus.com\\\/?product=filtro-biologico-multifuncional-340-lph-boyu-bf-108#breadcrumb\",\"itemListElement\":[{\"@type\":\"ListItem\",\"position\":1,\"name\":\"Portada\",\"item\":\"https:\\\/\\\/acuariosupremus.com\\\/\"},{\"@type\":\"ListItem\",\"position\":2,\"name\":\"Tienda\",\"item\":\"https:\\\/\\\/acuariosupremus.com\\\/tienda\\\/\"},{\"@type\":\"ListItem\",\"position\":3,\"name\":\"Filtro biol\u00f3gico multifuncional 340 lph, BOYU BF-108.\"}]},{\"@type\":\"WebSite\",\"@id\":\"https:\\\/\\\/acuariosupremus.com\\\/#website\",\"url\":\"https:\\\/\\\/acuariosupremus.com\\\/\",\"name\":\"Acuario Supremus\",\"description\":\"Peces, Peceras y Mascotas.\",\"publisher\":{\"@id\":\"https:\\\/\\\/acuariosupremus.com\\\/#organization\"},\"potentialAction\":[{\"@type\":\"SearchAction\",\"target\":{\"@type\":\"EntryPoint\",\"urlTemplate\":\"https:\\\/\\\/acuariosupremus.com\\\/?s={search_term_string}\"},\"query-input\":{\"@type\":\"PropertyValueSpecification\",\"valueRequired\":true,\"valueName\":\"search_term_string\"}}],\"inLanguage\":\"es\"},{\"@type\":\"Organization\",\"@id\":\"https:\\\/\\\/acuariosupremus.com\\\/#organization\",\"name\":\"Acuario Supremus\",\"url\":\"https:\\\/\\\/acuariosupremus.com\\\/\",\"logo\":{\"@type\":\"ImageObject\",\"inLanguage\":\"es\",\"@id\":\"https:\\\/\\\/acuariosupremus.com\\\/#\\\/schema\\\/logo\\\/image\\\/\",\"url\":\"https:\\\/\\\/acuariosupremus.com\\\/wp-content\\\/uploads\\\/2021\\\/12\\\/cropped-logo_acuario_supremus_fn-2.png\",\"contentUrl\":\"https:\\\/\\\/acuariosupremus.com\\\/wp-content\\\/uploads\\\/2021\\\/12\\\/cropped-logo_acuario_supremus_fn-2.png\",\"width\":1000,\"height\":318,\"caption\":\"Acuario Supremus\"},\"image\":{\"@id\":\"https:\\\/\\\/acuariosupremus.com\\\/#\\\/schema\\\/logo\\\/image\\\/\"},\"sameAs\":[\"https:\\\/\\\/www.facebook.com\\\/AcuarioSupremus\",\"https:\\\/\\\/x.com\\\/AcuarioSupremus\",\"https:\\\/\\\/www.instagram.com\\\/acuariosupremus\\\/?hl=es\"]}]}<\/script>\n<!-- \/ Yoast SEO plugin. -->","yoast_head_json":{"title":"Filtro biol\u00f3gico multifuncional 340 lph, BOYU BF-108. | Acuario Supremus","description":"El filtro BOYU BF-108 cuenta con espacio para efectuar la filtraci\u00f3n y la circulaci\u00f3n de acuarios de hasta 110 litros tanto agua dulce como de agua salada.","robots":{"index":"index","follow":"follow","max-snippet":"max-snippet:-1","max-image-preview":"max-image-preview:large","max-video-preview":"max-video-preview:-1"},"canonical":"https:\/\/acuariosupremus.com\/?product=filtro-biologico-multifuncional-340-lph-boyu-bf-108","og_locale":"es_MX","og_type":"article","og_title":"Filtro biol\u00f3gico multifuncional 340 lph, BOYU BF-108. | Acuario Supremus","og_description":"El filtro BOYU BF-108 cuenta con espacio para efectuar la filtraci\u00f3n y la circulaci\u00f3n de acuarios de hasta 110 litros tanto agua dulce como de agua salada.","og_url":"https:\/\/acuariosupremus.com\/?product=filtro-biologico-multifuncional-340-lph-boyu-bf-108","og_site_name":"Acuario Supremus","article_publisher":"https:\/\/www.facebook.com\/AcuarioSupremus","article_modified_time":"2025-12-25T21:47:30+00:00","og_image":[{"width":413,"height":413,"url":"https:\/\/acuariosupremus.com\/wp-content\/uploads\/2022\/05\/filtro_de-_caja_bf-108_01-413x413-1.jpg","type":"image\/jpeg"}],"twitter_card":"summary_large_image","twitter_site":"@AcuarioSupremus","twitter_misc":{"Tiempo de lectura":"1 minuto"},"schema":{"@context":"https:\/\/schema.org","@graph":[{"@type":"WebPage","@id":"https:\/\/acuariosupremus.com\/?product=filtro-biologico-multifuncional-340-lph-boyu-bf-108","url":"https:\/\/acuariosupremus.com\/?product=filtro-biologico-multifuncional-340-lph-boyu-bf-108","name":"Filtro biol\u00f3gico multifuncional 340 lph, BOYU BF-108. | Acuario Supremus","isPartOf":{"@id":"https:\/\/acuariosupremus.com\/#website"},"primaryImageOfPage":{"@id":"https:\/\/acuariosupremus.com\/?product=filtro-biologico-multifuncional-340-lph-boyu-bf-108#primaryimage"},"image":{"@id":"https:\/\/acuariosupremus.com\/?product=filtro-biologico-multifuncional-340-lph-boyu-bf-108#primaryimage"},"thumbnailUrl":"https:\/\/acuariosupremus.com\/wp-content\/uploads\/2022\/05\/filtro_de-_caja_bf-108_01-413x413-1.jpg","datePublished":"2022-05-02T01:39:22+00:00","dateModified":"2025-12-25T21:47:30+00:00","description":"El filtro BOYU BF-108 cuenta con espacio para efectuar la filtraci\u00f3n y la circulaci\u00f3n de acuarios de hasta 110 litros tanto agua dulce como de agua salada.","breadcrumb":{"@id":"https:\/\/acuariosupremus.com\/?product=filtro-biologico-multifuncional-340-lph-boyu-bf-108#breadcrumb"},"inLanguage":"es","potentialAction":[{"@type":"ReadAction","target":["https:\/\/acuariosupremus.com\/?product=filtro-biologico-multifuncional-340-lph-boyu-bf-108"]}]},{"@type":"ImageObject","inLanguage":"es","@id":"https:\/\/acuariosupremus.com\/?product=filtro-biologico-multifuncional-340-lph-boyu-bf-108#primaryimage","url":"https:\/\/acuariosupremus.com\/wp-content\/uploads\/2022\/05\/filtro_de-_caja_bf-108_01-413x413-1.jpg","contentUrl":"https:\/\/acuariosupremus.com\/wp-content\/uploads\/2022\/05\/filtro_de-_caja_bf-108_01-413x413-1.jpg","width":413,"height":413},{"@type":"BreadcrumbList","@id":"https:\/\/acuariosupremus.com\/?product=filtro-biologico-multifuncional-340-lph-boyu-bf-108#breadcrumb","itemListElement":[{"@type":"ListItem","position":1,"name":"Portada","item":"https:\/\/acuariosupremus.com\/"},{"@type":"ListItem","position":2,"name":"Tienda","item":"https:\/\/acuariosupremus.com\/tienda\/"},{"@type":"ListItem","position":3,"name":"Filtro biol\u00f3gico multifuncional 340 lph, BOYU BF-108."}]},{"@type":"WebSite","@id":"https:\/\/acuariosupremus.com\/#website","url":"https:\/\/acuariosupremus.com\/","name":"Acuario Supremus","description":"Peces, Peceras y Mascotas.","publisher":{"@id":"https:\/\/acuariosupremus.com\/#organization"},"potentialAction":[{"@type":"SearchAction","target":{"@type":"EntryPoint","urlTemplate":"https:\/\/acuariosupremus.com\/?s={search_term_string}"},"query-input":{"@type":"PropertyValueSpecification","valueRequired":true,"valueName":"search_term_string"}}],"inLanguage":"es"},{"@type":"Organization","@id":"https:\/\/acuariosupremus.com\/#organization","name":"Acuario Supremus","url":"https:\/\/acuariosupremus.com\/","logo":{"@type":"ImageObject","inLanguage":"es","@id":"https:\/\/acuariosupremus.com\/#\/schema\/logo\/image\/","url":"https:\/\/acuariosupremus.com\/wp-content\/uploads\/2021\/12\/cropped-logo_acuario_supremus_fn-2.png","contentUrl":"https:\/\/acuariosupremus.com\/wp-content\/uploads\/2021\/12\/cropped-logo_acuario_supremus_fn-2.png","width":1000,"height":318,"caption":"Acuario Supremus"},"image":{"@id":"https:\/\/acuariosupremus.com\/#\/schema\/logo\/image\/"},"sameAs":["https:\/\/www.facebook.com\/AcuarioSupremus","https:\/\/x.com\/AcuarioSupremus","https:\/\/www.instagram.com\/acuariosupremus\/?hl=es"]}]}},"jetpack_sharing_enabled":true,"_links":{"self":[{"href":"https:\/\/acuariosupremus.com\/index.php?rest_route=\/wp\/v2\/product\/8328","targetHints":{"allow":["GET"]}}],"collection":[{"href":"https:\/\/acuariosupremus.com\/index.php?rest_route=\/wp\/v2\/product"}],"about":[{"href":"https:\/\/acuariosupremus.com\/index.php?rest_route=\/wp\/v2\/types\/product"}],"wp:featuredmedia":[{"embeddable":true,"href":"https:\/\/acuariosupremus.com\/index.php?rest_route=\/wp\/v2\/media\/8329"}],"wp:attachment":[{"href":"https:\/\/acuariosupremus.com\/index.php?rest_route=%2Fwp%2Fv2%2Fmedia&parent=8328"}],"wp:term":[{"taxonomy":"product_brand","embeddable":true,"href":"https:\/\/acuariosupremus.com\/index.php?rest_route=%2Fwp%2Fv2%2Fproduct_brand&post=8328"},{"taxonomy":"product_cat","embeddable":true,"href":"https:\/\/acuariosupremus.com\/index.php?rest_route=%2Fwp%2Fv2%2Fproduct_cat&post=8328"},{"taxonomy":"product_tag","embeddable":true,"href":"https:\/\/acuariosupremus.com\/index.php?rest_route=%2Fwp%2Fv2%2Fproduct_tag&post=8328"}],"curies":[{"name":"wp","href":"https:\/\/api.w.org\/{rel}","templated":true}]}}