{"id":8417,"date":"2022-05-03T16:00:25","date_gmt":"2022-05-03T21:00:25","guid":{"rendered":"https:\/\/acuariosupremus.com\/?post_type=product&#038;p=8417"},"modified":"2025-12-25T16:53:36","modified_gmt":"2025-12-25T22:53:36","slug":"gabinete-modernista-para-acuarios-mt-30-plata-boyu-mtt-30p","status":"publish","type":"product","link":"https:\/\/acuariosupremus.com\/?product=gabinete-modernista-para-acuarios-mt-30-plata-boyu-mtt-30p","title":{"rendered":"Gabinete modernista para acuarios MT-30 Plata, BOYU MTT-30P."},"content":{"rendered":"<p><strong>Aunque este gabinete es opcional, La garant\u00eda del acuario est\u00e1 sujeta al uso de este gabinete.<\/strong><\/p>\n<p>Modelo:\u00a0<strong>MTT-30 Plata<\/strong> Medidas : 300x345x750 ( l x a x h mm) Medidas c. embalaje: 720 X 330 X 140 ( l x a x h mm) Peso con embalaje: 11,72 (kg).<\/p>\n","protected":false},"excerpt":{"rendered":"<p>Est\u00e1n construidos en material MDF de alta calidad, con acabado en plata a juego la serie MT. Esta estructura est\u00e1 construida de forma muy robusta y sus uniones est\u00e1n ocultas. Aunque este gabinete es opcional, la garant\u00eda del acuario est\u00e1 sujeta al uso de este gabinete.<\/p>\n<p><a href=\"https:\/\/acuariosupremus.com\/producto\/acuario-con-luz-led-y-filtro-incluidos-25-l-boyu-mt-30-plata\/\">Acuario con luz LED y filtro incluidos, 25 l, BOYU MT-30 PLATA.<\/a><\/p>\n","protected":false},"featured_media":8418,"template":"","meta":[],"product_brand":[122],"product_cat":[40,54],"product_tag":[661,662],"class_list":{"0":"post-8417","1":"product","2":"type-product","3":"status-publish","4":"has-post-thumbnail","6":"product_brand-boyu","7":"product_cat-peces","8":"product_cat-muebles-peces","9":"product_tag-gabinete-boyu","10":"product_tag-gabinete-boyu-mt","12":"first","13":"instock","14":"sale","15":"shipping-taxable","16":"purchasable","17":"product-type-simple"},"yoast_head":"<!-- This site is optimized with the Yoast SEO plugin v27.3 - https:\/\/yoast.com\/product\/yoast-seo-wordpress\/ -->\n<title>Gabinete modernista para acuarios MT-30 Plata, BOYU MTT-30P. | Acuario Supremus<\/title>\n<meta name=\"description\" content=\"Est\u00e1n construidos en material MDF de alta calidad, con acabado en plateado a juego la serie MT, construido de forma muy robusta y sus uniones est\u00e1n ocultas.\" \/>\n<meta name=\"robots\" content=\"index, follow, max-snippet:-1, max-image-preview:large, max-video-preview:-1\" \/>\n<link rel=\"canonical\" href=\"https:\/\/acuariosupremus.com\/?product=gabinete-modernista-para-acuarios-mt-30-plata-boyu-mtt-30p\" \/>\n<meta property=\"og:locale\" content=\"es_MX\" \/>\n<meta property=\"og:type\" content=\"article\" \/>\n<meta property=\"og:title\" content=\"Gabinete modernista para acuarios MT-30 Plata, BOYU MTT-30P. | Acuario Supremus\" \/>\n<meta property=\"og:description\" content=\"Est\u00e1n construidos en material MDF de alta calidad, con acabado en plateado a juego la serie MT, construido de forma muy robusta y sus uniones est\u00e1n ocultas.\" \/>\n<meta property=\"og:url\" content=\"https:\/\/acuariosupremus.com\/?product=gabinete-modernista-para-acuarios-mt-30-plata-boyu-mtt-30p\" \/>\n<meta property=\"og:site_name\" content=\"Acuario Supremus\" \/>\n<meta property=\"article:publisher\" content=\"https:\/\/www.facebook.com\/AcuarioSupremus\" \/>\n<meta property=\"article:modified_time\" content=\"2025-12-25T22:53:36+00:00\" \/>\n<meta property=\"og:image\" content=\"https:\/\/acuariosupremus.com\/wp-content\/uploads\/2022\/05\/acuarios_boyu_serie_mt_04-2.jpg\" \/>\n\t<meta property=\"og:image:width\" content=\"1250\" \/>\n\t<meta property=\"og:image:height\" content=\"1250\" \/>\n\t<meta property=\"og:image:type\" content=\"image\/jpeg\" \/>\n<meta name=\"twitter:card\" content=\"summary_large_image\" \/>\n<meta name=\"twitter:site\" content=\"@AcuarioSupremus\" \/>\n<meta name=\"twitter:label1\" content=\"Tiempo de lectura\" \/>\n\t<meta name=\"twitter:data1\" content=\"1 minuto\" \/>\n<script type=\"application\/ld+json\" class=\"yoast-schema-graph\">{\"@context\":\"https:\\\/\\\/schema.org\",\"@graph\":[{\"@type\":\"WebPage\",\"@id\":\"https:\\\/\\\/acuariosupremus.com\\\/?product=gabinete-modernista-para-acuarios-mt-30-plata-boyu-mtt-30p\",\"url\":\"https:\\\/\\\/acuariosupremus.com\\\/?product=gabinete-modernista-para-acuarios-mt-30-plata-boyu-mtt-30p\",\"name\":\"Gabinete modernista para acuarios MT-30 Plata, BOYU MTT-30P. | Acuario Supremus\",\"isPartOf\":{\"@id\":\"https:\\\/\\\/acuariosupremus.com\\\/#website\"},\"primaryImageOfPage\":{\"@id\":\"https:\\\/\\\/acuariosupremus.com\\\/?product=gabinete-modernista-para-acuarios-mt-30-plata-boyu-mtt-30p#primaryimage\"},\"image\":{\"@id\":\"https:\\\/\\\/acuariosupremus.com\\\/?product=gabinete-modernista-para-acuarios-mt-30-plata-boyu-mtt-30p#primaryimage\"},\"thumbnailUrl\":\"https:\\\/\\\/acuariosupremus.com\\\/wp-content\\\/uploads\\\/2022\\\/05\\\/acuarios_boyu_serie_mt_04-2.jpg\",\"datePublished\":\"2022-05-03T21:00:25+00:00\",\"dateModified\":\"2025-12-25T22:53:36+00:00\",\"description\":\"Est\u00e1n construidos en material MDF de alta calidad, con acabado en plateado a juego la serie MT, construido de forma muy robusta y sus uniones est\u00e1n ocultas.\",\"breadcrumb\":{\"@id\":\"https:\\\/\\\/acuariosupremus.com\\\/?product=gabinete-modernista-para-acuarios-mt-30-plata-boyu-mtt-30p#breadcrumb\"},\"inLanguage\":\"es\",\"potentialAction\":[{\"@type\":\"ReadAction\",\"target\":[\"https:\\\/\\\/acuariosupremus.com\\\/?product=gabinete-modernista-para-acuarios-mt-30-plata-boyu-mtt-30p\"]}]},{\"@type\":\"ImageObject\",\"inLanguage\":\"es\",\"@id\":\"https:\\\/\\\/acuariosupremus.com\\\/?product=gabinete-modernista-para-acuarios-mt-30-plata-boyu-mtt-30p#primaryimage\",\"url\":\"https:\\\/\\\/acuariosupremus.com\\\/wp-content\\\/uploads\\\/2022\\\/05\\\/acuarios_boyu_serie_mt_04-2.jpg\",\"contentUrl\":\"https:\\\/\\\/acuariosupremus.com\\\/wp-content\\\/uploads\\\/2022\\\/05\\\/acuarios_boyu_serie_mt_04-2.jpg\",\"width\":1250,\"height\":1250},{\"@type\":\"BreadcrumbList\",\"@id\":\"https:\\\/\\\/acuariosupremus.com\\\/?product=gabinete-modernista-para-acuarios-mt-30-plata-boyu-mtt-30p#breadcrumb\",\"itemListElement\":[{\"@type\":\"ListItem\",\"position\":1,\"name\":\"Portada\",\"item\":\"https:\\\/\\\/acuariosupremus.com\\\/\"},{\"@type\":\"ListItem\",\"position\":2,\"name\":\"Tienda\",\"item\":\"https:\\\/\\\/acuariosupremus.com\\\/tienda\\\/\"},{\"@type\":\"ListItem\",\"position\":3,\"name\":\"Gabinete modernista para acuarios MT-30 Plata, BOYU MTT-30P.\"}]},{\"@type\":\"WebSite\",\"@id\":\"https:\\\/\\\/acuariosupremus.com\\\/#website\",\"url\":\"https:\\\/\\\/acuariosupremus.com\\\/\",\"name\":\"Acuario Supremus\",\"description\":\"Peces, Peceras y Mascotas.\",\"publisher\":{\"@id\":\"https:\\\/\\\/acuariosupremus.com\\\/#organization\"},\"potentialAction\":[{\"@type\":\"SearchAction\",\"target\":{\"@type\":\"EntryPoint\",\"urlTemplate\":\"https:\\\/\\\/acuariosupremus.com\\\/?s={search_term_string}\"},\"query-input\":{\"@type\":\"PropertyValueSpecification\",\"valueRequired\":true,\"valueName\":\"search_term_string\"}}],\"inLanguage\":\"es\"},{\"@type\":\"Organization\",\"@id\":\"https:\\\/\\\/acuariosupremus.com\\\/#organization\",\"name\":\"Acuario Supremus\",\"url\":\"https:\\\/\\\/acuariosupremus.com\\\/\",\"logo\":{\"@type\":\"ImageObject\",\"inLanguage\":\"es\",\"@id\":\"https:\\\/\\\/acuariosupremus.com\\\/#\\\/schema\\\/logo\\\/image\\\/\",\"url\":\"https:\\\/\\\/acuariosupremus.com\\\/wp-content\\\/uploads\\\/2021\\\/12\\\/cropped-logo_acuario_supremus_fn-2.png\",\"contentUrl\":\"https:\\\/\\\/acuariosupremus.com\\\/wp-content\\\/uploads\\\/2021\\\/12\\\/cropped-logo_acuario_supremus_fn-2.png\",\"width\":1000,\"height\":318,\"caption\":\"Acuario Supremus\"},\"image\":{\"@id\":\"https:\\\/\\\/acuariosupremus.com\\\/#\\\/schema\\\/logo\\\/image\\\/\"},\"sameAs\":[\"https:\\\/\\\/www.facebook.com\\\/AcuarioSupremus\",\"https:\\\/\\\/x.com\\\/AcuarioSupremus\",\"https:\\\/\\\/www.instagram.com\\\/acuariosupremus\\\/?hl=es\"]}]}<\/script>\n<!-- \/ Yoast SEO plugin. -->","yoast_head_json":{"title":"Gabinete modernista para acuarios MT-30 Plata, BOYU MTT-30P. | Acuario Supremus","description":"Est\u00e1n construidos en material MDF de alta calidad, con acabado en plateado a juego la serie MT, construido de forma muy robusta y sus uniones est\u00e1n ocultas.","robots":{"index":"index","follow":"follow","max-snippet":"max-snippet:-1","max-image-preview":"max-image-preview:large","max-video-preview":"max-video-preview:-1"},"canonical":"https:\/\/acuariosupremus.com\/?product=gabinete-modernista-para-acuarios-mt-30-plata-boyu-mtt-30p","og_locale":"es_MX","og_type":"article","og_title":"Gabinete modernista para acuarios MT-30 Plata, BOYU MTT-30P. | Acuario Supremus","og_description":"Est\u00e1n construidos en material MDF de alta calidad, con acabado en plateado a juego la serie MT, construido de forma muy robusta y sus uniones est\u00e1n ocultas.","og_url":"https:\/\/acuariosupremus.com\/?product=gabinete-modernista-para-acuarios-mt-30-plata-boyu-mtt-30p","og_site_name":"Acuario Supremus","article_publisher":"https:\/\/www.facebook.com\/AcuarioSupremus","article_modified_time":"2025-12-25T22:53:36+00:00","og_image":[{"width":1250,"height":1250,"url":"https:\/\/acuariosupremus.com\/wp-content\/uploads\/2022\/05\/acuarios_boyu_serie_mt_04-2.jpg","type":"image\/jpeg"}],"twitter_card":"summary_large_image","twitter_site":"@AcuarioSupremus","twitter_misc":{"Tiempo de lectura":"1 minuto"},"schema":{"@context":"https:\/\/schema.org","@graph":[{"@type":"WebPage","@id":"https:\/\/acuariosupremus.com\/?product=gabinete-modernista-para-acuarios-mt-30-plata-boyu-mtt-30p","url":"https:\/\/acuariosupremus.com\/?product=gabinete-modernista-para-acuarios-mt-30-plata-boyu-mtt-30p","name":"Gabinete modernista para acuarios MT-30 Plata, BOYU MTT-30P. | Acuario Supremus","isPartOf":{"@id":"https:\/\/acuariosupremus.com\/#website"},"primaryImageOfPage":{"@id":"https:\/\/acuariosupremus.com\/?product=gabinete-modernista-para-acuarios-mt-30-plata-boyu-mtt-30p#primaryimage"},"image":{"@id":"https:\/\/acuariosupremus.com\/?product=gabinete-modernista-para-acuarios-mt-30-plata-boyu-mtt-30p#primaryimage"},"thumbnailUrl":"https:\/\/acuariosupremus.com\/wp-content\/uploads\/2022\/05\/acuarios_boyu_serie_mt_04-2.jpg","datePublished":"2022-05-03T21:00:25+00:00","dateModified":"2025-12-25T22:53:36+00:00","description":"Est\u00e1n construidos en material MDF de alta calidad, con acabado en plateado a juego la serie MT, construido de forma muy robusta y sus uniones est\u00e1n ocultas.","breadcrumb":{"@id":"https:\/\/acuariosupremus.com\/?product=gabinete-modernista-para-acuarios-mt-30-plata-boyu-mtt-30p#breadcrumb"},"inLanguage":"es","potentialAction":[{"@type":"ReadAction","target":["https:\/\/acuariosupremus.com\/?product=gabinete-modernista-para-acuarios-mt-30-plata-boyu-mtt-30p"]}]},{"@type":"ImageObject","inLanguage":"es","@id":"https:\/\/acuariosupremus.com\/?product=gabinete-modernista-para-acuarios-mt-30-plata-boyu-mtt-30p#primaryimage","url":"https:\/\/acuariosupremus.com\/wp-content\/uploads\/2022\/05\/acuarios_boyu_serie_mt_04-2.jpg","contentUrl":"https:\/\/acuariosupremus.com\/wp-content\/uploads\/2022\/05\/acuarios_boyu_serie_mt_04-2.jpg","width":1250,"height":1250},{"@type":"BreadcrumbList","@id":"https:\/\/acuariosupremus.com\/?product=gabinete-modernista-para-acuarios-mt-30-plata-boyu-mtt-30p#breadcrumb","itemListElement":[{"@type":"ListItem","position":1,"name":"Portada","item":"https:\/\/acuariosupremus.com\/"},{"@type":"ListItem","position":2,"name":"Tienda","item":"https:\/\/acuariosupremus.com\/tienda\/"},{"@type":"ListItem","position":3,"name":"Gabinete modernista para acuarios MT-30 Plata, BOYU MTT-30P."}]},{"@type":"WebSite","@id":"https:\/\/acuariosupremus.com\/#website","url":"https:\/\/acuariosupremus.com\/","name":"Acuario Supremus","description":"Peces, Peceras y Mascotas.","publisher":{"@id":"https:\/\/acuariosupremus.com\/#organization"},"potentialAction":[{"@type":"SearchAction","target":{"@type":"EntryPoint","urlTemplate":"https:\/\/acuariosupremus.com\/?s={search_term_string}"},"query-input":{"@type":"PropertyValueSpecification","valueRequired":true,"valueName":"search_term_string"}}],"inLanguage":"es"},{"@type":"Organization","@id":"https:\/\/acuariosupremus.com\/#organization","name":"Acuario Supremus","url":"https:\/\/acuariosupremus.com\/","logo":{"@type":"ImageObject","inLanguage":"es","@id":"https:\/\/acuariosupremus.com\/#\/schema\/logo\/image\/","url":"https:\/\/acuariosupremus.com\/wp-content\/uploads\/2021\/12\/cropped-logo_acuario_supremus_fn-2.png","contentUrl":"https:\/\/acuariosupremus.com\/wp-content\/uploads\/2021\/12\/cropped-logo_acuario_supremus_fn-2.png","width":1000,"height":318,"caption":"Acuario Supremus"},"image":{"@id":"https:\/\/acuariosupremus.com\/#\/schema\/logo\/image\/"},"sameAs":["https:\/\/www.facebook.com\/AcuarioSupremus","https:\/\/x.com\/AcuarioSupremus","https:\/\/www.instagram.com\/acuariosupremus\/?hl=es"]}]}},"jetpack_sharing_enabled":true,"_links":{"self":[{"href":"https:\/\/acuariosupremus.com\/index.php?rest_route=\/wp\/v2\/product\/8417","targetHints":{"allow":["GET"]}}],"collection":[{"href":"https:\/\/acuariosupremus.com\/index.php?rest_route=\/wp\/v2\/product"}],"about":[{"href":"https:\/\/acuariosupremus.com\/index.php?rest_route=\/wp\/v2\/types\/product"}],"wp:featuredmedia":[{"embeddable":true,"href":"https:\/\/acuariosupremus.com\/index.php?rest_route=\/wp\/v2\/media\/8418"}],"wp:attachment":[{"href":"https:\/\/acuariosupremus.com\/index.php?rest_route=%2Fwp%2Fv2%2Fmedia&parent=8417"}],"wp:term":[{"taxonomy":"product_brand","embeddable":true,"href":"https:\/\/acuariosupremus.com\/index.php?rest_route=%2Fwp%2Fv2%2Fproduct_brand&post=8417"},{"taxonomy":"product_cat","embeddable":true,"href":"https:\/\/acuariosupremus.com\/index.php?rest_route=%2Fwp%2Fv2%2Fproduct_cat&post=8417"},{"taxonomy":"product_tag","embeddable":true,"href":"https:\/\/acuariosupremus.com\/index.php?rest_route=%2Fwp%2Fv2%2Fproduct_tag&post=8417"}],"curies":[{"name":"wp","href":"https:\/\/api.w.org\/{rel}","templated":true}]}}