{"id":8958,"date":"2022-05-09T14:22:51","date_gmt":"2022-05-09T19:22:51","guid":{"rendered":"https:\/\/acuariosupremus.com\/?post_type=product&#038;p=8958"},"modified":"2025-12-27T17:01:40","modified_gmt":"2025-12-27T23:01:40","slug":"neutral-regulator-250-g-ajuste-de-ph-neutro","status":"publish","type":"product","link":"https:\/\/acuariosupremus.com\/?product=neutral-regulator-250-g-ajuste-de-ph-neutro","title":{"rendered":"Neutral Regulator 250 g, Ajuste de pH Neutro."},"content":{"rendered":"<p>Existen tres tipos de entornos qu\u00edmicos para acuarios de agua dulce: Aguas blandas y \u00e1cidas, aguas de pH neutro con dureza media y las aguas alcalinas y duras. Las aguas con valores pH neutros son las m\u00e1s comunes en los acuarios por varias razones: son m\u00e1s f\u00e1ciles de controlar, muchos peces se adaptan f\u00e1cilmente a esas condiciones y los comercios lo usan la mayor\u00eda de sus acuarios. Las aguas \u00e1cidas y blandas son las preferidas por los aficionados a los peces disco y tetras, mientras que las condiciones duras y alcalinas son elegidas para peces como los viv\u00edparos o los c\u00edclidos africanos. Neutral RegulatorTM ajusta y mantiene el valor pH siempre neutro (pH 7.0) tanto si el agua se encuentra en valores altos o bajos. Adem\u00e1s, ablanda el agua mediante la precipitaci\u00f3n del calcio y el magnesio al tiempo que elimina eficazmente el cloro, la cloramina y el amonio, el nitrito y el nitrato. Neutral RegulatorTM se puede a\u00f1adir al acuario en cualquier momento haciendo innecesario el uso de otros acondicionadores, ya que tambi\u00e9n estimula la producci\u00f3n de la mucosa protectora en los peces. Es un acondicionador seguro para cualquier pez aclimatado a valores neutros de pH. Una cucharada de t\u00e9 trata 80 litros. Para obtener valores pH estables distintos a 7.0 puede combinar Neutral RegulatorTM con Alkaline RegulatorTM, Acid RegulatorTM o Discus BufferTM.<\/p>\n<p>Producto: Neutral Regulator 250g. , Tama\u00f1o: 60 x 60 x 122 mm. (l x a x h), Peso: 0.300 (Kg.).<\/p>\n","protected":false},"excerpt":{"rendered":"<p>Neutral RegulatorTM ajusta y mantiene el valor pH siempre neutro (pH 7.0) tanto si el agua se encuentra en valores altos o bajos. Adem\u00e1s, ablanda el agua mediante la precipitaci\u00f3n del calcio y el magnesio al tiempo que elimina eficazmente el cloro, la cloramina y el amonio, el nitrito y el nitrato. Para obtener valores pH estables distintos a 7.0 puede combinar Neutral RegulatorTM con Alkaline RegulatorTM, Acid RegulatorTM o Discus BufferTM..<\/p>\n","protected":false},"featured_media":8959,"template":"","meta":[],"product_brand":[123],"product_cat":[40,41],"product_tag":[719,720],"class_list":{"0":"post-8958","1":"product","2":"type-product","3":"status-publish","4":"has-post-thumbnail","6":"product_brand-seachem","7":"product_cat-peces","8":"product_cat-acondicionadores","9":"product_tag-ajuste-de-ph-neutro","10":"product_tag-neutral-regulator","12":"first","13":"instock","14":"sale","15":"shipping-taxable","16":"purchasable","17":"product-type-simple"},"yoast_head":"<!-- This site is optimized with the Yoast SEO plugin v27.4 - https:\/\/yoast.com\/product\/yoast-seo-wordpress\/ -->\n<title>Neutral Regulator 250 g, Ajuste de pH Neutro. | Acuario Supremus<\/title>\n<meta name=\"description\" content=\"Neutral RegulatorTM ajusta y mantiene el valor pH siempre neutro (pH 7.0) tanto si el agua se encuentra en valores altos o bajos.\" \/>\n<meta name=\"robots\" content=\"index, follow, max-snippet:-1, max-image-preview:large, max-video-preview:-1\" \/>\n<link rel=\"canonical\" href=\"https:\/\/acuariosupremus.com\/?product=neutral-regulator-250-g-ajuste-de-ph-neutro\" \/>\n<meta property=\"og:locale\" content=\"es_MX\" \/>\n<meta property=\"og:type\" content=\"article\" \/>\n<meta property=\"og:title\" content=\"Neutral Regulator 250 g, Ajuste de pH Neutro. | Acuario Supremus\" \/>\n<meta property=\"og:description\" content=\"Neutral RegulatorTM ajusta y mantiene el valor pH siempre neutro (pH 7.0) tanto si el agua se encuentra en valores altos o bajos.\" \/>\n<meta property=\"og:url\" content=\"https:\/\/acuariosupremus.com\/?product=neutral-regulator-250-g-ajuste-de-ph-neutro\" \/>\n<meta property=\"og:site_name\" content=\"Acuario Supremus\" \/>\n<meta property=\"article:publisher\" content=\"https:\/\/www.facebook.com\/AcuarioSupremus\" \/>\n<meta property=\"article:modified_time\" content=\"2025-12-27T23:01:40+00:00\" \/>\n<meta property=\"og:image\" content=\"https:\/\/acuariosupremus.com\/wp-content\/uploads\/2022\/05\/seachem_neutral_regulator_01.jpg\" \/>\n\t<meta property=\"og:image:width\" content=\"1250\" \/>\n\t<meta property=\"og:image:height\" content=\"1250\" \/>\n\t<meta property=\"og:image:type\" content=\"image\/jpeg\" \/>\n<meta name=\"twitter:card\" content=\"summary_large_image\" \/>\n<meta name=\"twitter:site\" content=\"@AcuarioSupremus\" \/>\n<meta name=\"twitter:label1\" content=\"Tiempo de lectura\" \/>\n\t<meta name=\"twitter:data1\" content=\"2 minutos\" \/>\n<script type=\"application\/ld+json\" class=\"yoast-schema-graph\">{\"@context\":\"https:\\\/\\\/schema.org\",\"@graph\":[{\"@type\":\"WebPage\",\"@id\":\"https:\\\/\\\/acuariosupremus.com\\\/?product=neutral-regulator-250-g-ajuste-de-ph-neutro\",\"url\":\"https:\\\/\\\/acuariosupremus.com\\\/?product=neutral-regulator-250-g-ajuste-de-ph-neutro\",\"name\":\"Neutral Regulator 250 g, Ajuste de pH Neutro. | Acuario Supremus\",\"isPartOf\":{\"@id\":\"https:\\\/\\\/acuariosupremus.com\\\/#website\"},\"primaryImageOfPage\":{\"@id\":\"https:\\\/\\\/acuariosupremus.com\\\/?product=neutral-regulator-250-g-ajuste-de-ph-neutro#primaryimage\"},\"image\":{\"@id\":\"https:\\\/\\\/acuariosupremus.com\\\/?product=neutral-regulator-250-g-ajuste-de-ph-neutro#primaryimage\"},\"thumbnailUrl\":\"https:\\\/\\\/acuariosupremus.com\\\/wp-content\\\/uploads\\\/2022\\\/05\\\/seachem_neutral_regulator_01.jpg\",\"datePublished\":\"2022-05-09T19:22:51+00:00\",\"dateModified\":\"2025-12-27T23:01:40+00:00\",\"description\":\"Neutral RegulatorTM ajusta y mantiene el valor pH siempre neutro (pH 7.0) tanto si el agua se encuentra en valores altos o bajos.\",\"breadcrumb\":{\"@id\":\"https:\\\/\\\/acuariosupremus.com\\\/?product=neutral-regulator-250-g-ajuste-de-ph-neutro#breadcrumb\"},\"inLanguage\":\"es\",\"potentialAction\":[{\"@type\":\"ReadAction\",\"target\":[\"https:\\\/\\\/acuariosupremus.com\\\/?product=neutral-regulator-250-g-ajuste-de-ph-neutro\"]}]},{\"@type\":\"ImageObject\",\"inLanguage\":\"es\",\"@id\":\"https:\\\/\\\/acuariosupremus.com\\\/?product=neutral-regulator-250-g-ajuste-de-ph-neutro#primaryimage\",\"url\":\"https:\\\/\\\/acuariosupremus.com\\\/wp-content\\\/uploads\\\/2022\\\/05\\\/seachem_neutral_regulator_01.jpg\",\"contentUrl\":\"https:\\\/\\\/acuariosupremus.com\\\/wp-content\\\/uploads\\\/2022\\\/05\\\/seachem_neutral_regulator_01.jpg\",\"width\":1250,\"height\":1250},{\"@type\":\"BreadcrumbList\",\"@id\":\"https:\\\/\\\/acuariosupremus.com\\\/?product=neutral-regulator-250-g-ajuste-de-ph-neutro#breadcrumb\",\"itemListElement\":[{\"@type\":\"ListItem\",\"position\":1,\"name\":\"Portada\",\"item\":\"https:\\\/\\\/acuariosupremus.com\\\/\"},{\"@type\":\"ListItem\",\"position\":2,\"name\":\"Tienda\",\"item\":\"https:\\\/\\\/acuariosupremus.com\\\/tienda\\\/\"},{\"@type\":\"ListItem\",\"position\":3,\"name\":\"Neutral Regulator 250 g, Ajuste de pH Neutro.\"}]},{\"@type\":\"WebSite\",\"@id\":\"https:\\\/\\\/acuariosupremus.com\\\/#website\",\"url\":\"https:\\\/\\\/acuariosupremus.com\\\/\",\"name\":\"Acuario Supremus\",\"description\":\"Peces, Peceras y Mascotas.\",\"publisher\":{\"@id\":\"https:\\\/\\\/acuariosupremus.com\\\/#organization\"},\"potentialAction\":[{\"@type\":\"SearchAction\",\"target\":{\"@type\":\"EntryPoint\",\"urlTemplate\":\"https:\\\/\\\/acuariosupremus.com\\\/?s={search_term_string}\"},\"query-input\":{\"@type\":\"PropertyValueSpecification\",\"valueRequired\":true,\"valueName\":\"search_term_string\"}}],\"inLanguage\":\"es\"},{\"@type\":\"Organization\",\"@id\":\"https:\\\/\\\/acuariosupremus.com\\\/#organization\",\"name\":\"Acuario Supremus\",\"url\":\"https:\\\/\\\/acuariosupremus.com\\\/\",\"logo\":{\"@type\":\"ImageObject\",\"inLanguage\":\"es\",\"@id\":\"https:\\\/\\\/acuariosupremus.com\\\/#\\\/schema\\\/logo\\\/image\\\/\",\"url\":\"https:\\\/\\\/acuariosupremus.com\\\/wp-content\\\/uploads\\\/2021\\\/12\\\/cropped-logo_acuario_supremus_fn-2.png\",\"contentUrl\":\"https:\\\/\\\/acuariosupremus.com\\\/wp-content\\\/uploads\\\/2021\\\/12\\\/cropped-logo_acuario_supremus_fn-2.png\",\"width\":1000,\"height\":318,\"caption\":\"Acuario Supremus\"},\"image\":{\"@id\":\"https:\\\/\\\/acuariosupremus.com\\\/#\\\/schema\\\/logo\\\/image\\\/\"},\"sameAs\":[\"https:\\\/\\\/www.facebook.com\\\/AcuarioSupremus\",\"https:\\\/\\\/x.com\\\/AcuarioSupremus\",\"https:\\\/\\\/www.instagram.com\\\/acuariosupremus\\\/?hl=es\"]}]}<\/script>\n<!-- \/ Yoast SEO plugin. -->","yoast_head_json":{"title":"Neutral Regulator 250 g, Ajuste de pH Neutro. | Acuario Supremus","description":"Neutral RegulatorTM ajusta y mantiene el valor pH siempre neutro (pH 7.0) tanto si el agua se encuentra en valores altos o bajos.","robots":{"index":"index","follow":"follow","max-snippet":"max-snippet:-1","max-image-preview":"max-image-preview:large","max-video-preview":"max-video-preview:-1"},"canonical":"https:\/\/acuariosupremus.com\/?product=neutral-regulator-250-g-ajuste-de-ph-neutro","og_locale":"es_MX","og_type":"article","og_title":"Neutral Regulator 250 g, Ajuste de pH Neutro. | Acuario Supremus","og_description":"Neutral RegulatorTM ajusta y mantiene el valor pH siempre neutro (pH 7.0) tanto si el agua se encuentra en valores altos o bajos.","og_url":"https:\/\/acuariosupremus.com\/?product=neutral-regulator-250-g-ajuste-de-ph-neutro","og_site_name":"Acuario Supremus","article_publisher":"https:\/\/www.facebook.com\/AcuarioSupremus","article_modified_time":"2025-12-27T23:01:40+00:00","og_image":[{"width":1250,"height":1250,"url":"https:\/\/acuariosupremus.com\/wp-content\/uploads\/2022\/05\/seachem_neutral_regulator_01.jpg","type":"image\/jpeg"}],"twitter_card":"summary_large_image","twitter_site":"@AcuarioSupremus","twitter_misc":{"Tiempo de lectura":"2 minutos"},"schema":{"@context":"https:\/\/schema.org","@graph":[{"@type":"WebPage","@id":"https:\/\/acuariosupremus.com\/?product=neutral-regulator-250-g-ajuste-de-ph-neutro","url":"https:\/\/acuariosupremus.com\/?product=neutral-regulator-250-g-ajuste-de-ph-neutro","name":"Neutral Regulator 250 g, Ajuste de pH Neutro. | Acuario Supremus","isPartOf":{"@id":"https:\/\/acuariosupremus.com\/#website"},"primaryImageOfPage":{"@id":"https:\/\/acuariosupremus.com\/?product=neutral-regulator-250-g-ajuste-de-ph-neutro#primaryimage"},"image":{"@id":"https:\/\/acuariosupremus.com\/?product=neutral-regulator-250-g-ajuste-de-ph-neutro#primaryimage"},"thumbnailUrl":"https:\/\/acuariosupremus.com\/wp-content\/uploads\/2022\/05\/seachem_neutral_regulator_01.jpg","datePublished":"2022-05-09T19:22:51+00:00","dateModified":"2025-12-27T23:01:40+00:00","description":"Neutral RegulatorTM ajusta y mantiene el valor pH siempre neutro (pH 7.0) tanto si el agua se encuentra en valores altos o bajos.","breadcrumb":{"@id":"https:\/\/acuariosupremus.com\/?product=neutral-regulator-250-g-ajuste-de-ph-neutro#breadcrumb"},"inLanguage":"es","potentialAction":[{"@type":"ReadAction","target":["https:\/\/acuariosupremus.com\/?product=neutral-regulator-250-g-ajuste-de-ph-neutro"]}]},{"@type":"ImageObject","inLanguage":"es","@id":"https:\/\/acuariosupremus.com\/?product=neutral-regulator-250-g-ajuste-de-ph-neutro#primaryimage","url":"https:\/\/acuariosupremus.com\/wp-content\/uploads\/2022\/05\/seachem_neutral_regulator_01.jpg","contentUrl":"https:\/\/acuariosupremus.com\/wp-content\/uploads\/2022\/05\/seachem_neutral_regulator_01.jpg","width":1250,"height":1250},{"@type":"BreadcrumbList","@id":"https:\/\/acuariosupremus.com\/?product=neutral-regulator-250-g-ajuste-de-ph-neutro#breadcrumb","itemListElement":[{"@type":"ListItem","position":1,"name":"Portada","item":"https:\/\/acuariosupremus.com\/"},{"@type":"ListItem","position":2,"name":"Tienda","item":"https:\/\/acuariosupremus.com\/tienda\/"},{"@type":"ListItem","position":3,"name":"Neutral Regulator 250 g, Ajuste de pH Neutro."}]},{"@type":"WebSite","@id":"https:\/\/acuariosupremus.com\/#website","url":"https:\/\/acuariosupremus.com\/","name":"Acuario Supremus","description":"Peces, Peceras y Mascotas.","publisher":{"@id":"https:\/\/acuariosupremus.com\/#organization"},"potentialAction":[{"@type":"SearchAction","target":{"@type":"EntryPoint","urlTemplate":"https:\/\/acuariosupremus.com\/?s={search_term_string}"},"query-input":{"@type":"PropertyValueSpecification","valueRequired":true,"valueName":"search_term_string"}}],"inLanguage":"es"},{"@type":"Organization","@id":"https:\/\/acuariosupremus.com\/#organization","name":"Acuario Supremus","url":"https:\/\/acuariosupremus.com\/","logo":{"@type":"ImageObject","inLanguage":"es","@id":"https:\/\/acuariosupremus.com\/#\/schema\/logo\/image\/","url":"https:\/\/acuariosupremus.com\/wp-content\/uploads\/2021\/12\/cropped-logo_acuario_supremus_fn-2.png","contentUrl":"https:\/\/acuariosupremus.com\/wp-content\/uploads\/2021\/12\/cropped-logo_acuario_supremus_fn-2.png","width":1000,"height":318,"caption":"Acuario Supremus"},"image":{"@id":"https:\/\/acuariosupremus.com\/#\/schema\/logo\/image\/"},"sameAs":["https:\/\/www.facebook.com\/AcuarioSupremus","https:\/\/x.com\/AcuarioSupremus","https:\/\/www.instagram.com\/acuariosupremus\/?hl=es"]}]}},"jetpack_sharing_enabled":true,"_links":{"self":[{"href":"https:\/\/acuariosupremus.com\/index.php?rest_route=\/wp\/v2\/product\/8958","targetHints":{"allow":["GET"]}}],"collection":[{"href":"https:\/\/acuariosupremus.com\/index.php?rest_route=\/wp\/v2\/product"}],"about":[{"href":"https:\/\/acuariosupremus.com\/index.php?rest_route=\/wp\/v2\/types\/product"}],"wp:featuredmedia":[{"embeddable":true,"href":"https:\/\/acuariosupremus.com\/index.php?rest_route=\/wp\/v2\/media\/8959"}],"wp:attachment":[{"href":"https:\/\/acuariosupremus.com\/index.php?rest_route=%2Fwp%2Fv2%2Fmedia&parent=8958"}],"wp:term":[{"taxonomy":"product_brand","embeddable":true,"href":"https:\/\/acuariosupremus.com\/index.php?rest_route=%2Fwp%2Fv2%2Fproduct_brand&post=8958"},{"taxonomy":"product_cat","embeddable":true,"href":"https:\/\/acuariosupremus.com\/index.php?rest_route=%2Fwp%2Fv2%2Fproduct_cat&post=8958"},{"taxonomy":"product_tag","embeddable":true,"href":"https:\/\/acuariosupremus.com\/index.php?rest_route=%2Fwp%2Fv2%2Fproduct_tag&post=8958"}],"curies":[{"name":"wp","href":"https:\/\/api.w.org\/{rel}","templated":true}]}}