{"id":8997,"date":"2022-05-09T16:28:20","date_gmt":"2022-05-09T21:28:20","guid":{"rendered":"https:\/\/acuariosupremus.com\/?post_type=product&#038;p=8997"},"modified":"2025-12-27T17:10:26","modified_gmt":"2025-12-27T23:10:26","slug":"amguard-500-ml-eliminador-de-amoniaco","status":"publish","type":"product","link":"https:\/\/acuariosupremus.com\/?product=amguard-500-ml-eliminador-de-amoniaco","title":{"rendered":"AmGuard 500 ml, Eliminador de amoniaco."},"content":{"rendered":"<p>Los test tradicionales de medici\u00f3n transforman todo el amon\u00edaco a su estado libre elevando el valor pH de la muestra hasta 12 o 14. A este pH ning\u00fan producto eliminador de amon\u00edaco funciona correctamente, pudiendo dar como resultado una lectura positiva falsa. Use Ammonia Alert \u2122 o MultiTest\u00ae: Free &amp; Total Ammonia para monitorizar directamente los niveles de amoniaco libre. AmGuard \u2122 tambi\u00e9n elimina cloro y las cloraminas. AmGuard \u2122 es el eliminador de amoniaco l\u00edquido m\u00e1s potente del mercado. Funciona en minutos para destoxificar el amon\u00edaco libre, permaneciendo as\u00ed durante cuarenta y ocho horas.<br \/>\nPara eliminar el amoniaco a\u00f1ada un tap\u00f3n lleno por cada 200 litros de agua del acuario todos los d\u00edas hasta que el amonio desaparezca. Si cuenta con un test de medici\u00f3n continua Ammonia Alert TM y lo est\u00e1 usando a\u00f1ada un tap\u00f3n lleno por cada 400 litros de agua diariamente. Si detecta valores alarmantes puede duplicar la dosis, y si obtiene lecturas a niveles t\u00f3xicos puede a\u00f1adir un tap\u00f3n lleno cada 80 litros. Un tap\u00f3n lleno cada 40 litros elimina 1 mg\/L de amonio.<\/p>\n<p>Producto: AmGuard 500 ml. , Tama\u00f1o: 62 x 61 x 195 mm. (l x a x h), Peso: 0.590 (Kg.).<\/p>\n","protected":false},"excerpt":{"rendered":"<p>AmGuard \u2122 Elimina el t\u00f3xico amoniaco libre de forma segura, r\u00e1pida y eficiente. Es seguro usarlo en aquellos acuarios en su etapa de maduraci\u00f3n y es ideal para un tratamiento en situaciones de emergencia inesperadas. AmGuard\u2122 reacciona con el amon\u00edaco libre en minutos sin alterar el valor pH. El amon\u00edaco puede existir en dos formas: libre e i\u00f3nico, siendo solamente t\u00f3xico en su forma libre.<\/p>\n","protected":false},"featured_media":8998,"template":"","meta":[],"product_brand":[123],"product_cat":[40,41],"product_tag":[730,729],"class_list":{"0":"post-8997","1":"product","2":"type-product","3":"status-publish","4":"has-post-thumbnail","6":"product_brand-seachem","7":"product_cat-peces","8":"product_cat-acondicionadores","9":"product_tag-amguard","10":"product_tag-eliminador-de-amoniaco","12":"first","13":"instock","14":"sale","15":"shipping-taxable","16":"purchasable","17":"product-type-simple"},"yoast_head":"<!-- This site is optimized with the Yoast SEO plugin v27.4 - https:\/\/yoast.com\/product\/yoast-seo-wordpress\/ -->\n<title>AmGuard 500 ml, Eliminador de amoniaco. | Acuario Supremus<\/title>\n<meta name=\"description\" content=\"AmGuard \u2122 Elimina el t\u00f3xico amoniaco libre de forma segura, r\u00e1pida y eficiente, Es seguro usarlo en acuarios en su etapa de maduraci\u00f3n o en situaciones de emergencia.\" \/>\n<meta name=\"robots\" content=\"index, follow, max-snippet:-1, max-image-preview:large, max-video-preview:-1\" \/>\n<link rel=\"canonical\" href=\"https:\/\/acuariosupremus.com\/?product=amguard-500-ml-eliminador-de-amoniaco\" \/>\n<meta property=\"og:locale\" content=\"es_MX\" \/>\n<meta property=\"og:type\" content=\"article\" \/>\n<meta property=\"og:title\" content=\"AmGuard 500 ml, Eliminador de amoniaco. | Acuario Supremus\" \/>\n<meta property=\"og:description\" content=\"AmGuard \u2122 Elimina el t\u00f3xico amoniaco libre de forma segura, r\u00e1pida y eficiente, Es seguro usarlo en acuarios en su etapa de maduraci\u00f3n o en situaciones de emergencia.\" \/>\n<meta property=\"og:url\" content=\"https:\/\/acuariosupremus.com\/?product=amguard-500-ml-eliminador-de-amoniaco\" \/>\n<meta property=\"og:site_name\" content=\"Acuario Supremus\" \/>\n<meta property=\"article:publisher\" content=\"https:\/\/www.facebook.com\/AcuarioSupremus\" \/>\n<meta property=\"article:modified_time\" content=\"2025-12-27T23:10:26+00:00\" \/>\n<meta property=\"og:image\" content=\"https:\/\/acuariosupremus.com\/wp-content\/uploads\/2022\/05\/seachem_amguard_03.jpg\" \/>\n\t<meta property=\"og:image:width\" content=\"1250\" \/>\n\t<meta property=\"og:image:height\" content=\"1250\" \/>\n\t<meta property=\"og:image:type\" content=\"image\/jpeg\" \/>\n<meta name=\"twitter:card\" content=\"summary_large_image\" \/>\n<meta name=\"twitter:site\" content=\"@AcuarioSupremus\" \/>\n<meta name=\"twitter:label1\" content=\"Tiempo de lectura\" \/>\n\t<meta name=\"twitter:data1\" content=\"1 minuto\" \/>\n<script type=\"application\/ld+json\" class=\"yoast-schema-graph\">{\"@context\":\"https:\\\/\\\/schema.org\",\"@graph\":[{\"@type\":\"WebPage\",\"@id\":\"https:\\\/\\\/acuariosupremus.com\\\/?product=amguard-500-ml-eliminador-de-amoniaco\",\"url\":\"https:\\\/\\\/acuariosupremus.com\\\/?product=amguard-500-ml-eliminador-de-amoniaco\",\"name\":\"AmGuard 500 ml, Eliminador de amoniaco. | Acuario Supremus\",\"isPartOf\":{\"@id\":\"https:\\\/\\\/acuariosupremus.com\\\/#website\"},\"primaryImageOfPage\":{\"@id\":\"https:\\\/\\\/acuariosupremus.com\\\/?product=amguard-500-ml-eliminador-de-amoniaco#primaryimage\"},\"image\":{\"@id\":\"https:\\\/\\\/acuariosupremus.com\\\/?product=amguard-500-ml-eliminador-de-amoniaco#primaryimage\"},\"thumbnailUrl\":\"https:\\\/\\\/acuariosupremus.com\\\/wp-content\\\/uploads\\\/2022\\\/05\\\/seachem_amguard_03.jpg\",\"datePublished\":\"2022-05-09T21:28:20+00:00\",\"dateModified\":\"2025-12-27T23:10:26+00:00\",\"description\":\"AmGuard \u2122 Elimina el t\u00f3xico amoniaco libre de forma segura, r\u00e1pida y eficiente, Es seguro usarlo en acuarios en su etapa de maduraci\u00f3n o en situaciones de emergencia.\",\"breadcrumb\":{\"@id\":\"https:\\\/\\\/acuariosupremus.com\\\/?product=amguard-500-ml-eliminador-de-amoniaco#breadcrumb\"},\"inLanguage\":\"es\",\"potentialAction\":[{\"@type\":\"ReadAction\",\"target\":[\"https:\\\/\\\/acuariosupremus.com\\\/?product=amguard-500-ml-eliminador-de-amoniaco\"]}]},{\"@type\":\"ImageObject\",\"inLanguage\":\"es\",\"@id\":\"https:\\\/\\\/acuariosupremus.com\\\/?product=amguard-500-ml-eliminador-de-amoniaco#primaryimage\",\"url\":\"https:\\\/\\\/acuariosupremus.com\\\/wp-content\\\/uploads\\\/2022\\\/05\\\/seachem_amguard_03.jpg\",\"contentUrl\":\"https:\\\/\\\/acuariosupremus.com\\\/wp-content\\\/uploads\\\/2022\\\/05\\\/seachem_amguard_03.jpg\",\"width\":1250,\"height\":1250},{\"@type\":\"BreadcrumbList\",\"@id\":\"https:\\\/\\\/acuariosupremus.com\\\/?product=amguard-500-ml-eliminador-de-amoniaco#breadcrumb\",\"itemListElement\":[{\"@type\":\"ListItem\",\"position\":1,\"name\":\"Portada\",\"item\":\"https:\\\/\\\/acuariosupremus.com\\\/\"},{\"@type\":\"ListItem\",\"position\":2,\"name\":\"Tienda\",\"item\":\"https:\\\/\\\/acuariosupremus.com\\\/tienda\\\/\"},{\"@type\":\"ListItem\",\"position\":3,\"name\":\"AmGuard 500 ml, Eliminador de amoniaco.\"}]},{\"@type\":\"WebSite\",\"@id\":\"https:\\\/\\\/acuariosupremus.com\\\/#website\",\"url\":\"https:\\\/\\\/acuariosupremus.com\\\/\",\"name\":\"Acuario Supremus\",\"description\":\"Peces, Peceras y Mascotas.\",\"publisher\":{\"@id\":\"https:\\\/\\\/acuariosupremus.com\\\/#organization\"},\"potentialAction\":[{\"@type\":\"SearchAction\",\"target\":{\"@type\":\"EntryPoint\",\"urlTemplate\":\"https:\\\/\\\/acuariosupremus.com\\\/?s={search_term_string}\"},\"query-input\":{\"@type\":\"PropertyValueSpecification\",\"valueRequired\":true,\"valueName\":\"search_term_string\"}}],\"inLanguage\":\"es\"},{\"@type\":\"Organization\",\"@id\":\"https:\\\/\\\/acuariosupremus.com\\\/#organization\",\"name\":\"Acuario Supremus\",\"url\":\"https:\\\/\\\/acuariosupremus.com\\\/\",\"logo\":{\"@type\":\"ImageObject\",\"inLanguage\":\"es\",\"@id\":\"https:\\\/\\\/acuariosupremus.com\\\/#\\\/schema\\\/logo\\\/image\\\/\",\"url\":\"https:\\\/\\\/acuariosupremus.com\\\/wp-content\\\/uploads\\\/2021\\\/12\\\/cropped-logo_acuario_supremus_fn-2.png\",\"contentUrl\":\"https:\\\/\\\/acuariosupremus.com\\\/wp-content\\\/uploads\\\/2021\\\/12\\\/cropped-logo_acuario_supremus_fn-2.png\",\"width\":1000,\"height\":318,\"caption\":\"Acuario Supremus\"},\"image\":{\"@id\":\"https:\\\/\\\/acuariosupremus.com\\\/#\\\/schema\\\/logo\\\/image\\\/\"},\"sameAs\":[\"https:\\\/\\\/www.facebook.com\\\/AcuarioSupremus\",\"https:\\\/\\\/x.com\\\/AcuarioSupremus\",\"https:\\\/\\\/www.instagram.com\\\/acuariosupremus\\\/?hl=es\"]}]}<\/script>\n<!-- \/ Yoast SEO plugin. -->","yoast_head_json":{"title":"AmGuard 500 ml, Eliminador de amoniaco. | Acuario Supremus","description":"AmGuard \u2122 Elimina el t\u00f3xico amoniaco libre de forma segura, r\u00e1pida y eficiente, Es seguro usarlo en acuarios en su etapa de maduraci\u00f3n o en situaciones de emergencia.","robots":{"index":"index","follow":"follow","max-snippet":"max-snippet:-1","max-image-preview":"max-image-preview:large","max-video-preview":"max-video-preview:-1"},"canonical":"https:\/\/acuariosupremus.com\/?product=amguard-500-ml-eliminador-de-amoniaco","og_locale":"es_MX","og_type":"article","og_title":"AmGuard 500 ml, Eliminador de amoniaco. | Acuario Supremus","og_description":"AmGuard \u2122 Elimina el t\u00f3xico amoniaco libre de forma segura, r\u00e1pida y eficiente, Es seguro usarlo en acuarios en su etapa de maduraci\u00f3n o en situaciones de emergencia.","og_url":"https:\/\/acuariosupremus.com\/?product=amguard-500-ml-eliminador-de-amoniaco","og_site_name":"Acuario Supremus","article_publisher":"https:\/\/www.facebook.com\/AcuarioSupremus","article_modified_time":"2025-12-27T23:10:26+00:00","og_image":[{"width":1250,"height":1250,"url":"https:\/\/acuariosupremus.com\/wp-content\/uploads\/2022\/05\/seachem_amguard_03.jpg","type":"image\/jpeg"}],"twitter_card":"summary_large_image","twitter_site":"@AcuarioSupremus","twitter_misc":{"Tiempo de lectura":"1 minuto"},"schema":{"@context":"https:\/\/schema.org","@graph":[{"@type":"WebPage","@id":"https:\/\/acuariosupremus.com\/?product=amguard-500-ml-eliminador-de-amoniaco","url":"https:\/\/acuariosupremus.com\/?product=amguard-500-ml-eliminador-de-amoniaco","name":"AmGuard 500 ml, Eliminador de amoniaco. | Acuario Supremus","isPartOf":{"@id":"https:\/\/acuariosupremus.com\/#website"},"primaryImageOfPage":{"@id":"https:\/\/acuariosupremus.com\/?product=amguard-500-ml-eliminador-de-amoniaco#primaryimage"},"image":{"@id":"https:\/\/acuariosupremus.com\/?product=amguard-500-ml-eliminador-de-amoniaco#primaryimage"},"thumbnailUrl":"https:\/\/acuariosupremus.com\/wp-content\/uploads\/2022\/05\/seachem_amguard_03.jpg","datePublished":"2022-05-09T21:28:20+00:00","dateModified":"2025-12-27T23:10:26+00:00","description":"AmGuard \u2122 Elimina el t\u00f3xico amoniaco libre de forma segura, r\u00e1pida y eficiente, Es seguro usarlo en acuarios en su etapa de maduraci\u00f3n o en situaciones de emergencia.","breadcrumb":{"@id":"https:\/\/acuariosupremus.com\/?product=amguard-500-ml-eliminador-de-amoniaco#breadcrumb"},"inLanguage":"es","potentialAction":[{"@type":"ReadAction","target":["https:\/\/acuariosupremus.com\/?product=amguard-500-ml-eliminador-de-amoniaco"]}]},{"@type":"ImageObject","inLanguage":"es","@id":"https:\/\/acuariosupremus.com\/?product=amguard-500-ml-eliminador-de-amoniaco#primaryimage","url":"https:\/\/acuariosupremus.com\/wp-content\/uploads\/2022\/05\/seachem_amguard_03.jpg","contentUrl":"https:\/\/acuariosupremus.com\/wp-content\/uploads\/2022\/05\/seachem_amguard_03.jpg","width":1250,"height":1250},{"@type":"BreadcrumbList","@id":"https:\/\/acuariosupremus.com\/?product=amguard-500-ml-eliminador-de-amoniaco#breadcrumb","itemListElement":[{"@type":"ListItem","position":1,"name":"Portada","item":"https:\/\/acuariosupremus.com\/"},{"@type":"ListItem","position":2,"name":"Tienda","item":"https:\/\/acuariosupremus.com\/tienda\/"},{"@type":"ListItem","position":3,"name":"AmGuard 500 ml, Eliminador de amoniaco."}]},{"@type":"WebSite","@id":"https:\/\/acuariosupremus.com\/#website","url":"https:\/\/acuariosupremus.com\/","name":"Acuario Supremus","description":"Peces, Peceras y Mascotas.","publisher":{"@id":"https:\/\/acuariosupremus.com\/#organization"},"potentialAction":[{"@type":"SearchAction","target":{"@type":"EntryPoint","urlTemplate":"https:\/\/acuariosupremus.com\/?s={search_term_string}"},"query-input":{"@type":"PropertyValueSpecification","valueRequired":true,"valueName":"search_term_string"}}],"inLanguage":"es"},{"@type":"Organization","@id":"https:\/\/acuariosupremus.com\/#organization","name":"Acuario Supremus","url":"https:\/\/acuariosupremus.com\/","logo":{"@type":"ImageObject","inLanguage":"es","@id":"https:\/\/acuariosupremus.com\/#\/schema\/logo\/image\/","url":"https:\/\/acuariosupremus.com\/wp-content\/uploads\/2021\/12\/cropped-logo_acuario_supremus_fn-2.png","contentUrl":"https:\/\/acuariosupremus.com\/wp-content\/uploads\/2021\/12\/cropped-logo_acuario_supremus_fn-2.png","width":1000,"height":318,"caption":"Acuario Supremus"},"image":{"@id":"https:\/\/acuariosupremus.com\/#\/schema\/logo\/image\/"},"sameAs":["https:\/\/www.facebook.com\/AcuarioSupremus","https:\/\/x.com\/AcuarioSupremus","https:\/\/www.instagram.com\/acuariosupremus\/?hl=es"]}]}},"jetpack_sharing_enabled":true,"_links":{"self":[{"href":"https:\/\/acuariosupremus.com\/index.php?rest_route=\/wp\/v2\/product\/8997","targetHints":{"allow":["GET"]}}],"collection":[{"href":"https:\/\/acuariosupremus.com\/index.php?rest_route=\/wp\/v2\/product"}],"about":[{"href":"https:\/\/acuariosupremus.com\/index.php?rest_route=\/wp\/v2\/types\/product"}],"wp:featuredmedia":[{"embeddable":true,"href":"https:\/\/acuariosupremus.com\/index.php?rest_route=\/wp\/v2\/media\/8998"}],"wp:attachment":[{"href":"https:\/\/acuariosupremus.com\/index.php?rest_route=%2Fwp%2Fv2%2Fmedia&parent=8997"}],"wp:term":[{"taxonomy":"product_brand","embeddable":true,"href":"https:\/\/acuariosupremus.com\/index.php?rest_route=%2Fwp%2Fv2%2Fproduct_brand&post=8997"},{"taxonomy":"product_cat","embeddable":true,"href":"https:\/\/acuariosupremus.com\/index.php?rest_route=%2Fwp%2Fv2%2Fproduct_cat&post=8997"},{"taxonomy":"product_tag","embeddable":true,"href":"https:\/\/acuariosupremus.com\/index.php?rest_route=%2Fwp%2Fv2%2Fproduct_tag&post=8997"}],"curies":[{"name":"wp","href":"https:\/\/api.w.org\/{rel}","templated":true}]}}