{"id":9015,"date":"2022-05-09T17:23:25","date_gmt":"2022-05-09T22:23:25","guid":{"rendered":"https:\/\/acuariosupremus.com\/?post_type=product&#038;p=9015"},"modified":"2025-12-27T17:13:36","modified_gmt":"2025-12-27T23:13:36","slug":"replenish-100-ml-minerales-y-electrolitos","status":"publish","type":"product","link":"https:\/\/acuariosupremus.com\/?product=replenish-100-ml-minerales-y-electrolitos","title":{"rendered":"Replenish 100 ml, Minerales y electrolitos."},"content":{"rendered":"<p>Este contenido mineral es esencial ya que una falta completa de minerales dar\u00e1 lugar a un estr\u00e9s osm\u00f3tico en aquellas especies cuyos sistemas de osmoregulaci\u00f3n est\u00e1n adaptados a un entorno rico en minerales. El estr\u00e9s osm\u00f3tico se produce cuando los peces son mantenidos en agua con niveles de minerales demasiado altos o demasiado bajos, afectando m\u00e1s seriamente a aquellos peces cuyo h\u00e1bitat natural es rico en minerales. Si mantenemos peces de aguas duras en un acuario con un bajo nivel de minerales, aumentamos los gradientes osm\u00f3ticos (la diferencia) entre los fluidos internos del pez y su entorno (el agua) y estos peces no ser\u00e1n capaces de hacer frente a la sobrecarga de osmoregulaci\u00f3n. Esto causa una p\u00e9rdida de salud y en muchos casos la muerte.<br \/>\nA\u00f1ada 5 ml (1 tap\u00f3n lleno) de Replenish\u2122 por cada 40L de agua para aumentar la dureza en 2.8 dGH (1 meq\/l). El Nivel de reposici\u00f3n recomendado para agua de \u00f3smosis inversa o desmineralizada es de 3 a 6 dGH (1-2 meq\/l), que equivale a 5 ml por cada 20-40 litros de agua.<\/p>\n<p>Producto: Replenish 100ml. , Tama\u00f1o: 40 x 40 x 123 mm. (l x a x h), Peso: 0.190 (Kg.).<\/p>\n","protected":false},"excerpt":{"rendered":"<p>Replenish \u2122 es una mezcla patentada de sales dise\u00f1ada para reponer minerales fisiol\u00f3gicamente relevantes que son eliminados por los filtros de \u00f3smosis inversa o sistemas de desionizaci\u00f3n del agua que usamos para los acuarios. Replenish \u2122 restaura la dureza general (GH) utilizando una mezcla balanceada tanto de las sales minerales &#8220;suaves&#8221; (sodio, potasio) como de las &#8220;duras&#8221; (calcio, magnesio).<\/p>\n","protected":false},"featured_media":9016,"template":"","meta":[],"product_brand":[123],"product_cat":[40,41],"product_tag":[732,733],"class_list":{"0":"post-9015","1":"product","2":"type-product","3":"status-publish","4":"has-post-thumbnail","6":"product_brand-seachem","7":"product_cat-peces","8":"product_cat-acondicionadores","9":"product_tag-minerales-y-electrolitos","10":"product_tag-replenish","12":"first","13":"instock","14":"sale","15":"shipping-taxable","16":"purchasable","17":"product-type-simple"},"yoast_head":"<!-- This site is optimized with the Yoast SEO plugin v27.4 - https:\/\/yoast.com\/product\/yoast-seo-wordpress\/ -->\n<title>Replenish 100 ml, Minerales y electrolitos. | Acuario Supremus<\/title>\n<meta name=\"description\" content=\"Replenish \u2122 restaura la dureza general (GH) utilizando una mezcla balanceada tanto de las sales minerales &quot;suaves&quot; (sodio, potasio) como de las &quot;duras&quot; (calcio, magnesio).\" \/>\n<meta name=\"robots\" content=\"index, follow, max-snippet:-1, max-image-preview:large, max-video-preview:-1\" \/>\n<link rel=\"canonical\" href=\"https:\/\/acuariosupremus.com\/?product=replenish-100-ml-minerales-y-electrolitos\" \/>\n<meta property=\"og:locale\" content=\"es_MX\" \/>\n<meta property=\"og:type\" content=\"article\" \/>\n<meta property=\"og:title\" content=\"Replenish 100 ml, Minerales y electrolitos. | Acuario Supremus\" \/>\n<meta property=\"og:description\" content=\"Replenish \u2122 restaura la dureza general (GH) utilizando una mezcla balanceada tanto de las sales minerales &quot;suaves&quot; (sodio, potasio) como de las &quot;duras&quot; (calcio, magnesio).\" \/>\n<meta property=\"og:url\" content=\"https:\/\/acuariosupremus.com\/?product=replenish-100-ml-minerales-y-electrolitos\" \/>\n<meta property=\"og:site_name\" content=\"Acuario Supremus\" \/>\n<meta property=\"article:publisher\" content=\"https:\/\/www.facebook.com\/AcuarioSupremus\" \/>\n<meta property=\"article:modified_time\" content=\"2025-12-27T23:13:36+00:00\" \/>\n<meta property=\"og:image\" content=\"https:\/\/acuariosupremus.com\/wp-content\/uploads\/2022\/05\/seachem_replenish_02.jpg\" \/>\n\t<meta property=\"og:image:width\" content=\"1250\" \/>\n\t<meta property=\"og:image:height\" content=\"1250\" \/>\n\t<meta property=\"og:image:type\" content=\"image\/jpeg\" \/>\n<meta name=\"twitter:card\" content=\"summary_large_image\" \/>\n<meta name=\"twitter:site\" content=\"@AcuarioSupremus\" \/>\n<meta name=\"twitter:label1\" content=\"Tiempo de lectura\" \/>\n\t<meta name=\"twitter:data1\" content=\"1 minuto\" \/>\n<script type=\"application\/ld+json\" class=\"yoast-schema-graph\">{\"@context\":\"https:\\\/\\\/schema.org\",\"@graph\":[{\"@type\":\"WebPage\",\"@id\":\"https:\\\/\\\/acuariosupremus.com\\\/?product=replenish-100-ml-minerales-y-electrolitos\",\"url\":\"https:\\\/\\\/acuariosupremus.com\\\/?product=replenish-100-ml-minerales-y-electrolitos\",\"name\":\"Replenish 100 ml, Minerales y electrolitos. | Acuario Supremus\",\"isPartOf\":{\"@id\":\"https:\\\/\\\/acuariosupremus.com\\\/#website\"},\"primaryImageOfPage\":{\"@id\":\"https:\\\/\\\/acuariosupremus.com\\\/?product=replenish-100-ml-minerales-y-electrolitos#primaryimage\"},\"image\":{\"@id\":\"https:\\\/\\\/acuariosupremus.com\\\/?product=replenish-100-ml-minerales-y-electrolitos#primaryimage\"},\"thumbnailUrl\":\"https:\\\/\\\/acuariosupremus.com\\\/wp-content\\\/uploads\\\/2022\\\/05\\\/seachem_replenish_02.jpg\",\"datePublished\":\"2022-05-09T22:23:25+00:00\",\"dateModified\":\"2025-12-27T23:13:36+00:00\",\"description\":\"Replenish \u2122 restaura la dureza general (GH) utilizando una mezcla balanceada tanto de las sales minerales \\\"suaves\\\" (sodio, potasio) como de las \\\"duras\\\" (calcio, magnesio).\",\"breadcrumb\":{\"@id\":\"https:\\\/\\\/acuariosupremus.com\\\/?product=replenish-100-ml-minerales-y-electrolitos#breadcrumb\"},\"inLanguage\":\"es\",\"potentialAction\":[{\"@type\":\"ReadAction\",\"target\":[\"https:\\\/\\\/acuariosupremus.com\\\/?product=replenish-100-ml-minerales-y-electrolitos\"]}]},{\"@type\":\"ImageObject\",\"inLanguage\":\"es\",\"@id\":\"https:\\\/\\\/acuariosupremus.com\\\/?product=replenish-100-ml-minerales-y-electrolitos#primaryimage\",\"url\":\"https:\\\/\\\/acuariosupremus.com\\\/wp-content\\\/uploads\\\/2022\\\/05\\\/seachem_replenish_02.jpg\",\"contentUrl\":\"https:\\\/\\\/acuariosupremus.com\\\/wp-content\\\/uploads\\\/2022\\\/05\\\/seachem_replenish_02.jpg\",\"width\":1250,\"height\":1250},{\"@type\":\"BreadcrumbList\",\"@id\":\"https:\\\/\\\/acuariosupremus.com\\\/?product=replenish-100-ml-minerales-y-electrolitos#breadcrumb\",\"itemListElement\":[{\"@type\":\"ListItem\",\"position\":1,\"name\":\"Portada\",\"item\":\"https:\\\/\\\/acuariosupremus.com\\\/\"},{\"@type\":\"ListItem\",\"position\":2,\"name\":\"Tienda\",\"item\":\"https:\\\/\\\/acuariosupremus.com\\\/tienda\\\/\"},{\"@type\":\"ListItem\",\"position\":3,\"name\":\"Replenish 100 ml, Minerales y electrolitos.\"}]},{\"@type\":\"WebSite\",\"@id\":\"https:\\\/\\\/acuariosupremus.com\\\/#website\",\"url\":\"https:\\\/\\\/acuariosupremus.com\\\/\",\"name\":\"Acuario Supremus\",\"description\":\"Peces, Peceras y Mascotas.\",\"publisher\":{\"@id\":\"https:\\\/\\\/acuariosupremus.com\\\/#organization\"},\"potentialAction\":[{\"@type\":\"SearchAction\",\"target\":{\"@type\":\"EntryPoint\",\"urlTemplate\":\"https:\\\/\\\/acuariosupremus.com\\\/?s={search_term_string}\"},\"query-input\":{\"@type\":\"PropertyValueSpecification\",\"valueRequired\":true,\"valueName\":\"search_term_string\"}}],\"inLanguage\":\"es\"},{\"@type\":\"Organization\",\"@id\":\"https:\\\/\\\/acuariosupremus.com\\\/#organization\",\"name\":\"Acuario Supremus\",\"url\":\"https:\\\/\\\/acuariosupremus.com\\\/\",\"logo\":{\"@type\":\"ImageObject\",\"inLanguage\":\"es\",\"@id\":\"https:\\\/\\\/acuariosupremus.com\\\/#\\\/schema\\\/logo\\\/image\\\/\",\"url\":\"https:\\\/\\\/acuariosupremus.com\\\/wp-content\\\/uploads\\\/2021\\\/12\\\/cropped-logo_acuario_supremus_fn-2.png\",\"contentUrl\":\"https:\\\/\\\/acuariosupremus.com\\\/wp-content\\\/uploads\\\/2021\\\/12\\\/cropped-logo_acuario_supremus_fn-2.png\",\"width\":1000,\"height\":318,\"caption\":\"Acuario Supremus\"},\"image\":{\"@id\":\"https:\\\/\\\/acuariosupremus.com\\\/#\\\/schema\\\/logo\\\/image\\\/\"},\"sameAs\":[\"https:\\\/\\\/www.facebook.com\\\/AcuarioSupremus\",\"https:\\\/\\\/x.com\\\/AcuarioSupremus\",\"https:\\\/\\\/www.instagram.com\\\/acuariosupremus\\\/?hl=es\"]}]}<\/script>\n<!-- \/ Yoast SEO plugin. -->","yoast_head_json":{"title":"Replenish 100 ml, Minerales y electrolitos. | Acuario Supremus","description":"Replenish \u2122 restaura la dureza general (GH) utilizando una mezcla balanceada tanto de las sales minerales \"suaves\" (sodio, potasio) como de las \"duras\" (calcio, magnesio).","robots":{"index":"index","follow":"follow","max-snippet":"max-snippet:-1","max-image-preview":"max-image-preview:large","max-video-preview":"max-video-preview:-1"},"canonical":"https:\/\/acuariosupremus.com\/?product=replenish-100-ml-minerales-y-electrolitos","og_locale":"es_MX","og_type":"article","og_title":"Replenish 100 ml, Minerales y electrolitos. | Acuario Supremus","og_description":"Replenish \u2122 restaura la dureza general (GH) utilizando una mezcla balanceada tanto de las sales minerales \"suaves\" (sodio, potasio) como de las \"duras\" (calcio, magnesio).","og_url":"https:\/\/acuariosupremus.com\/?product=replenish-100-ml-minerales-y-electrolitos","og_site_name":"Acuario Supremus","article_publisher":"https:\/\/www.facebook.com\/AcuarioSupremus","article_modified_time":"2025-12-27T23:13:36+00:00","og_image":[{"width":1250,"height":1250,"url":"https:\/\/acuariosupremus.com\/wp-content\/uploads\/2022\/05\/seachem_replenish_02.jpg","type":"image\/jpeg"}],"twitter_card":"summary_large_image","twitter_site":"@AcuarioSupremus","twitter_misc":{"Tiempo de lectura":"1 minuto"},"schema":{"@context":"https:\/\/schema.org","@graph":[{"@type":"WebPage","@id":"https:\/\/acuariosupremus.com\/?product=replenish-100-ml-minerales-y-electrolitos","url":"https:\/\/acuariosupremus.com\/?product=replenish-100-ml-minerales-y-electrolitos","name":"Replenish 100 ml, Minerales y electrolitos. | Acuario Supremus","isPartOf":{"@id":"https:\/\/acuariosupremus.com\/#website"},"primaryImageOfPage":{"@id":"https:\/\/acuariosupremus.com\/?product=replenish-100-ml-minerales-y-electrolitos#primaryimage"},"image":{"@id":"https:\/\/acuariosupremus.com\/?product=replenish-100-ml-minerales-y-electrolitos#primaryimage"},"thumbnailUrl":"https:\/\/acuariosupremus.com\/wp-content\/uploads\/2022\/05\/seachem_replenish_02.jpg","datePublished":"2022-05-09T22:23:25+00:00","dateModified":"2025-12-27T23:13:36+00:00","description":"Replenish \u2122 restaura la dureza general (GH) utilizando una mezcla balanceada tanto de las sales minerales \"suaves\" (sodio, potasio) como de las \"duras\" (calcio, magnesio).","breadcrumb":{"@id":"https:\/\/acuariosupremus.com\/?product=replenish-100-ml-minerales-y-electrolitos#breadcrumb"},"inLanguage":"es","potentialAction":[{"@type":"ReadAction","target":["https:\/\/acuariosupremus.com\/?product=replenish-100-ml-minerales-y-electrolitos"]}]},{"@type":"ImageObject","inLanguage":"es","@id":"https:\/\/acuariosupremus.com\/?product=replenish-100-ml-minerales-y-electrolitos#primaryimage","url":"https:\/\/acuariosupremus.com\/wp-content\/uploads\/2022\/05\/seachem_replenish_02.jpg","contentUrl":"https:\/\/acuariosupremus.com\/wp-content\/uploads\/2022\/05\/seachem_replenish_02.jpg","width":1250,"height":1250},{"@type":"BreadcrumbList","@id":"https:\/\/acuariosupremus.com\/?product=replenish-100-ml-minerales-y-electrolitos#breadcrumb","itemListElement":[{"@type":"ListItem","position":1,"name":"Portada","item":"https:\/\/acuariosupremus.com\/"},{"@type":"ListItem","position":2,"name":"Tienda","item":"https:\/\/acuariosupremus.com\/tienda\/"},{"@type":"ListItem","position":3,"name":"Replenish 100 ml, Minerales y electrolitos."}]},{"@type":"WebSite","@id":"https:\/\/acuariosupremus.com\/#website","url":"https:\/\/acuariosupremus.com\/","name":"Acuario Supremus","description":"Peces, Peceras y Mascotas.","publisher":{"@id":"https:\/\/acuariosupremus.com\/#organization"},"potentialAction":[{"@type":"SearchAction","target":{"@type":"EntryPoint","urlTemplate":"https:\/\/acuariosupremus.com\/?s={search_term_string}"},"query-input":{"@type":"PropertyValueSpecification","valueRequired":true,"valueName":"search_term_string"}}],"inLanguage":"es"},{"@type":"Organization","@id":"https:\/\/acuariosupremus.com\/#organization","name":"Acuario Supremus","url":"https:\/\/acuariosupremus.com\/","logo":{"@type":"ImageObject","inLanguage":"es","@id":"https:\/\/acuariosupremus.com\/#\/schema\/logo\/image\/","url":"https:\/\/acuariosupremus.com\/wp-content\/uploads\/2021\/12\/cropped-logo_acuario_supremus_fn-2.png","contentUrl":"https:\/\/acuariosupremus.com\/wp-content\/uploads\/2021\/12\/cropped-logo_acuario_supremus_fn-2.png","width":1000,"height":318,"caption":"Acuario Supremus"},"image":{"@id":"https:\/\/acuariosupremus.com\/#\/schema\/logo\/image\/"},"sameAs":["https:\/\/www.facebook.com\/AcuarioSupremus","https:\/\/x.com\/AcuarioSupremus","https:\/\/www.instagram.com\/acuariosupremus\/?hl=es"]}]}},"jetpack_sharing_enabled":true,"_links":{"self":[{"href":"https:\/\/acuariosupremus.com\/index.php?rest_route=\/wp\/v2\/product\/9015","targetHints":{"allow":["GET"]}}],"collection":[{"href":"https:\/\/acuariosupremus.com\/index.php?rest_route=\/wp\/v2\/product"}],"about":[{"href":"https:\/\/acuariosupremus.com\/index.php?rest_route=\/wp\/v2\/types\/product"}],"wp:featuredmedia":[{"embeddable":true,"href":"https:\/\/acuariosupremus.com\/index.php?rest_route=\/wp\/v2\/media\/9016"}],"wp:attachment":[{"href":"https:\/\/acuariosupremus.com\/index.php?rest_route=%2Fwp%2Fv2%2Fmedia&parent=9015"}],"wp:term":[{"taxonomy":"product_brand","embeddable":true,"href":"https:\/\/acuariosupremus.com\/index.php?rest_route=%2Fwp%2Fv2%2Fproduct_brand&post=9015"},{"taxonomy":"product_cat","embeddable":true,"href":"https:\/\/acuariosupremus.com\/index.php?rest_route=%2Fwp%2Fv2%2Fproduct_cat&post=9015"},{"taxonomy":"product_tag","embeddable":true,"href":"https:\/\/acuariosupremus.com\/index.php?rest_route=%2Fwp%2Fv2%2Fproduct_tag&post=9015"}],"curies":[{"name":"wp","href":"https:\/\/api.w.org\/{rel}","templated":true}]}}