{"id":9040,"date":"2022-05-10T14:12:40","date_gmt":"2022-05-10T19:12:40","guid":{"rendered":"https:\/\/acuariosupremus.com\/?post_type=product&#038;p=9040"},"modified":"2025-12-27T17:21:34","modified_gmt":"2025-12-27T23:21:34","slug":"reef-complete-250-ml-suplemento-de-calcio-carbonato-magnesio","status":"publish","type":"product","link":"https:\/\/acuariosupremus.com\/?product=reef-complete-250-ml-suplemento-de-calcio-carbonato-magnesio","title":{"rendered":"Reef Complete 250 ml, Suplemento de calcio, Carbonato, magnesio."},"content":{"rendered":"<p>El calcio y los carbonatos son esenciales para el desarrollo coralino. Si cualquiera de estos elementos llegase a ser deficiente el crecimiento de los corales se detendr\u00eda, seguido por un r\u00e1pido deterioro en la salud de sus p\u00f3lipos. Para evitar este proceso negativo debe proporcionar calcio con Reef Complete \u00ae y carbonatos con Reef Builder \u2122 o Reef carbonate \u2122. Reef Complete \u00ae es una mezcla optimizada de calcio i\u00f3nico concentrado (160.000 mg\/L) formulado para restaurar y mantener el calcio de los acuarios de arrecife en los mismos niveles encontrados en agua natural de mar sin afectar el valor pH. Reef Complete \u00ae tambi\u00e9n incluye magnesio y estroncio en cantidades proporcionales a los coeficientes de utilizaci\u00f3n t\u00edpicos (100:5:0.1, Ca:Mg:Sr). Esto permite mantener estos dos importantes elementos junto con el calcio sin precipitaciones indeseadas. Reef Complete \u00ae es una mezcla compleja y no simplemente cloruro de calcio. El cloruro de calcio comercialmente disponible contiene amon\u00edaco en su f\u00f3rmula. A diferencia de otros suplementos de calcio i\u00f3nico, Reef Complete \u00ae se elabora a un pH m\u00e1s alto para forzar al gas de amon\u00edaco a evaporarse en aire. Adem\u00e1s, Reef Complete \u00ae contiene 160,000 ppm de calcio, siendo m\u00e1s concentrado que cualquier otro aditivo de calcio l\u00edquido en el mercado.<br \/>\nA\u00f1ada un tap\u00f3n lleno del envase (5 ml) por cada 80 litros dos veces por semana. Compruebe los niveles de calcio cada 2 semanas, ajustando la cantidad o frecuencia necesarias para mantener estable un nivel de entre 380 \u2013 420 ppm.<\/p>\n<p>Producto: Reef Complete 250 ml. Tama\u00f1o: 50 x 50 x 163 mm.(l x a x h) Peso: 0.390 (Kg.).<\/p>\n","protected":false},"excerpt":{"rendered":"<p>Reef Complete \u00ae es una mezcla optimizada de calcio i\u00f3nico concentrado (160.000 mg\/L) formulado para restaurar y mantener el calcio de los acuarios de arrecife en los mismos niveles encontrados en agua natural de mar sin afectar el valor pH. Reef Complete \u00ae tambi\u00e9n incluye magnesio y estroncio en cantidades proporcionales a los coeficientes de utilizaci\u00f3n t\u00edpicos (100:5:0.1, Ca:Mg:Sr).<\/p>\n","protected":false},"featured_media":9041,"template":"","meta":[],"product_brand":[123],"product_cat":[40,94],"product_tag":[742,743,744,537,538],"class_list":{"0":"post-9040","1":"product","2":"type-product","3":"status-publish","4":"has-post-thumbnail","6":"product_brand-seachem","7":"product_cat-peces","8":"product_cat-arrecife","9":"product_tag-carbonato","10":"product_tag-magnesio","11":"product_tag-reef-complete","12":"product_tag-suplemento-ca-corales","13":"product_tag-suplemento-magnesio-arrecife","15":"first","16":"instock","17":"sale","18":"shipping-taxable","19":"purchasable","20":"product-type-simple"},"yoast_head":"<!-- This site is optimized with the Yoast SEO plugin v27.4 - https:\/\/yoast.com\/product\/yoast-seo-wordpress\/ -->\n<title>Reef Complete 250 ml, Suplemento de calcio, Carbonato, magnesio. | Acuario Supremus<\/title>\n<meta name=\"description\" content=\"Reef Complete \u00ae es una mezcla de calcio i\u00f3nico concentrado formulado para restaurar y mantener el calcio de los acuarios de arrecife sin afectar el valor pH.\" \/>\n<meta name=\"robots\" content=\"index, follow, max-snippet:-1, max-image-preview:large, max-video-preview:-1\" \/>\n<link rel=\"canonical\" href=\"https:\/\/acuariosupremus.com\/?product=reef-complete-250-ml-suplemento-de-calcio-carbonato-magnesio\" \/>\n<meta property=\"og:locale\" content=\"es_MX\" \/>\n<meta property=\"og:type\" content=\"article\" \/>\n<meta property=\"og:title\" content=\"Reef Complete 250 ml, Suplemento de calcio, Carbonato, magnesio. | Acuario Supremus\" \/>\n<meta property=\"og:description\" content=\"Reef Complete \u00ae es una mezcla de calcio i\u00f3nico concentrado formulado para restaurar y mantener el calcio de los acuarios de arrecife sin afectar el valor pH.\" \/>\n<meta property=\"og:url\" content=\"https:\/\/acuariosupremus.com\/?product=reef-complete-250-ml-suplemento-de-calcio-carbonato-magnesio\" \/>\n<meta property=\"og:site_name\" content=\"Acuario Supremus\" \/>\n<meta property=\"article:publisher\" content=\"https:\/\/www.facebook.com\/AcuarioSupremus\" \/>\n<meta property=\"article:modified_time\" content=\"2025-12-27T23:21:34+00:00\" \/>\n<meta property=\"og:image\" content=\"https:\/\/acuariosupremus.com\/wp-content\/uploads\/2022\/05\/seachem_reef_complete_01.jpg\" \/>\n\t<meta property=\"og:image:width\" content=\"1250\" \/>\n\t<meta property=\"og:image:height\" content=\"1250\" \/>\n\t<meta property=\"og:image:type\" content=\"image\/jpeg\" \/>\n<meta name=\"twitter:card\" content=\"summary_large_image\" \/>\n<meta name=\"twitter:site\" content=\"@AcuarioSupremus\" \/>\n<meta name=\"twitter:label1\" content=\"Tiempo de lectura\" \/>\n\t<meta name=\"twitter:data1\" content=\"2 minutos\" \/>\n<script type=\"application\/ld+json\" class=\"yoast-schema-graph\">{\"@context\":\"https:\\\/\\\/schema.org\",\"@graph\":[{\"@type\":\"WebPage\",\"@id\":\"https:\\\/\\\/acuariosupremus.com\\\/?product=reef-complete-250-ml-suplemento-de-calcio-carbonato-magnesio\",\"url\":\"https:\\\/\\\/acuariosupremus.com\\\/?product=reef-complete-250-ml-suplemento-de-calcio-carbonato-magnesio\",\"name\":\"Reef Complete 250 ml, Suplemento de calcio, Carbonato, magnesio. | Acuario Supremus\",\"isPartOf\":{\"@id\":\"https:\\\/\\\/acuariosupremus.com\\\/#website\"},\"primaryImageOfPage\":{\"@id\":\"https:\\\/\\\/acuariosupremus.com\\\/?product=reef-complete-250-ml-suplemento-de-calcio-carbonato-magnesio#primaryimage\"},\"image\":{\"@id\":\"https:\\\/\\\/acuariosupremus.com\\\/?product=reef-complete-250-ml-suplemento-de-calcio-carbonato-magnesio#primaryimage\"},\"thumbnailUrl\":\"https:\\\/\\\/acuariosupremus.com\\\/wp-content\\\/uploads\\\/2022\\\/05\\\/seachem_reef_complete_01.jpg\",\"datePublished\":\"2022-05-10T19:12:40+00:00\",\"dateModified\":\"2025-12-27T23:21:34+00:00\",\"description\":\"Reef Complete \u00ae es una mezcla de calcio i\u00f3nico concentrado formulado para restaurar y mantener el calcio de los acuarios de arrecife sin afectar el valor pH.\",\"breadcrumb\":{\"@id\":\"https:\\\/\\\/acuariosupremus.com\\\/?product=reef-complete-250-ml-suplemento-de-calcio-carbonato-magnesio#breadcrumb\"},\"inLanguage\":\"es\",\"potentialAction\":[{\"@type\":\"ReadAction\",\"target\":[\"https:\\\/\\\/acuariosupremus.com\\\/?product=reef-complete-250-ml-suplemento-de-calcio-carbonato-magnesio\"]}]},{\"@type\":\"ImageObject\",\"inLanguage\":\"es\",\"@id\":\"https:\\\/\\\/acuariosupremus.com\\\/?product=reef-complete-250-ml-suplemento-de-calcio-carbonato-magnesio#primaryimage\",\"url\":\"https:\\\/\\\/acuariosupremus.com\\\/wp-content\\\/uploads\\\/2022\\\/05\\\/seachem_reef_complete_01.jpg\",\"contentUrl\":\"https:\\\/\\\/acuariosupremus.com\\\/wp-content\\\/uploads\\\/2022\\\/05\\\/seachem_reef_complete_01.jpg\",\"width\":1250,\"height\":1250},{\"@type\":\"BreadcrumbList\",\"@id\":\"https:\\\/\\\/acuariosupremus.com\\\/?product=reef-complete-250-ml-suplemento-de-calcio-carbonato-magnesio#breadcrumb\",\"itemListElement\":[{\"@type\":\"ListItem\",\"position\":1,\"name\":\"Portada\",\"item\":\"https:\\\/\\\/acuariosupremus.com\\\/\"},{\"@type\":\"ListItem\",\"position\":2,\"name\":\"Tienda\",\"item\":\"https:\\\/\\\/acuariosupremus.com\\\/tienda\\\/\"},{\"@type\":\"ListItem\",\"position\":3,\"name\":\"Reef Complete 250 ml, Suplemento de calcio, Carbonato, magnesio.\"}]},{\"@type\":\"WebSite\",\"@id\":\"https:\\\/\\\/acuariosupremus.com\\\/#website\",\"url\":\"https:\\\/\\\/acuariosupremus.com\\\/\",\"name\":\"Acuario Supremus\",\"description\":\"Peces, Peceras y Mascotas.\",\"publisher\":{\"@id\":\"https:\\\/\\\/acuariosupremus.com\\\/#organization\"},\"potentialAction\":[{\"@type\":\"SearchAction\",\"target\":{\"@type\":\"EntryPoint\",\"urlTemplate\":\"https:\\\/\\\/acuariosupremus.com\\\/?s={search_term_string}\"},\"query-input\":{\"@type\":\"PropertyValueSpecification\",\"valueRequired\":true,\"valueName\":\"search_term_string\"}}],\"inLanguage\":\"es\"},{\"@type\":\"Organization\",\"@id\":\"https:\\\/\\\/acuariosupremus.com\\\/#organization\",\"name\":\"Acuario Supremus\",\"url\":\"https:\\\/\\\/acuariosupremus.com\\\/\",\"logo\":{\"@type\":\"ImageObject\",\"inLanguage\":\"es\",\"@id\":\"https:\\\/\\\/acuariosupremus.com\\\/#\\\/schema\\\/logo\\\/image\\\/\",\"url\":\"https:\\\/\\\/acuariosupremus.com\\\/wp-content\\\/uploads\\\/2021\\\/12\\\/cropped-logo_acuario_supremus_fn-2.png\",\"contentUrl\":\"https:\\\/\\\/acuariosupremus.com\\\/wp-content\\\/uploads\\\/2021\\\/12\\\/cropped-logo_acuario_supremus_fn-2.png\",\"width\":1000,\"height\":318,\"caption\":\"Acuario Supremus\"},\"image\":{\"@id\":\"https:\\\/\\\/acuariosupremus.com\\\/#\\\/schema\\\/logo\\\/image\\\/\"},\"sameAs\":[\"https:\\\/\\\/www.facebook.com\\\/AcuarioSupremus\",\"https:\\\/\\\/x.com\\\/AcuarioSupremus\",\"https:\\\/\\\/www.instagram.com\\\/acuariosupremus\\\/?hl=es\"]}]}<\/script>\n<!-- \/ Yoast SEO plugin. -->","yoast_head_json":{"title":"Reef Complete 250 ml, Suplemento de calcio, Carbonato, magnesio. | Acuario Supremus","description":"Reef Complete \u00ae es una mezcla de calcio i\u00f3nico concentrado formulado para restaurar y mantener el calcio de los acuarios de arrecife sin afectar el valor pH.","robots":{"index":"index","follow":"follow","max-snippet":"max-snippet:-1","max-image-preview":"max-image-preview:large","max-video-preview":"max-video-preview:-1"},"canonical":"https:\/\/acuariosupremus.com\/?product=reef-complete-250-ml-suplemento-de-calcio-carbonato-magnesio","og_locale":"es_MX","og_type":"article","og_title":"Reef Complete 250 ml, Suplemento de calcio, Carbonato, magnesio. | Acuario Supremus","og_description":"Reef Complete \u00ae es una mezcla de calcio i\u00f3nico concentrado formulado para restaurar y mantener el calcio de los acuarios de arrecife sin afectar el valor pH.","og_url":"https:\/\/acuariosupremus.com\/?product=reef-complete-250-ml-suplemento-de-calcio-carbonato-magnesio","og_site_name":"Acuario Supremus","article_publisher":"https:\/\/www.facebook.com\/AcuarioSupremus","article_modified_time":"2025-12-27T23:21:34+00:00","og_image":[{"width":1250,"height":1250,"url":"https:\/\/acuariosupremus.com\/wp-content\/uploads\/2022\/05\/seachem_reef_complete_01.jpg","type":"image\/jpeg"}],"twitter_card":"summary_large_image","twitter_site":"@AcuarioSupremus","twitter_misc":{"Tiempo de lectura":"2 minutos"},"schema":{"@context":"https:\/\/schema.org","@graph":[{"@type":"WebPage","@id":"https:\/\/acuariosupremus.com\/?product=reef-complete-250-ml-suplemento-de-calcio-carbonato-magnesio","url":"https:\/\/acuariosupremus.com\/?product=reef-complete-250-ml-suplemento-de-calcio-carbonato-magnesio","name":"Reef Complete 250 ml, Suplemento de calcio, Carbonato, magnesio. | Acuario Supremus","isPartOf":{"@id":"https:\/\/acuariosupremus.com\/#website"},"primaryImageOfPage":{"@id":"https:\/\/acuariosupremus.com\/?product=reef-complete-250-ml-suplemento-de-calcio-carbonato-magnesio#primaryimage"},"image":{"@id":"https:\/\/acuariosupremus.com\/?product=reef-complete-250-ml-suplemento-de-calcio-carbonato-magnesio#primaryimage"},"thumbnailUrl":"https:\/\/acuariosupremus.com\/wp-content\/uploads\/2022\/05\/seachem_reef_complete_01.jpg","datePublished":"2022-05-10T19:12:40+00:00","dateModified":"2025-12-27T23:21:34+00:00","description":"Reef Complete \u00ae es una mezcla de calcio i\u00f3nico concentrado formulado para restaurar y mantener el calcio de los acuarios de arrecife sin afectar el valor pH.","breadcrumb":{"@id":"https:\/\/acuariosupremus.com\/?product=reef-complete-250-ml-suplemento-de-calcio-carbonato-magnesio#breadcrumb"},"inLanguage":"es","potentialAction":[{"@type":"ReadAction","target":["https:\/\/acuariosupremus.com\/?product=reef-complete-250-ml-suplemento-de-calcio-carbonato-magnesio"]}]},{"@type":"ImageObject","inLanguage":"es","@id":"https:\/\/acuariosupremus.com\/?product=reef-complete-250-ml-suplemento-de-calcio-carbonato-magnesio#primaryimage","url":"https:\/\/acuariosupremus.com\/wp-content\/uploads\/2022\/05\/seachem_reef_complete_01.jpg","contentUrl":"https:\/\/acuariosupremus.com\/wp-content\/uploads\/2022\/05\/seachem_reef_complete_01.jpg","width":1250,"height":1250},{"@type":"BreadcrumbList","@id":"https:\/\/acuariosupremus.com\/?product=reef-complete-250-ml-suplemento-de-calcio-carbonato-magnesio#breadcrumb","itemListElement":[{"@type":"ListItem","position":1,"name":"Portada","item":"https:\/\/acuariosupremus.com\/"},{"@type":"ListItem","position":2,"name":"Tienda","item":"https:\/\/acuariosupremus.com\/tienda\/"},{"@type":"ListItem","position":3,"name":"Reef Complete 250 ml, Suplemento de calcio, Carbonato, magnesio."}]},{"@type":"WebSite","@id":"https:\/\/acuariosupremus.com\/#website","url":"https:\/\/acuariosupremus.com\/","name":"Acuario Supremus","description":"Peces, Peceras y Mascotas.","publisher":{"@id":"https:\/\/acuariosupremus.com\/#organization"},"potentialAction":[{"@type":"SearchAction","target":{"@type":"EntryPoint","urlTemplate":"https:\/\/acuariosupremus.com\/?s={search_term_string}"},"query-input":{"@type":"PropertyValueSpecification","valueRequired":true,"valueName":"search_term_string"}}],"inLanguage":"es"},{"@type":"Organization","@id":"https:\/\/acuariosupremus.com\/#organization","name":"Acuario Supremus","url":"https:\/\/acuariosupremus.com\/","logo":{"@type":"ImageObject","inLanguage":"es","@id":"https:\/\/acuariosupremus.com\/#\/schema\/logo\/image\/","url":"https:\/\/acuariosupremus.com\/wp-content\/uploads\/2021\/12\/cropped-logo_acuario_supremus_fn-2.png","contentUrl":"https:\/\/acuariosupremus.com\/wp-content\/uploads\/2021\/12\/cropped-logo_acuario_supremus_fn-2.png","width":1000,"height":318,"caption":"Acuario Supremus"},"image":{"@id":"https:\/\/acuariosupremus.com\/#\/schema\/logo\/image\/"},"sameAs":["https:\/\/www.facebook.com\/AcuarioSupremus","https:\/\/x.com\/AcuarioSupremus","https:\/\/www.instagram.com\/acuariosupremus\/?hl=es"]}]}},"jetpack_sharing_enabled":true,"_links":{"self":[{"href":"https:\/\/acuariosupremus.com\/index.php?rest_route=\/wp\/v2\/product\/9040","targetHints":{"allow":["GET"]}}],"collection":[{"href":"https:\/\/acuariosupremus.com\/index.php?rest_route=\/wp\/v2\/product"}],"about":[{"href":"https:\/\/acuariosupremus.com\/index.php?rest_route=\/wp\/v2\/types\/product"}],"wp:featuredmedia":[{"embeddable":true,"href":"https:\/\/acuariosupremus.com\/index.php?rest_route=\/wp\/v2\/media\/9041"}],"wp:attachment":[{"href":"https:\/\/acuariosupremus.com\/index.php?rest_route=%2Fwp%2Fv2%2Fmedia&parent=9040"}],"wp:term":[{"taxonomy":"product_brand","embeddable":true,"href":"https:\/\/acuariosupremus.com\/index.php?rest_route=%2Fwp%2Fv2%2Fproduct_brand&post=9040"},{"taxonomy":"product_cat","embeddable":true,"href":"https:\/\/acuariosupremus.com\/index.php?rest_route=%2Fwp%2Fv2%2Fproduct_cat&post=9040"},{"taxonomy":"product_tag","embeddable":true,"href":"https:\/\/acuariosupremus.com\/index.php?rest_route=%2Fwp%2Fv2%2Fproduct_tag&post=9040"}],"curies":[{"name":"wp","href":"https:\/\/api.w.org\/{rel}","templated":true}]}}