{"id":9072,"date":"2022-05-10T17:59:39","date_gmt":"2022-05-10T22:59:39","guid":{"rendered":"https:\/\/acuariosupremus.com\/?post_type=product&#038;p=9072"},"modified":"2025-12-27T17:25:04","modified_gmt":"2025-12-27T23:25:04","slug":"reef-strontium-100-ml-estroncio","status":"publish","type":"product","link":"https:\/\/acuariosupremus.com\/?product=reef-strontium-100-ml-estroncio","title":{"rendered":"Reef Strontium 100 ml, Estroncio."},"content":{"rendered":"<p>Es qu\u00edmicamente muy similar al calcio y muchos organismos lo incorporan en sus esqueletos junto con calcio. Su adici\u00f3n a acuarios de arrecife ayuda al crecimiento de los corales, algas coralinas y otros organismos que forman un esqueleto calc\u00e1reo o una concha, incluyendo las almejas tridacnas. Reef Strontium \u2122 contiene 10,000 mg\/L de estroncio disponible en forma de complejo de gluconato. Esta t\u00e9cnica aporta varios beneficios: aumenta la biodisponibilidad del estroncio, proporciona una rica fuente de energ\u00eda metab\u00f3lica para ayudar a mantener un pico crecimiento m\u00e1ximo en los corales y evita el consumo de la alcalinidad por precipitaci\u00f3n. El gluconato no contiene nitr\u00f3geno o f\u00f3sforo, por lo tanto es biol\u00f3gicamente imposible que las de algas puedan aprovecharlo en un sistema de arrecife mantenido de forma adecuada.<\/p>\n<p>Producto: Reef Strontium 100 ml. Tama\u00f1o: 40 x 40 x 123 mm.(l x a x h) Peso: 0.160 (Kg.).<\/p>\n","protected":false},"excerpt":{"rendered":"<p>Reef Strontium \u2122 est\u00e1 dise\u00f1ado para restaurar y mantener el estroncio a los mismos niveles encontrados en agua natural de mar sin afectar al valor pH. El estroncio es usado por los corales de la misma forma que el calcio, teniendo una importancia similar de cara a mantener un vigoroso nivel de crecimiento. El estroncio est\u00e1 presente en el agua natural del mar en una concentraci\u00f3n de aproximadamente 8 a 10 mg\/L.<\/p>\n","protected":false},"featured_media":9073,"template":"","meta":[],"product_brand":[123],"product_cat":[40,94],"product_tag":[534,750,751],"class_list":{"0":"post-9072","1":"product","2":"type-product","3":"status-publish","4":"has-post-thumbnail","6":"product_brand-seachem","7":"product_cat-peces","8":"product_cat-arrecife","9":"product_tag-acondicionador-pro-arrecife","10":"product_tag-estroncio","11":"product_tag-reef-strontium","13":"first","14":"instock","15":"sale","16":"shipping-taxable","17":"purchasable","18":"product-type-simple"},"yoast_head":"<!-- This site is optimized with the Yoast SEO plugin v27.5 - https:\/\/yoast.com\/product\/yoast-seo-wordpress\/ -->\n<title>Reef Strontium 100 ml, Estroncio. | Acuario Supremus<\/title>\n<meta name=\"description\" content=\"Reef Strontium \u2122 est\u00e1 dise\u00f1ado para restaurar y mantener el estroncio a los mismos niveles encontrados en agua natural de mar sin afectar al valor pH.\" \/>\n<meta name=\"robots\" content=\"index, follow, max-snippet:-1, max-image-preview:large, max-video-preview:-1\" \/>\n<link rel=\"canonical\" href=\"https:\/\/acuariosupremus.com\/?product=reef-strontium-100-ml-estroncio\" \/>\n<meta property=\"og:locale\" content=\"es_MX\" \/>\n<meta property=\"og:type\" content=\"article\" \/>\n<meta property=\"og:title\" content=\"Reef Strontium 100 ml, Estroncio. | Acuario Supremus\" \/>\n<meta property=\"og:description\" content=\"Reef Strontium \u2122 est\u00e1 dise\u00f1ado para restaurar y mantener el estroncio a los mismos niveles encontrados en agua natural de mar sin afectar al valor pH.\" \/>\n<meta property=\"og:url\" content=\"https:\/\/acuariosupremus.com\/?product=reef-strontium-100-ml-estroncio\" \/>\n<meta property=\"og:site_name\" content=\"Acuario Supremus\" \/>\n<meta property=\"article:publisher\" content=\"https:\/\/www.facebook.com\/AcuarioSupremus\" \/>\n<meta property=\"article:modified_time\" content=\"2025-12-27T23:25:04+00:00\" \/>\n<meta property=\"og:image\" content=\"https:\/\/acuariosupremus.com\/wp-content\/uploads\/2022\/05\/seachem_reef_strontium_02.jpg\" \/>\n\t<meta property=\"og:image:width\" content=\"1250\" \/>\n\t<meta property=\"og:image:height\" content=\"1250\" \/>\n\t<meta property=\"og:image:type\" content=\"image\/jpeg\" \/>\n<meta name=\"twitter:card\" content=\"summary_large_image\" \/>\n<meta name=\"twitter:site\" content=\"@AcuarioSupremus\" \/>\n<meta name=\"twitter:label1\" content=\"Tiempo de lectura\" \/>\n\t<meta name=\"twitter:data1\" content=\"1 minuto\" \/>\n<script type=\"application\/ld+json\" class=\"yoast-schema-graph\">{\"@context\":\"https:\\\/\\\/schema.org\",\"@graph\":[{\"@type\":\"WebPage\",\"@id\":\"https:\\\/\\\/acuariosupremus.com\\\/?product=reef-strontium-100-ml-estroncio\",\"url\":\"https:\\\/\\\/acuariosupremus.com\\\/?product=reef-strontium-100-ml-estroncio\",\"name\":\"Reef Strontium 100 ml, Estroncio. | Acuario Supremus\",\"isPartOf\":{\"@id\":\"https:\\\/\\\/acuariosupremus.com\\\/#website\"},\"primaryImageOfPage\":{\"@id\":\"https:\\\/\\\/acuariosupremus.com\\\/?product=reef-strontium-100-ml-estroncio#primaryimage\"},\"image\":{\"@id\":\"https:\\\/\\\/acuariosupremus.com\\\/?product=reef-strontium-100-ml-estroncio#primaryimage\"},\"thumbnailUrl\":\"https:\\\/\\\/acuariosupremus.com\\\/wp-content\\\/uploads\\\/2022\\\/05\\\/seachem_reef_strontium_02.jpg\",\"datePublished\":\"2022-05-10T22:59:39+00:00\",\"dateModified\":\"2025-12-27T23:25:04+00:00\",\"description\":\"Reef Strontium \u2122 est\u00e1 dise\u00f1ado para restaurar y mantener el estroncio a los mismos niveles encontrados en agua natural de mar sin afectar al valor pH.\",\"breadcrumb\":{\"@id\":\"https:\\\/\\\/acuariosupremus.com\\\/?product=reef-strontium-100-ml-estroncio#breadcrumb\"},\"inLanguage\":\"es\",\"potentialAction\":[{\"@type\":\"ReadAction\",\"target\":[\"https:\\\/\\\/acuariosupremus.com\\\/?product=reef-strontium-100-ml-estroncio\"]}]},{\"@type\":\"ImageObject\",\"inLanguage\":\"es\",\"@id\":\"https:\\\/\\\/acuariosupremus.com\\\/?product=reef-strontium-100-ml-estroncio#primaryimage\",\"url\":\"https:\\\/\\\/acuariosupremus.com\\\/wp-content\\\/uploads\\\/2022\\\/05\\\/seachem_reef_strontium_02.jpg\",\"contentUrl\":\"https:\\\/\\\/acuariosupremus.com\\\/wp-content\\\/uploads\\\/2022\\\/05\\\/seachem_reef_strontium_02.jpg\",\"width\":1250,\"height\":1250},{\"@type\":\"BreadcrumbList\",\"@id\":\"https:\\\/\\\/acuariosupremus.com\\\/?product=reef-strontium-100-ml-estroncio#breadcrumb\",\"itemListElement\":[{\"@type\":\"ListItem\",\"position\":1,\"name\":\"Portada\",\"item\":\"https:\\\/\\\/acuariosupremus.com\\\/\"},{\"@type\":\"ListItem\",\"position\":2,\"name\":\"Tienda\",\"item\":\"https:\\\/\\\/acuariosupremus.com\\\/tienda\\\/\"},{\"@type\":\"ListItem\",\"position\":3,\"name\":\"Reef Strontium 100 ml, Estroncio.\"}]},{\"@type\":\"WebSite\",\"@id\":\"https:\\\/\\\/acuariosupremus.com\\\/#website\",\"url\":\"https:\\\/\\\/acuariosupremus.com\\\/\",\"name\":\"Acuario Supremus\",\"description\":\"Peces, Peceras y Mascotas.\",\"publisher\":{\"@id\":\"https:\\\/\\\/acuariosupremus.com\\\/#organization\"},\"potentialAction\":[{\"@type\":\"SearchAction\",\"target\":{\"@type\":\"EntryPoint\",\"urlTemplate\":\"https:\\\/\\\/acuariosupremus.com\\\/?s={search_term_string}\"},\"query-input\":{\"@type\":\"PropertyValueSpecification\",\"valueRequired\":true,\"valueName\":\"search_term_string\"}}],\"inLanguage\":\"es\"},{\"@type\":\"Organization\",\"@id\":\"https:\\\/\\\/acuariosupremus.com\\\/#organization\",\"name\":\"Acuario Supremus\",\"url\":\"https:\\\/\\\/acuariosupremus.com\\\/\",\"logo\":{\"@type\":\"ImageObject\",\"inLanguage\":\"es\",\"@id\":\"https:\\\/\\\/acuariosupremus.com\\\/#\\\/schema\\\/logo\\\/image\\\/\",\"url\":\"https:\\\/\\\/acuariosupremus.com\\\/wp-content\\\/uploads\\\/2021\\\/12\\\/cropped-logo_acuario_supremus_fn-2.png\",\"contentUrl\":\"https:\\\/\\\/acuariosupremus.com\\\/wp-content\\\/uploads\\\/2021\\\/12\\\/cropped-logo_acuario_supremus_fn-2.png\",\"width\":1000,\"height\":318,\"caption\":\"Acuario Supremus\"},\"image\":{\"@id\":\"https:\\\/\\\/acuariosupremus.com\\\/#\\\/schema\\\/logo\\\/image\\\/\"},\"sameAs\":[\"https:\\\/\\\/www.facebook.com\\\/AcuarioSupremus\",\"https:\\\/\\\/x.com\\\/AcuarioSupremus\",\"https:\\\/\\\/www.instagram.com\\\/acuariosupremus\\\/?hl=es\"]}]}<\/script>\n<!-- \/ Yoast SEO plugin. -->","yoast_head_json":{"title":"Reef Strontium 100 ml, Estroncio. | Acuario Supremus","description":"Reef Strontium \u2122 est\u00e1 dise\u00f1ado para restaurar y mantener el estroncio a los mismos niveles encontrados en agua natural de mar sin afectar al valor pH.","robots":{"index":"index","follow":"follow","max-snippet":"max-snippet:-1","max-image-preview":"max-image-preview:large","max-video-preview":"max-video-preview:-1"},"canonical":"https:\/\/acuariosupremus.com\/?product=reef-strontium-100-ml-estroncio","og_locale":"es_MX","og_type":"article","og_title":"Reef Strontium 100 ml, Estroncio. | Acuario Supremus","og_description":"Reef Strontium \u2122 est\u00e1 dise\u00f1ado para restaurar y mantener el estroncio a los mismos niveles encontrados en agua natural de mar sin afectar al valor pH.","og_url":"https:\/\/acuariosupremus.com\/?product=reef-strontium-100-ml-estroncio","og_site_name":"Acuario Supremus","article_publisher":"https:\/\/www.facebook.com\/AcuarioSupremus","article_modified_time":"2025-12-27T23:25:04+00:00","og_image":[{"width":1250,"height":1250,"url":"https:\/\/acuariosupremus.com\/wp-content\/uploads\/2022\/05\/seachem_reef_strontium_02.jpg","type":"image\/jpeg"}],"twitter_card":"summary_large_image","twitter_site":"@AcuarioSupremus","twitter_misc":{"Tiempo de lectura":"1 minuto"},"schema":{"@context":"https:\/\/schema.org","@graph":[{"@type":"WebPage","@id":"https:\/\/acuariosupremus.com\/?product=reef-strontium-100-ml-estroncio","url":"https:\/\/acuariosupremus.com\/?product=reef-strontium-100-ml-estroncio","name":"Reef Strontium 100 ml, Estroncio. | Acuario Supremus","isPartOf":{"@id":"https:\/\/acuariosupremus.com\/#website"},"primaryImageOfPage":{"@id":"https:\/\/acuariosupremus.com\/?product=reef-strontium-100-ml-estroncio#primaryimage"},"image":{"@id":"https:\/\/acuariosupremus.com\/?product=reef-strontium-100-ml-estroncio#primaryimage"},"thumbnailUrl":"https:\/\/acuariosupremus.com\/wp-content\/uploads\/2022\/05\/seachem_reef_strontium_02.jpg","datePublished":"2022-05-10T22:59:39+00:00","dateModified":"2025-12-27T23:25:04+00:00","description":"Reef Strontium \u2122 est\u00e1 dise\u00f1ado para restaurar y mantener el estroncio a los mismos niveles encontrados en agua natural de mar sin afectar al valor pH.","breadcrumb":{"@id":"https:\/\/acuariosupremus.com\/?product=reef-strontium-100-ml-estroncio#breadcrumb"},"inLanguage":"es","potentialAction":[{"@type":"ReadAction","target":["https:\/\/acuariosupremus.com\/?product=reef-strontium-100-ml-estroncio"]}]},{"@type":"ImageObject","inLanguage":"es","@id":"https:\/\/acuariosupremus.com\/?product=reef-strontium-100-ml-estroncio#primaryimage","url":"https:\/\/acuariosupremus.com\/wp-content\/uploads\/2022\/05\/seachem_reef_strontium_02.jpg","contentUrl":"https:\/\/acuariosupremus.com\/wp-content\/uploads\/2022\/05\/seachem_reef_strontium_02.jpg","width":1250,"height":1250},{"@type":"BreadcrumbList","@id":"https:\/\/acuariosupremus.com\/?product=reef-strontium-100-ml-estroncio#breadcrumb","itemListElement":[{"@type":"ListItem","position":1,"name":"Portada","item":"https:\/\/acuariosupremus.com\/"},{"@type":"ListItem","position":2,"name":"Tienda","item":"https:\/\/acuariosupremus.com\/tienda\/"},{"@type":"ListItem","position":3,"name":"Reef Strontium 100 ml, Estroncio."}]},{"@type":"WebSite","@id":"https:\/\/acuariosupremus.com\/#website","url":"https:\/\/acuariosupremus.com\/","name":"Acuario Supremus","description":"Peces, Peceras y Mascotas.","publisher":{"@id":"https:\/\/acuariosupremus.com\/#organization"},"potentialAction":[{"@type":"SearchAction","target":{"@type":"EntryPoint","urlTemplate":"https:\/\/acuariosupremus.com\/?s={search_term_string}"},"query-input":{"@type":"PropertyValueSpecification","valueRequired":true,"valueName":"search_term_string"}}],"inLanguage":"es"},{"@type":"Organization","@id":"https:\/\/acuariosupremus.com\/#organization","name":"Acuario Supremus","url":"https:\/\/acuariosupremus.com\/","logo":{"@type":"ImageObject","inLanguage":"es","@id":"https:\/\/acuariosupremus.com\/#\/schema\/logo\/image\/","url":"https:\/\/acuariosupremus.com\/wp-content\/uploads\/2021\/12\/cropped-logo_acuario_supremus_fn-2.png","contentUrl":"https:\/\/acuariosupremus.com\/wp-content\/uploads\/2021\/12\/cropped-logo_acuario_supremus_fn-2.png","width":1000,"height":318,"caption":"Acuario Supremus"},"image":{"@id":"https:\/\/acuariosupremus.com\/#\/schema\/logo\/image\/"},"sameAs":["https:\/\/www.facebook.com\/AcuarioSupremus","https:\/\/x.com\/AcuarioSupremus","https:\/\/www.instagram.com\/acuariosupremus\/?hl=es"]}]}},"jetpack_sharing_enabled":true,"_links":{"self":[{"href":"https:\/\/acuariosupremus.com\/index.php?rest_route=\/wp\/v2\/product\/9072","targetHints":{"allow":["GET"]}}],"collection":[{"href":"https:\/\/acuariosupremus.com\/index.php?rest_route=\/wp\/v2\/product"}],"about":[{"href":"https:\/\/acuariosupremus.com\/index.php?rest_route=\/wp\/v2\/types\/product"}],"wp:featuredmedia":[{"embeddable":true,"href":"https:\/\/acuariosupremus.com\/index.php?rest_route=\/wp\/v2\/media\/9073"}],"wp:attachment":[{"href":"https:\/\/acuariosupremus.com\/index.php?rest_route=%2Fwp%2Fv2%2Fmedia&parent=9072"}],"wp:term":[{"taxonomy":"product_brand","embeddable":true,"href":"https:\/\/acuariosupremus.com\/index.php?rest_route=%2Fwp%2Fv2%2Fproduct_brand&post=9072"},{"taxonomy":"product_cat","embeddable":true,"href":"https:\/\/acuariosupremus.com\/index.php?rest_route=%2Fwp%2Fv2%2Fproduct_cat&post=9072"},{"taxonomy":"product_tag","embeddable":true,"href":"https:\/\/acuariosupremus.com\/index.php?rest_route=%2Fwp%2Fv2%2Fproduct_tag&post=9072"}],"curies":[{"name":"wp","href":"https:\/\/api.w.org\/{rel}","templated":true}]}}