{"id":9095,"date":"2022-05-10T18:54:08","date_gmt":"2022-05-10T23:54:08","guid":{"rendered":"https:\/\/acuariosupremus.com\/?post_type=product&#038;p=9095"},"modified":"2025-12-27T17:29:23","modified_gmt":"2025-12-27T23:29:23","slug":"reef-iodide-100-ml-suplemento-de-yodo","status":"publish","type":"product","link":"https:\/\/acuariosupremus.com\/?product=reef-iodide-100-ml-suplemento-de-yodo","title":{"rendered":"Reef Iodide 100 ml, Suplemento de yodo."},"content":{"rendered":"<p>El Yodo libre es tan t\u00f3xico como el cloro y nunca debe ser utilizado en un sistema de arrecife. Sin embargo, el yoduro es tan seguro como el cloruro.<br \/>\nLa mayor\u00eda de suplementos de yodo existentes en el mercado son simplemente yoduro de potasio o un desinfectante medicinal conocido como Lugol. Aunque estos productos se venden para su uso en acuarios de arrecife, creemos que los riesgos de estos aditivos superan ampliamente a los supuestos beneficios. Los productos formulados \u00fanicamente con yoduro de potasio son una alternativa segura pero no muy eficaz debido a la naturaleza inestable de yoduro en el ambiente del acuario, donde se convierte en el inestable yodo elemental (que es un desinfectante) y en yodato. El yodato es in\u00fatil para los corales, es t\u00f3xico a niveles elevados y no puede medirse con un test. La Inestabilidad inherente de estos productos los hace potencialmente peligrosos para la salud del coral. El yoduro sin embargo, es la \u00fanica forma de yodo 100% bio-disponible a los corales para su metabolismo. A\u00f1ada 5 ml (un tap\u00f3n lleno) de Reef Iodide \u2122 por cada 200 litros en d\u00edas alternos. La tasa recomendada de yodo en al acuario es de 0.10 mg\/l. Recomendamos revisar la tasa de yodo con MultiTest\u00ae: Iodine\/Iodide\u2122 al menos dos veces al mes.<\/p>\n<p>Producto: Reef Iodide 100 ml. Tama\u00f1o: 40 x 40 x 123 mm.(l x a x h) Peso: 0.145 (Kg.).<\/p>\n","protected":false},"excerpt":{"rendered":"<p>Reef Iodide \u2122 es una fuente altamente concentrada (8.000 mg\/L) de yoduro pot\u00e1sico estabilizado para acuarios de arrecife, que restaura y mantiene los niveles de yoduro a las concentraciones encontradas en agua natural de mar. Est\u00e1 formulado para proporcionar una fuente segura de yoduro muy estable para que no se convierta en t\u00f3xico yodo libre bajo condiciones de almacenamiento o en el arrecife<\/p>\n","protected":false},"featured_media":9096,"template":"","meta":[],"product_brand":[123],"product_cat":[40,94],"product_tag":[534,756,755],"class_list":{"0":"post-9095","1":"product","2":"type-product","3":"status-publish","4":"has-post-thumbnail","6":"product_brand-seachem","7":"product_cat-peces","8":"product_cat-arrecife","9":"product_tag-acondicionador-pro-arrecife","10":"product_tag-reef-iodide","11":"product_tag-suplemento-de-yodo","13":"first","14":"instock","15":"sale","16":"shipping-taxable","17":"purchasable","18":"product-type-simple"},"yoast_head":"<!-- This site is optimized with the Yoast SEO plugin v27.5 - https:\/\/yoast.com\/product\/yoast-seo-wordpress\/ -->\n<title>Reef Iodide 100 ml, Suplemento de yodo. | Acuario Supremus<\/title>\n<meta name=\"description\" content=\"Reef Iodide \u2122 es una fuente altamente concentrada (8.000 mg\/L) de yoduro pot\u00e1sico estabilizado para acuarios de arrecife,\" \/>\n<meta name=\"robots\" content=\"index, follow, max-snippet:-1, max-image-preview:large, max-video-preview:-1\" \/>\n<link rel=\"canonical\" href=\"https:\/\/acuariosupremus.com\/?product=reef-iodide-100-ml-suplemento-de-yodo\" \/>\n<meta property=\"og:locale\" content=\"es_MX\" \/>\n<meta property=\"og:type\" content=\"article\" \/>\n<meta property=\"og:title\" content=\"Reef Iodide 100 ml, Suplemento de yodo. | Acuario Supremus\" \/>\n<meta property=\"og:description\" content=\"Reef Iodide \u2122 es una fuente altamente concentrada (8.000 mg\/L) de yoduro pot\u00e1sico estabilizado para acuarios de arrecife,\" \/>\n<meta property=\"og:url\" content=\"https:\/\/acuariosupremus.com\/?product=reef-iodide-100-ml-suplemento-de-yodo\" \/>\n<meta property=\"og:site_name\" content=\"Acuario Supremus\" \/>\n<meta property=\"article:publisher\" content=\"https:\/\/www.facebook.com\/AcuarioSupremus\" \/>\n<meta property=\"article:modified_time\" content=\"2025-12-27T23:29:23+00:00\" \/>\n<meta property=\"og:image\" content=\"https:\/\/acuariosupremus.com\/wp-content\/uploads\/2022\/05\/seachem_reef_iodide_02.jpg\" \/>\n\t<meta property=\"og:image:width\" content=\"1250\" \/>\n\t<meta property=\"og:image:height\" content=\"1250\" \/>\n\t<meta property=\"og:image:type\" content=\"image\/jpeg\" \/>\n<meta name=\"twitter:card\" content=\"summary_large_image\" \/>\n<meta name=\"twitter:site\" content=\"@AcuarioSupremus\" \/>\n<meta name=\"twitter:label1\" content=\"Tiempo de lectura\" \/>\n\t<meta name=\"twitter:data1\" content=\"2 minutos\" \/>\n<script type=\"application\/ld+json\" class=\"yoast-schema-graph\">{\"@context\":\"https:\\\/\\\/schema.org\",\"@graph\":[{\"@type\":\"WebPage\",\"@id\":\"https:\\\/\\\/acuariosupremus.com\\\/?product=reef-iodide-100-ml-suplemento-de-yodo\",\"url\":\"https:\\\/\\\/acuariosupremus.com\\\/?product=reef-iodide-100-ml-suplemento-de-yodo\",\"name\":\"Reef Iodide 100 ml, Suplemento de yodo. | Acuario Supremus\",\"isPartOf\":{\"@id\":\"https:\\\/\\\/acuariosupremus.com\\\/#website\"},\"primaryImageOfPage\":{\"@id\":\"https:\\\/\\\/acuariosupremus.com\\\/?product=reef-iodide-100-ml-suplemento-de-yodo#primaryimage\"},\"image\":{\"@id\":\"https:\\\/\\\/acuariosupremus.com\\\/?product=reef-iodide-100-ml-suplemento-de-yodo#primaryimage\"},\"thumbnailUrl\":\"https:\\\/\\\/acuariosupremus.com\\\/wp-content\\\/uploads\\\/2022\\\/05\\\/seachem_reef_iodide_02.jpg\",\"datePublished\":\"2022-05-10T23:54:08+00:00\",\"dateModified\":\"2025-12-27T23:29:23+00:00\",\"description\":\"Reef Iodide \u2122 es una fuente altamente concentrada (8.000 mg\\\/L) de yoduro pot\u00e1sico estabilizado para acuarios de arrecife,\",\"breadcrumb\":{\"@id\":\"https:\\\/\\\/acuariosupremus.com\\\/?product=reef-iodide-100-ml-suplemento-de-yodo#breadcrumb\"},\"inLanguage\":\"es\",\"potentialAction\":[{\"@type\":\"ReadAction\",\"target\":[\"https:\\\/\\\/acuariosupremus.com\\\/?product=reef-iodide-100-ml-suplemento-de-yodo\"]}]},{\"@type\":\"ImageObject\",\"inLanguage\":\"es\",\"@id\":\"https:\\\/\\\/acuariosupremus.com\\\/?product=reef-iodide-100-ml-suplemento-de-yodo#primaryimage\",\"url\":\"https:\\\/\\\/acuariosupremus.com\\\/wp-content\\\/uploads\\\/2022\\\/05\\\/seachem_reef_iodide_02.jpg\",\"contentUrl\":\"https:\\\/\\\/acuariosupremus.com\\\/wp-content\\\/uploads\\\/2022\\\/05\\\/seachem_reef_iodide_02.jpg\",\"width\":1250,\"height\":1250},{\"@type\":\"BreadcrumbList\",\"@id\":\"https:\\\/\\\/acuariosupremus.com\\\/?product=reef-iodide-100-ml-suplemento-de-yodo#breadcrumb\",\"itemListElement\":[{\"@type\":\"ListItem\",\"position\":1,\"name\":\"Portada\",\"item\":\"https:\\\/\\\/acuariosupremus.com\\\/\"},{\"@type\":\"ListItem\",\"position\":2,\"name\":\"Tienda\",\"item\":\"https:\\\/\\\/acuariosupremus.com\\\/tienda\\\/\"},{\"@type\":\"ListItem\",\"position\":3,\"name\":\"Reef Iodide 100 ml, Suplemento de yodo.\"}]},{\"@type\":\"WebSite\",\"@id\":\"https:\\\/\\\/acuariosupremus.com\\\/#website\",\"url\":\"https:\\\/\\\/acuariosupremus.com\\\/\",\"name\":\"Acuario Supremus\",\"description\":\"Peces, Peceras y Mascotas.\",\"publisher\":{\"@id\":\"https:\\\/\\\/acuariosupremus.com\\\/#organization\"},\"potentialAction\":[{\"@type\":\"SearchAction\",\"target\":{\"@type\":\"EntryPoint\",\"urlTemplate\":\"https:\\\/\\\/acuariosupremus.com\\\/?s={search_term_string}\"},\"query-input\":{\"@type\":\"PropertyValueSpecification\",\"valueRequired\":true,\"valueName\":\"search_term_string\"}}],\"inLanguage\":\"es\"},{\"@type\":\"Organization\",\"@id\":\"https:\\\/\\\/acuariosupremus.com\\\/#organization\",\"name\":\"Acuario Supremus\",\"url\":\"https:\\\/\\\/acuariosupremus.com\\\/\",\"logo\":{\"@type\":\"ImageObject\",\"inLanguage\":\"es\",\"@id\":\"https:\\\/\\\/acuariosupremus.com\\\/#\\\/schema\\\/logo\\\/image\\\/\",\"url\":\"https:\\\/\\\/acuariosupremus.com\\\/wp-content\\\/uploads\\\/2021\\\/12\\\/cropped-logo_acuario_supremus_fn-2.png\",\"contentUrl\":\"https:\\\/\\\/acuariosupremus.com\\\/wp-content\\\/uploads\\\/2021\\\/12\\\/cropped-logo_acuario_supremus_fn-2.png\",\"width\":1000,\"height\":318,\"caption\":\"Acuario Supremus\"},\"image\":{\"@id\":\"https:\\\/\\\/acuariosupremus.com\\\/#\\\/schema\\\/logo\\\/image\\\/\"},\"sameAs\":[\"https:\\\/\\\/www.facebook.com\\\/AcuarioSupremus\",\"https:\\\/\\\/x.com\\\/AcuarioSupremus\",\"https:\\\/\\\/www.instagram.com\\\/acuariosupremus\\\/?hl=es\"]}]}<\/script>\n<!-- \/ Yoast SEO plugin. -->","yoast_head_json":{"title":"Reef Iodide 100 ml, Suplemento de yodo. | Acuario Supremus","description":"Reef Iodide \u2122 es una fuente altamente concentrada (8.000 mg\/L) de yoduro pot\u00e1sico estabilizado para acuarios de arrecife,","robots":{"index":"index","follow":"follow","max-snippet":"max-snippet:-1","max-image-preview":"max-image-preview:large","max-video-preview":"max-video-preview:-1"},"canonical":"https:\/\/acuariosupremus.com\/?product=reef-iodide-100-ml-suplemento-de-yodo","og_locale":"es_MX","og_type":"article","og_title":"Reef Iodide 100 ml, Suplemento de yodo. | Acuario Supremus","og_description":"Reef Iodide \u2122 es una fuente altamente concentrada (8.000 mg\/L) de yoduro pot\u00e1sico estabilizado para acuarios de arrecife,","og_url":"https:\/\/acuariosupremus.com\/?product=reef-iodide-100-ml-suplemento-de-yodo","og_site_name":"Acuario Supremus","article_publisher":"https:\/\/www.facebook.com\/AcuarioSupremus","article_modified_time":"2025-12-27T23:29:23+00:00","og_image":[{"width":1250,"height":1250,"url":"https:\/\/acuariosupremus.com\/wp-content\/uploads\/2022\/05\/seachem_reef_iodide_02.jpg","type":"image\/jpeg"}],"twitter_card":"summary_large_image","twitter_site":"@AcuarioSupremus","twitter_misc":{"Tiempo de lectura":"2 minutos"},"schema":{"@context":"https:\/\/schema.org","@graph":[{"@type":"WebPage","@id":"https:\/\/acuariosupremus.com\/?product=reef-iodide-100-ml-suplemento-de-yodo","url":"https:\/\/acuariosupremus.com\/?product=reef-iodide-100-ml-suplemento-de-yodo","name":"Reef Iodide 100 ml, Suplemento de yodo. | Acuario Supremus","isPartOf":{"@id":"https:\/\/acuariosupremus.com\/#website"},"primaryImageOfPage":{"@id":"https:\/\/acuariosupremus.com\/?product=reef-iodide-100-ml-suplemento-de-yodo#primaryimage"},"image":{"@id":"https:\/\/acuariosupremus.com\/?product=reef-iodide-100-ml-suplemento-de-yodo#primaryimage"},"thumbnailUrl":"https:\/\/acuariosupremus.com\/wp-content\/uploads\/2022\/05\/seachem_reef_iodide_02.jpg","datePublished":"2022-05-10T23:54:08+00:00","dateModified":"2025-12-27T23:29:23+00:00","description":"Reef Iodide \u2122 es una fuente altamente concentrada (8.000 mg\/L) de yoduro pot\u00e1sico estabilizado para acuarios de arrecife,","breadcrumb":{"@id":"https:\/\/acuariosupremus.com\/?product=reef-iodide-100-ml-suplemento-de-yodo#breadcrumb"},"inLanguage":"es","potentialAction":[{"@type":"ReadAction","target":["https:\/\/acuariosupremus.com\/?product=reef-iodide-100-ml-suplemento-de-yodo"]}]},{"@type":"ImageObject","inLanguage":"es","@id":"https:\/\/acuariosupremus.com\/?product=reef-iodide-100-ml-suplemento-de-yodo#primaryimage","url":"https:\/\/acuariosupremus.com\/wp-content\/uploads\/2022\/05\/seachem_reef_iodide_02.jpg","contentUrl":"https:\/\/acuariosupremus.com\/wp-content\/uploads\/2022\/05\/seachem_reef_iodide_02.jpg","width":1250,"height":1250},{"@type":"BreadcrumbList","@id":"https:\/\/acuariosupremus.com\/?product=reef-iodide-100-ml-suplemento-de-yodo#breadcrumb","itemListElement":[{"@type":"ListItem","position":1,"name":"Portada","item":"https:\/\/acuariosupremus.com\/"},{"@type":"ListItem","position":2,"name":"Tienda","item":"https:\/\/acuariosupremus.com\/tienda\/"},{"@type":"ListItem","position":3,"name":"Reef Iodide 100 ml, Suplemento de yodo."}]},{"@type":"WebSite","@id":"https:\/\/acuariosupremus.com\/#website","url":"https:\/\/acuariosupremus.com\/","name":"Acuario Supremus","description":"Peces, Peceras y Mascotas.","publisher":{"@id":"https:\/\/acuariosupremus.com\/#organization"},"potentialAction":[{"@type":"SearchAction","target":{"@type":"EntryPoint","urlTemplate":"https:\/\/acuariosupremus.com\/?s={search_term_string}"},"query-input":{"@type":"PropertyValueSpecification","valueRequired":true,"valueName":"search_term_string"}}],"inLanguage":"es"},{"@type":"Organization","@id":"https:\/\/acuariosupremus.com\/#organization","name":"Acuario Supremus","url":"https:\/\/acuariosupremus.com\/","logo":{"@type":"ImageObject","inLanguage":"es","@id":"https:\/\/acuariosupremus.com\/#\/schema\/logo\/image\/","url":"https:\/\/acuariosupremus.com\/wp-content\/uploads\/2021\/12\/cropped-logo_acuario_supremus_fn-2.png","contentUrl":"https:\/\/acuariosupremus.com\/wp-content\/uploads\/2021\/12\/cropped-logo_acuario_supremus_fn-2.png","width":1000,"height":318,"caption":"Acuario Supremus"},"image":{"@id":"https:\/\/acuariosupremus.com\/#\/schema\/logo\/image\/"},"sameAs":["https:\/\/www.facebook.com\/AcuarioSupremus","https:\/\/x.com\/AcuarioSupremus","https:\/\/www.instagram.com\/acuariosupremus\/?hl=es"]}]}},"jetpack_sharing_enabled":true,"_links":{"self":[{"href":"https:\/\/acuariosupremus.com\/index.php?rest_route=\/wp\/v2\/product\/9095","targetHints":{"allow":["GET"]}}],"collection":[{"href":"https:\/\/acuariosupremus.com\/index.php?rest_route=\/wp\/v2\/product"}],"about":[{"href":"https:\/\/acuariosupremus.com\/index.php?rest_route=\/wp\/v2\/types\/product"}],"wp:featuredmedia":[{"embeddable":true,"href":"https:\/\/acuariosupremus.com\/index.php?rest_route=\/wp\/v2\/media\/9096"}],"wp:attachment":[{"href":"https:\/\/acuariosupremus.com\/index.php?rest_route=%2Fwp%2Fv2%2Fmedia&parent=9095"}],"wp:term":[{"taxonomy":"product_brand","embeddable":true,"href":"https:\/\/acuariosupremus.com\/index.php?rest_route=%2Fwp%2Fv2%2Fproduct_brand&post=9095"},{"taxonomy":"product_cat","embeddable":true,"href":"https:\/\/acuariosupremus.com\/index.php?rest_route=%2Fwp%2Fv2%2Fproduct_cat&post=9095"},{"taxonomy":"product_tag","embeddable":true,"href":"https:\/\/acuariosupremus.com\/index.php?rest_route=%2Fwp%2Fv2%2Fproduct_tag&post=9095"}],"curies":[{"name":"wp","href":"https:\/\/api.w.org\/{rel}","templated":true}]}}