{"id":9159,"date":"2022-05-11T15:22:38","date_gmt":"2022-05-11T20:22:38","guid":{"rendered":"https:\/\/acuariosupremus.com\/?post_type=product&#038;p=9159"},"modified":"2025-12-27T17:36:59","modified_gmt":"2025-12-27T23:36:59","slug":"reef-fusion1-4-l-suplemento-de-calcio-y-alcalinidad","status":"publish","type":"product","link":"https:\/\/acuariosupremus.com\/?product=reef-fusion1-4-l-suplemento-de-calcio-y-alcalinidad","title":{"rendered":"Reef Fusion1 4 L, Suplemento de Calcio y Alcalinidad."},"content":{"rendered":"<p>Reef Fusion1\u2122 y Reef Fusion2\u2122 Constituyen un solo sistema formulado para proporcionar los elementos esenciales para el acuario de arrecife. Mientras que Reef Fusion1\u2122 proporciona calcio, Reef Fusion2\u2122 ofrece la alcalinidad. Cuando se usan juntos, el sistema de Reef Fusion\u2122 mantiene de forma sencilla los niveles de calcio y alcalinidad en acuarios de arrecife. Reef Fusion1\u2122 no ofrece s\u00f3lo 100.000 mg \/l de calcio i\u00f3nico, tambi\u00e9n incluye niveles biol\u00f3gicamente adecuados de magnesio, estroncio, boro, hierro, manganeso y molibdeno. Reef Fusion2\u2122 en cambio, contiene una mezcla de alcalinidad de carbonatos y bicarbonatos en una concentraci\u00f3n de 4,400 meq \/l. Est\u00e1 formulado para restaurar y mantener la alcalinidad en un acuario de arrecife, proporcionando las especies calc\u00e1reas el carbonato esencial necesario para un crecimiento \u00f3ptimo<\/p>\n<p>Producto: Reef Fusion1 4L. Tama\u00f1o: 150x150x310 mm. (l x a x h) Peso: 5.190 (Kg.)<\/p>\n<p>&nbsp;<\/p>\n","protected":false},"excerpt":{"rendered":"<p>Reef Fusion 1\u2122 y Reef Fusion 2\u2122 Constituyen un solo sistema formulado para proporcionar los elementos esenciales para el acuario de arrecife. Mientras que Reef Fusion 1\u2122 proporciona calcio, Reef Fusion 2\u2122 ofrece la alcalinidad.<\/p>\n<p>Cuando es utilizado seg\u00fan las instrucciones, el sistema Reef Fusion 1\u2122 y Reef Fusion 2\u2122 mantendr\u00e1 los niveles cr\u00edticos de calcio y alcalinidad necesarios para un sano crecimiento de los corales, al tiempo que sostendr\u00e1 unos niveles biol\u00f3gicamente apropiados de otros elementos y minerales. Reef Fusion es diferente a nuestros otros suplementos de calcio y carbonato. Este sistema est\u00e1 pensado para ser a\u00f1adido y a partes iguales (1:1) y es el aditivo m\u00e1s concentrado y completo del mercado en su clase.<\/p>\n","protected":false},"featured_media":9160,"template":"","meta":[],"product_brand":[123],"product_cat":[40,94],"product_tag":[534,748,767,537,766],"class_list":{"0":"post-9159","1":"product","2":"type-product","3":"status-publish","4":"has-post-thumbnail","6":"product_brand-seachem","7":"product_cat-peces","8":"product_cat-arrecife","9":"product_tag-acondicionador-pro-arrecife","10":"product_tag-alcalinidad","11":"product_tag-reef-fusion1","12":"product_tag-suplemento-ca-corales","13":"product_tag-suplemento-de-calcio-y-alcalinidad","15":"first","16":"instock","17":"sale","18":"shipping-taxable","19":"purchasable","20":"product-type-simple"},"yoast_head":"<!-- This site is optimized with the Yoast SEO plugin v27.5 - https:\/\/yoast.com\/product\/yoast-seo-wordpress\/ -->\n<title>Reef Fusion1 4 L, Suplemento de Calcio y Alcalinidad. | Acuario Supremus<\/title>\n<meta name=\"description\" content=\"Este sistema est\u00e1 pensado para ser a\u00f1adido y a partes iguales (1:1) y es el aditivo m\u00e1s concentrado y completo del mercado en su clase.\" \/>\n<meta name=\"robots\" content=\"index, follow, max-snippet:-1, max-image-preview:large, max-video-preview:-1\" \/>\n<link rel=\"canonical\" href=\"https:\/\/acuariosupremus.com\/?product=reef-fusion1-4-l-suplemento-de-calcio-y-alcalinidad\" \/>\n<meta property=\"og:locale\" content=\"es_MX\" \/>\n<meta property=\"og:type\" content=\"article\" \/>\n<meta property=\"og:title\" content=\"Reef Fusion1 4 L, Suplemento de Calcio y Alcalinidad. | Acuario Supremus\" \/>\n<meta property=\"og:description\" content=\"Este sistema est\u00e1 pensado para ser a\u00f1adido y a partes iguales (1:1) y es el aditivo m\u00e1s concentrado y completo del mercado en su clase.\" \/>\n<meta property=\"og:url\" content=\"https:\/\/acuariosupremus.com\/?product=reef-fusion1-4-l-suplemento-de-calcio-y-alcalinidad\" \/>\n<meta property=\"og:site_name\" content=\"Acuario Supremus\" \/>\n<meta property=\"article:publisher\" content=\"https:\/\/www.facebook.com\/AcuarioSupremus\" \/>\n<meta property=\"article:modified_time\" content=\"2025-12-27T23:36:59+00:00\" \/>\n<meta property=\"og:image\" content=\"https:\/\/acuariosupremus.com\/wp-content\/uploads\/2022\/05\/seachem_reef_fusion-1_04.jpg\" \/>\n\t<meta property=\"og:image:width\" content=\"1250\" \/>\n\t<meta property=\"og:image:height\" content=\"1250\" \/>\n\t<meta property=\"og:image:type\" content=\"image\/jpeg\" \/>\n<meta name=\"twitter:card\" content=\"summary_large_image\" \/>\n<meta name=\"twitter:site\" content=\"@AcuarioSupremus\" \/>\n<meta name=\"twitter:label1\" content=\"Tiempo de lectura\" \/>\n\t<meta name=\"twitter:data1\" content=\"1 minuto\" \/>\n<script type=\"application\/ld+json\" class=\"yoast-schema-graph\">{\"@context\":\"https:\\\/\\\/schema.org\",\"@graph\":[{\"@type\":\"WebPage\",\"@id\":\"https:\\\/\\\/acuariosupremus.com\\\/?product=reef-fusion1-4-l-suplemento-de-calcio-y-alcalinidad\",\"url\":\"https:\\\/\\\/acuariosupremus.com\\\/?product=reef-fusion1-4-l-suplemento-de-calcio-y-alcalinidad\",\"name\":\"Reef Fusion1 4 L, Suplemento de Calcio y Alcalinidad. | Acuario Supremus\",\"isPartOf\":{\"@id\":\"https:\\\/\\\/acuariosupremus.com\\\/#website\"},\"primaryImageOfPage\":{\"@id\":\"https:\\\/\\\/acuariosupremus.com\\\/?product=reef-fusion1-4-l-suplemento-de-calcio-y-alcalinidad#primaryimage\"},\"image\":{\"@id\":\"https:\\\/\\\/acuariosupremus.com\\\/?product=reef-fusion1-4-l-suplemento-de-calcio-y-alcalinidad#primaryimage\"},\"thumbnailUrl\":\"https:\\\/\\\/acuariosupremus.com\\\/wp-content\\\/uploads\\\/2022\\\/05\\\/seachem_reef_fusion-1_04.jpg\",\"datePublished\":\"2022-05-11T20:22:38+00:00\",\"dateModified\":\"2025-12-27T23:36:59+00:00\",\"description\":\"Este sistema est\u00e1 pensado para ser a\u00f1adido y a partes iguales (1:1) y es el aditivo m\u00e1s concentrado y completo del mercado en su clase.\",\"breadcrumb\":{\"@id\":\"https:\\\/\\\/acuariosupremus.com\\\/?product=reef-fusion1-4-l-suplemento-de-calcio-y-alcalinidad#breadcrumb\"},\"inLanguage\":\"es\",\"potentialAction\":[{\"@type\":\"ReadAction\",\"target\":[\"https:\\\/\\\/acuariosupremus.com\\\/?product=reef-fusion1-4-l-suplemento-de-calcio-y-alcalinidad\"]}]},{\"@type\":\"ImageObject\",\"inLanguage\":\"es\",\"@id\":\"https:\\\/\\\/acuariosupremus.com\\\/?product=reef-fusion1-4-l-suplemento-de-calcio-y-alcalinidad#primaryimage\",\"url\":\"https:\\\/\\\/acuariosupremus.com\\\/wp-content\\\/uploads\\\/2022\\\/05\\\/seachem_reef_fusion-1_04.jpg\",\"contentUrl\":\"https:\\\/\\\/acuariosupremus.com\\\/wp-content\\\/uploads\\\/2022\\\/05\\\/seachem_reef_fusion-1_04.jpg\",\"width\":1250,\"height\":1250},{\"@type\":\"BreadcrumbList\",\"@id\":\"https:\\\/\\\/acuariosupremus.com\\\/?product=reef-fusion1-4-l-suplemento-de-calcio-y-alcalinidad#breadcrumb\",\"itemListElement\":[{\"@type\":\"ListItem\",\"position\":1,\"name\":\"Portada\",\"item\":\"https:\\\/\\\/acuariosupremus.com\\\/\"},{\"@type\":\"ListItem\",\"position\":2,\"name\":\"Tienda\",\"item\":\"https:\\\/\\\/acuariosupremus.com\\\/tienda\\\/\"},{\"@type\":\"ListItem\",\"position\":3,\"name\":\"Reef Fusion1 4 L, Suplemento de Calcio y Alcalinidad.\"}]},{\"@type\":\"WebSite\",\"@id\":\"https:\\\/\\\/acuariosupremus.com\\\/#website\",\"url\":\"https:\\\/\\\/acuariosupremus.com\\\/\",\"name\":\"Acuario Supremus\",\"description\":\"Peces, Peceras y Mascotas.\",\"publisher\":{\"@id\":\"https:\\\/\\\/acuariosupremus.com\\\/#organization\"},\"potentialAction\":[{\"@type\":\"SearchAction\",\"target\":{\"@type\":\"EntryPoint\",\"urlTemplate\":\"https:\\\/\\\/acuariosupremus.com\\\/?s={search_term_string}\"},\"query-input\":{\"@type\":\"PropertyValueSpecification\",\"valueRequired\":true,\"valueName\":\"search_term_string\"}}],\"inLanguage\":\"es\"},{\"@type\":\"Organization\",\"@id\":\"https:\\\/\\\/acuariosupremus.com\\\/#organization\",\"name\":\"Acuario Supremus\",\"url\":\"https:\\\/\\\/acuariosupremus.com\\\/\",\"logo\":{\"@type\":\"ImageObject\",\"inLanguage\":\"es\",\"@id\":\"https:\\\/\\\/acuariosupremus.com\\\/#\\\/schema\\\/logo\\\/image\\\/\",\"url\":\"https:\\\/\\\/acuariosupremus.com\\\/wp-content\\\/uploads\\\/2021\\\/12\\\/cropped-logo_acuario_supremus_fn-2.png\",\"contentUrl\":\"https:\\\/\\\/acuariosupremus.com\\\/wp-content\\\/uploads\\\/2021\\\/12\\\/cropped-logo_acuario_supremus_fn-2.png\",\"width\":1000,\"height\":318,\"caption\":\"Acuario Supremus\"},\"image\":{\"@id\":\"https:\\\/\\\/acuariosupremus.com\\\/#\\\/schema\\\/logo\\\/image\\\/\"},\"sameAs\":[\"https:\\\/\\\/www.facebook.com\\\/AcuarioSupremus\",\"https:\\\/\\\/x.com\\\/AcuarioSupremus\",\"https:\\\/\\\/www.instagram.com\\\/acuariosupremus\\\/?hl=es\"]}]}<\/script>\n<!-- \/ Yoast SEO plugin. -->","yoast_head_json":{"title":"Reef Fusion1 4 L, Suplemento de Calcio y Alcalinidad. | Acuario Supremus","description":"Este sistema est\u00e1 pensado para ser a\u00f1adido y a partes iguales (1:1) y es el aditivo m\u00e1s concentrado y completo del mercado en su clase.","robots":{"index":"index","follow":"follow","max-snippet":"max-snippet:-1","max-image-preview":"max-image-preview:large","max-video-preview":"max-video-preview:-1"},"canonical":"https:\/\/acuariosupremus.com\/?product=reef-fusion1-4-l-suplemento-de-calcio-y-alcalinidad","og_locale":"es_MX","og_type":"article","og_title":"Reef Fusion1 4 L, Suplemento de Calcio y Alcalinidad. | Acuario Supremus","og_description":"Este sistema est\u00e1 pensado para ser a\u00f1adido y a partes iguales (1:1) y es el aditivo m\u00e1s concentrado y completo del mercado en su clase.","og_url":"https:\/\/acuariosupremus.com\/?product=reef-fusion1-4-l-suplemento-de-calcio-y-alcalinidad","og_site_name":"Acuario Supremus","article_publisher":"https:\/\/www.facebook.com\/AcuarioSupremus","article_modified_time":"2025-12-27T23:36:59+00:00","og_image":[{"width":1250,"height":1250,"url":"https:\/\/acuariosupremus.com\/wp-content\/uploads\/2022\/05\/seachem_reef_fusion-1_04.jpg","type":"image\/jpeg"}],"twitter_card":"summary_large_image","twitter_site":"@AcuarioSupremus","twitter_misc":{"Tiempo de lectura":"1 minuto"},"schema":{"@context":"https:\/\/schema.org","@graph":[{"@type":"WebPage","@id":"https:\/\/acuariosupremus.com\/?product=reef-fusion1-4-l-suplemento-de-calcio-y-alcalinidad","url":"https:\/\/acuariosupremus.com\/?product=reef-fusion1-4-l-suplemento-de-calcio-y-alcalinidad","name":"Reef Fusion1 4 L, Suplemento de Calcio y Alcalinidad. | Acuario Supremus","isPartOf":{"@id":"https:\/\/acuariosupremus.com\/#website"},"primaryImageOfPage":{"@id":"https:\/\/acuariosupremus.com\/?product=reef-fusion1-4-l-suplemento-de-calcio-y-alcalinidad#primaryimage"},"image":{"@id":"https:\/\/acuariosupremus.com\/?product=reef-fusion1-4-l-suplemento-de-calcio-y-alcalinidad#primaryimage"},"thumbnailUrl":"https:\/\/acuariosupremus.com\/wp-content\/uploads\/2022\/05\/seachem_reef_fusion-1_04.jpg","datePublished":"2022-05-11T20:22:38+00:00","dateModified":"2025-12-27T23:36:59+00:00","description":"Este sistema est\u00e1 pensado para ser a\u00f1adido y a partes iguales (1:1) y es el aditivo m\u00e1s concentrado y completo del mercado en su clase.","breadcrumb":{"@id":"https:\/\/acuariosupremus.com\/?product=reef-fusion1-4-l-suplemento-de-calcio-y-alcalinidad#breadcrumb"},"inLanguage":"es","potentialAction":[{"@type":"ReadAction","target":["https:\/\/acuariosupremus.com\/?product=reef-fusion1-4-l-suplemento-de-calcio-y-alcalinidad"]}]},{"@type":"ImageObject","inLanguage":"es","@id":"https:\/\/acuariosupremus.com\/?product=reef-fusion1-4-l-suplemento-de-calcio-y-alcalinidad#primaryimage","url":"https:\/\/acuariosupremus.com\/wp-content\/uploads\/2022\/05\/seachem_reef_fusion-1_04.jpg","contentUrl":"https:\/\/acuariosupremus.com\/wp-content\/uploads\/2022\/05\/seachem_reef_fusion-1_04.jpg","width":1250,"height":1250},{"@type":"BreadcrumbList","@id":"https:\/\/acuariosupremus.com\/?product=reef-fusion1-4-l-suplemento-de-calcio-y-alcalinidad#breadcrumb","itemListElement":[{"@type":"ListItem","position":1,"name":"Portada","item":"https:\/\/acuariosupremus.com\/"},{"@type":"ListItem","position":2,"name":"Tienda","item":"https:\/\/acuariosupremus.com\/tienda\/"},{"@type":"ListItem","position":3,"name":"Reef Fusion1 4 L, Suplemento de Calcio y Alcalinidad."}]},{"@type":"WebSite","@id":"https:\/\/acuariosupremus.com\/#website","url":"https:\/\/acuariosupremus.com\/","name":"Acuario Supremus","description":"Peces, Peceras y Mascotas.","publisher":{"@id":"https:\/\/acuariosupremus.com\/#organization"},"potentialAction":[{"@type":"SearchAction","target":{"@type":"EntryPoint","urlTemplate":"https:\/\/acuariosupremus.com\/?s={search_term_string}"},"query-input":{"@type":"PropertyValueSpecification","valueRequired":true,"valueName":"search_term_string"}}],"inLanguage":"es"},{"@type":"Organization","@id":"https:\/\/acuariosupremus.com\/#organization","name":"Acuario Supremus","url":"https:\/\/acuariosupremus.com\/","logo":{"@type":"ImageObject","inLanguage":"es","@id":"https:\/\/acuariosupremus.com\/#\/schema\/logo\/image\/","url":"https:\/\/acuariosupremus.com\/wp-content\/uploads\/2021\/12\/cropped-logo_acuario_supremus_fn-2.png","contentUrl":"https:\/\/acuariosupremus.com\/wp-content\/uploads\/2021\/12\/cropped-logo_acuario_supremus_fn-2.png","width":1000,"height":318,"caption":"Acuario Supremus"},"image":{"@id":"https:\/\/acuariosupremus.com\/#\/schema\/logo\/image\/"},"sameAs":["https:\/\/www.facebook.com\/AcuarioSupremus","https:\/\/x.com\/AcuarioSupremus","https:\/\/www.instagram.com\/acuariosupremus\/?hl=es"]}]}},"jetpack_sharing_enabled":true,"_links":{"self":[{"href":"https:\/\/acuariosupremus.com\/index.php?rest_route=\/wp\/v2\/product\/9159","targetHints":{"allow":["GET"]}}],"collection":[{"href":"https:\/\/acuariosupremus.com\/index.php?rest_route=\/wp\/v2\/product"}],"about":[{"href":"https:\/\/acuariosupremus.com\/index.php?rest_route=\/wp\/v2\/types\/product"}],"wp:featuredmedia":[{"embeddable":true,"href":"https:\/\/acuariosupremus.com\/index.php?rest_route=\/wp\/v2\/media\/9160"}],"wp:attachment":[{"href":"https:\/\/acuariosupremus.com\/index.php?rest_route=%2Fwp%2Fv2%2Fmedia&parent=9159"}],"wp:term":[{"taxonomy":"product_brand","embeddable":true,"href":"https:\/\/acuariosupremus.com\/index.php?rest_route=%2Fwp%2Fv2%2Fproduct_brand&post=9159"},{"taxonomy":"product_cat","embeddable":true,"href":"https:\/\/acuariosupremus.com\/index.php?rest_route=%2Fwp%2Fv2%2Fproduct_cat&post=9159"},{"taxonomy":"product_tag","embeddable":true,"href":"https:\/\/acuariosupremus.com\/index.php?rest_route=%2Fwp%2Fv2%2Fproduct_tag&post=9159"}],"curies":[{"name":"wp","href":"https:\/\/api.w.org\/{rel}","templated":true}]}}