{"id":9202,"date":"2022-05-11T16:44:36","date_gmt":"2022-05-11T21:44:36","guid":{"rendered":"https:\/\/acuariosupremus.com\/?post_type=product&#038;p=9202"},"modified":"2025-12-27T17:44:35","modified_gmt":"2025-12-27T23:44:35","slug":"reef-glue-20-g-pegamento-para-corales","status":"publish","type":"product","link":"https:\/\/acuariosupremus.com\/?product=reef-glue-20-g-pegamento-para-corales","title":{"rendered":"Reef Glue 20 g, Pegamento para corales."},"content":{"rendered":"<p>Reef GlueTM se puede utilizar en cualquier proyecto de paisajismo en acuarios de agua dulce o salada, y tambi\u00e9n para cualquier reparaci\u00f3n de material pl\u00e1stico. Reef GlueTM se presenta en un tubo de aluminio para extender su vida \u00fatil y estabilidad m\u00e1s all\u00e1 que otros adhesivos contenidos en botellas de pl\u00e1stico, ya que no se seca dentro del tubo. Para adherir fragmentos, colonias, o para paisajismo general. Este envase contiene 20g de gel adhesivo.<br \/>\nPara adherir dos partes, ensaye primero la uni\u00f3n para verificar el resultado y la superficie de contacto entre las dos partes. Coloque una peque\u00f1a cantidad de pegamento en cada objeto en el punto donde va a unirse y coloque inmediatamente las partes unidas en el lugar donde va a permanecer. Al contacto con el agua se formar\u00e1 una \u201cpiel\u201d en la superficie del pegamento. Para mejorar la uni\u00f3n es conveniente romper esa \u201cpiel\u201d presionando ambas piezas durante 15 segundos. (M\u00e1s tiempo si lo hace en zonas con un fuerte flujo de agua). Compruebe la robustez de la uni\u00f3n y a\u00f1ada m\u00e1s pegamento en el per\u00edmetro de la adhesi\u00f3n si es necesario para afianzar a\u00fan m\u00e1s la sujeci\u00f3n<\/p>\n<p>Producto: Reef Glue TM. Tama\u00f1o envase: 18 x 30 x 116 mm. (l x a x h), embalaje : 73 x 16 x 181 mm. (l x a x h) Peso envase: 0.025 (Kg.), embalaje : 0.035 (Kg.).<\/p>\n<p>&nbsp;<\/p>\n","protected":false},"excerpt":{"rendered":"<p>Reef GlueTM es un gel adhesivo de cianocrilato Premium dise\u00f1ado para el montaje y fijaci\u00f3n de colonias y fragmentos de coral a rocas vivas o elementos de soporte espec\u00edficos. Este adhesivo reacciona en segundos y tiene excelentes propiedades de retenci\u00f3n y durabilidad, dando la posibilidad de controlar la uni\u00f3n con precisi\u00f3n mientras fragua. Puede utilizarse incluso bajo el agua.<\/p>\n","protected":false},"featured_media":9204,"template":"","meta":[],"product_brand":[123],"product_cat":[40,94],"product_tag":[780,779],"class_list":{"0":"post-9202","1":"product","2":"type-product","3":"status-publish","4":"has-post-thumbnail","6":"product_brand-seachem","7":"product_cat-peces","8":"product_cat-arrecife","9":"product_tag-pegamento-para-corales","10":"product_tag-reef-glue","12":"first","13":"instock","14":"sale","15":"shipping-taxable","16":"purchasable","17":"product-type-simple"},"yoast_head":"<!-- This site is optimized with the Yoast SEO plugin v27.5 - https:\/\/yoast.com\/product\/yoast-seo-wordpress\/ -->\n<title>Reef Glue 20 g, Pegamento para corales. | Acuario Supremus<\/title>\n<meta name=\"description\" content=\"Reef GlueTM es un gel adhesivo de cianocrilato Premium dise\u00f1ado para el montaje y fijaci\u00f3n de colonias y fragmentos de coral a rocas vivas.\" \/>\n<meta name=\"robots\" content=\"index, follow, max-snippet:-1, max-image-preview:large, max-video-preview:-1\" \/>\n<link rel=\"canonical\" href=\"https:\/\/acuariosupremus.com\/?product=reef-glue-20-g-pegamento-para-corales\" \/>\n<meta property=\"og:locale\" content=\"es_MX\" \/>\n<meta property=\"og:type\" content=\"article\" \/>\n<meta property=\"og:title\" content=\"Reef Glue 20 g, Pegamento para corales. | Acuario Supremus\" \/>\n<meta property=\"og:description\" content=\"Reef GlueTM es un gel adhesivo de cianocrilato Premium dise\u00f1ado para el montaje y fijaci\u00f3n de colonias y fragmentos de coral a rocas vivas.\" \/>\n<meta property=\"og:url\" content=\"https:\/\/acuariosupremus.com\/?product=reef-glue-20-g-pegamento-para-corales\" \/>\n<meta property=\"og:site_name\" content=\"Acuario Supremus\" \/>\n<meta property=\"article:publisher\" content=\"https:\/\/www.facebook.com\/AcuarioSupremus\" \/>\n<meta property=\"article:modified_time\" content=\"2025-12-27T23:44:35+00:00\" \/>\n<meta property=\"og:image\" content=\"https:\/\/acuariosupremus.com\/wp-content\/uploads\/2022\/05\/seachem_reef_glue_01.jpg\" \/>\n\t<meta property=\"og:image:width\" content=\"1250\" \/>\n\t<meta property=\"og:image:height\" content=\"1250\" \/>\n\t<meta property=\"og:image:type\" content=\"image\/jpeg\" \/>\n<meta name=\"twitter:card\" content=\"summary_large_image\" \/>\n<meta name=\"twitter:site\" content=\"@AcuarioSupremus\" \/>\n<meta name=\"twitter:label1\" content=\"Tiempo de lectura\" \/>\n\t<meta name=\"twitter:data1\" content=\"2 minutos\" \/>\n<script type=\"application\/ld+json\" class=\"yoast-schema-graph\">{\"@context\":\"https:\\\/\\\/schema.org\",\"@graph\":[{\"@type\":\"WebPage\",\"@id\":\"https:\\\/\\\/acuariosupremus.com\\\/?product=reef-glue-20-g-pegamento-para-corales\",\"url\":\"https:\\\/\\\/acuariosupremus.com\\\/?product=reef-glue-20-g-pegamento-para-corales\",\"name\":\"Reef Glue 20 g, Pegamento para corales. | Acuario Supremus\",\"isPartOf\":{\"@id\":\"https:\\\/\\\/acuariosupremus.com\\\/#website\"},\"primaryImageOfPage\":{\"@id\":\"https:\\\/\\\/acuariosupremus.com\\\/?product=reef-glue-20-g-pegamento-para-corales#primaryimage\"},\"image\":{\"@id\":\"https:\\\/\\\/acuariosupremus.com\\\/?product=reef-glue-20-g-pegamento-para-corales#primaryimage\"},\"thumbnailUrl\":\"https:\\\/\\\/acuariosupremus.com\\\/wp-content\\\/uploads\\\/2022\\\/05\\\/seachem_reef_glue_01.jpg\",\"datePublished\":\"2022-05-11T21:44:36+00:00\",\"dateModified\":\"2025-12-27T23:44:35+00:00\",\"description\":\"Reef GlueTM es un gel adhesivo de cianocrilato Premium dise\u00f1ado para el montaje y fijaci\u00f3n de colonias y fragmentos de coral a rocas vivas.\",\"breadcrumb\":{\"@id\":\"https:\\\/\\\/acuariosupremus.com\\\/?product=reef-glue-20-g-pegamento-para-corales#breadcrumb\"},\"inLanguage\":\"es\",\"potentialAction\":[{\"@type\":\"ReadAction\",\"target\":[\"https:\\\/\\\/acuariosupremus.com\\\/?product=reef-glue-20-g-pegamento-para-corales\"]}]},{\"@type\":\"ImageObject\",\"inLanguage\":\"es\",\"@id\":\"https:\\\/\\\/acuariosupremus.com\\\/?product=reef-glue-20-g-pegamento-para-corales#primaryimage\",\"url\":\"https:\\\/\\\/acuariosupremus.com\\\/wp-content\\\/uploads\\\/2022\\\/05\\\/seachem_reef_glue_01.jpg\",\"contentUrl\":\"https:\\\/\\\/acuariosupremus.com\\\/wp-content\\\/uploads\\\/2022\\\/05\\\/seachem_reef_glue_01.jpg\",\"width\":1250,\"height\":1250},{\"@type\":\"BreadcrumbList\",\"@id\":\"https:\\\/\\\/acuariosupremus.com\\\/?product=reef-glue-20-g-pegamento-para-corales#breadcrumb\",\"itemListElement\":[{\"@type\":\"ListItem\",\"position\":1,\"name\":\"Portada\",\"item\":\"https:\\\/\\\/acuariosupremus.com\\\/\"},{\"@type\":\"ListItem\",\"position\":2,\"name\":\"Tienda\",\"item\":\"https:\\\/\\\/acuariosupremus.com\\\/tienda\\\/\"},{\"@type\":\"ListItem\",\"position\":3,\"name\":\"Reef Glue 20 g, Pegamento para corales.\"}]},{\"@type\":\"WebSite\",\"@id\":\"https:\\\/\\\/acuariosupremus.com\\\/#website\",\"url\":\"https:\\\/\\\/acuariosupremus.com\\\/\",\"name\":\"Acuario Supremus\",\"description\":\"Peces, Peceras y Mascotas.\",\"publisher\":{\"@id\":\"https:\\\/\\\/acuariosupremus.com\\\/#organization\"},\"potentialAction\":[{\"@type\":\"SearchAction\",\"target\":{\"@type\":\"EntryPoint\",\"urlTemplate\":\"https:\\\/\\\/acuariosupremus.com\\\/?s={search_term_string}\"},\"query-input\":{\"@type\":\"PropertyValueSpecification\",\"valueRequired\":true,\"valueName\":\"search_term_string\"}}],\"inLanguage\":\"es\"},{\"@type\":\"Organization\",\"@id\":\"https:\\\/\\\/acuariosupremus.com\\\/#organization\",\"name\":\"Acuario Supremus\",\"url\":\"https:\\\/\\\/acuariosupremus.com\\\/\",\"logo\":{\"@type\":\"ImageObject\",\"inLanguage\":\"es\",\"@id\":\"https:\\\/\\\/acuariosupremus.com\\\/#\\\/schema\\\/logo\\\/image\\\/\",\"url\":\"https:\\\/\\\/acuariosupremus.com\\\/wp-content\\\/uploads\\\/2021\\\/12\\\/cropped-logo_acuario_supremus_fn-2.png\",\"contentUrl\":\"https:\\\/\\\/acuariosupremus.com\\\/wp-content\\\/uploads\\\/2021\\\/12\\\/cropped-logo_acuario_supremus_fn-2.png\",\"width\":1000,\"height\":318,\"caption\":\"Acuario Supremus\"},\"image\":{\"@id\":\"https:\\\/\\\/acuariosupremus.com\\\/#\\\/schema\\\/logo\\\/image\\\/\"},\"sameAs\":[\"https:\\\/\\\/www.facebook.com\\\/AcuarioSupremus\",\"https:\\\/\\\/x.com\\\/AcuarioSupremus\",\"https:\\\/\\\/www.instagram.com\\\/acuariosupremus\\\/?hl=es\"]}]}<\/script>\n<!-- \/ Yoast SEO plugin. -->","yoast_head_json":{"title":"Reef Glue 20 g, Pegamento para corales. | Acuario Supremus","description":"Reef GlueTM es un gel adhesivo de cianocrilato Premium dise\u00f1ado para el montaje y fijaci\u00f3n de colonias y fragmentos de coral a rocas vivas.","robots":{"index":"index","follow":"follow","max-snippet":"max-snippet:-1","max-image-preview":"max-image-preview:large","max-video-preview":"max-video-preview:-1"},"canonical":"https:\/\/acuariosupremus.com\/?product=reef-glue-20-g-pegamento-para-corales","og_locale":"es_MX","og_type":"article","og_title":"Reef Glue 20 g, Pegamento para corales. | Acuario Supremus","og_description":"Reef GlueTM es un gel adhesivo de cianocrilato Premium dise\u00f1ado para el montaje y fijaci\u00f3n de colonias y fragmentos de coral a rocas vivas.","og_url":"https:\/\/acuariosupremus.com\/?product=reef-glue-20-g-pegamento-para-corales","og_site_name":"Acuario Supremus","article_publisher":"https:\/\/www.facebook.com\/AcuarioSupremus","article_modified_time":"2025-12-27T23:44:35+00:00","og_image":[{"width":1250,"height":1250,"url":"https:\/\/acuariosupremus.com\/wp-content\/uploads\/2022\/05\/seachem_reef_glue_01.jpg","type":"image\/jpeg"}],"twitter_card":"summary_large_image","twitter_site":"@AcuarioSupremus","twitter_misc":{"Tiempo de lectura":"2 minutos"},"schema":{"@context":"https:\/\/schema.org","@graph":[{"@type":"WebPage","@id":"https:\/\/acuariosupremus.com\/?product=reef-glue-20-g-pegamento-para-corales","url":"https:\/\/acuariosupremus.com\/?product=reef-glue-20-g-pegamento-para-corales","name":"Reef Glue 20 g, Pegamento para corales. | Acuario Supremus","isPartOf":{"@id":"https:\/\/acuariosupremus.com\/#website"},"primaryImageOfPage":{"@id":"https:\/\/acuariosupremus.com\/?product=reef-glue-20-g-pegamento-para-corales#primaryimage"},"image":{"@id":"https:\/\/acuariosupremus.com\/?product=reef-glue-20-g-pegamento-para-corales#primaryimage"},"thumbnailUrl":"https:\/\/acuariosupremus.com\/wp-content\/uploads\/2022\/05\/seachem_reef_glue_01.jpg","datePublished":"2022-05-11T21:44:36+00:00","dateModified":"2025-12-27T23:44:35+00:00","description":"Reef GlueTM es un gel adhesivo de cianocrilato Premium dise\u00f1ado para el montaje y fijaci\u00f3n de colonias y fragmentos de coral a rocas vivas.","breadcrumb":{"@id":"https:\/\/acuariosupremus.com\/?product=reef-glue-20-g-pegamento-para-corales#breadcrumb"},"inLanguage":"es","potentialAction":[{"@type":"ReadAction","target":["https:\/\/acuariosupremus.com\/?product=reef-glue-20-g-pegamento-para-corales"]}]},{"@type":"ImageObject","inLanguage":"es","@id":"https:\/\/acuariosupremus.com\/?product=reef-glue-20-g-pegamento-para-corales#primaryimage","url":"https:\/\/acuariosupremus.com\/wp-content\/uploads\/2022\/05\/seachem_reef_glue_01.jpg","contentUrl":"https:\/\/acuariosupremus.com\/wp-content\/uploads\/2022\/05\/seachem_reef_glue_01.jpg","width":1250,"height":1250},{"@type":"BreadcrumbList","@id":"https:\/\/acuariosupremus.com\/?product=reef-glue-20-g-pegamento-para-corales#breadcrumb","itemListElement":[{"@type":"ListItem","position":1,"name":"Portada","item":"https:\/\/acuariosupremus.com\/"},{"@type":"ListItem","position":2,"name":"Tienda","item":"https:\/\/acuariosupremus.com\/tienda\/"},{"@type":"ListItem","position":3,"name":"Reef Glue 20 g, Pegamento para corales."}]},{"@type":"WebSite","@id":"https:\/\/acuariosupremus.com\/#website","url":"https:\/\/acuariosupremus.com\/","name":"Acuario Supremus","description":"Peces, Peceras y Mascotas.","publisher":{"@id":"https:\/\/acuariosupremus.com\/#organization"},"potentialAction":[{"@type":"SearchAction","target":{"@type":"EntryPoint","urlTemplate":"https:\/\/acuariosupremus.com\/?s={search_term_string}"},"query-input":{"@type":"PropertyValueSpecification","valueRequired":true,"valueName":"search_term_string"}}],"inLanguage":"es"},{"@type":"Organization","@id":"https:\/\/acuariosupremus.com\/#organization","name":"Acuario Supremus","url":"https:\/\/acuariosupremus.com\/","logo":{"@type":"ImageObject","inLanguage":"es","@id":"https:\/\/acuariosupremus.com\/#\/schema\/logo\/image\/","url":"https:\/\/acuariosupremus.com\/wp-content\/uploads\/2021\/12\/cropped-logo_acuario_supremus_fn-2.png","contentUrl":"https:\/\/acuariosupremus.com\/wp-content\/uploads\/2021\/12\/cropped-logo_acuario_supremus_fn-2.png","width":1000,"height":318,"caption":"Acuario Supremus"},"image":{"@id":"https:\/\/acuariosupremus.com\/#\/schema\/logo\/image\/"},"sameAs":["https:\/\/www.facebook.com\/AcuarioSupremus","https:\/\/x.com\/AcuarioSupremus","https:\/\/www.instagram.com\/acuariosupremus\/?hl=es"]}]}},"jetpack_sharing_enabled":true,"_links":{"self":[{"href":"https:\/\/acuariosupremus.com\/index.php?rest_route=\/wp\/v2\/product\/9202","targetHints":{"allow":["GET"]}}],"collection":[{"href":"https:\/\/acuariosupremus.com\/index.php?rest_route=\/wp\/v2\/product"}],"about":[{"href":"https:\/\/acuariosupremus.com\/index.php?rest_route=\/wp\/v2\/types\/product"}],"wp:featuredmedia":[{"embeddable":true,"href":"https:\/\/acuariosupremus.com\/index.php?rest_route=\/wp\/v2\/media\/9204"}],"wp:attachment":[{"href":"https:\/\/acuariosupremus.com\/index.php?rest_route=%2Fwp%2Fv2%2Fmedia&parent=9202"}],"wp:term":[{"taxonomy":"product_brand","embeddable":true,"href":"https:\/\/acuariosupremus.com\/index.php?rest_route=%2Fwp%2Fv2%2Fproduct_brand&post=9202"},{"taxonomy":"product_cat","embeddable":true,"href":"https:\/\/acuariosupremus.com\/index.php?rest_route=%2Fwp%2Fv2%2Fproduct_cat&post=9202"},{"taxonomy":"product_tag","embeddable":true,"href":"https:\/\/acuariosupremus.com\/index.php?rest_route=%2Fwp%2Fv2%2Fproduct_tag&post=9202"}],"curies":[{"name":"wp","href":"https:\/\/api.w.org\/{rel}","templated":true}]}}