{"id":9255,"date":"2022-05-12T14:32:30","date_gmt":"2022-05-12T19:32:30","guid":{"rendered":"https:\/\/acuariosupremus.com\/?post_type=product&#038;p=9255"},"modified":"2025-12-29T13:38:35","modified_gmt":"2025-12-29T19:38:35","slug":"matrix-2-l-filtracion-biologica","status":"publish","type":"product","link":"https:\/\/acuariosupremus.com\/?product=matrix-2-l-filtracion-biologica","title":{"rendered":"Matrix 2 L, Filtraci\u00f3n Biol\u00f3gica."},"content":{"rendered":"<p>Matrix \u2122 es un medio filtrante de alta porosidad que metaboliza eficazmente los residuos nitrogenados del acuario mediante filtraci\u00f3n biol\u00f3gica. Matrix \u2122 consiste en una grava s\u00f3lida inorg\u00e1nica y porosa de unos 10 mm de di\u00e1metro. Cada litro de Matrix \u2122 proporciona mayor superficie (&gt; ~ 700 m2) que 170 litros de bolas de pl\u00e1stico. Los medios filtrantes pl\u00e1sticos aportan \u00fanicamente su superficie externa, mientras que Matrix \u2122 proporciona una superficie macro-porosa tanto por fuera como internamente. Adem\u00e1s, estos macro-poros son de tama\u00f1o ideal para favorecer el desarrollo de las bacterias nitrificantes y desnitrificantes, metabolizando al mismo tiempo amon\u00edaco nitrito y nitrato. Esta ventaja marca una clara diferencia con respecto a otros medios filtrantes biol\u00f3gicos. Matrix \u2122 es completamente inerte, no se rompe y no necesita ser reemplazado. Debido a que la mayor\u00eda de las bacterias se encuentran en el interior de cada gr\u00e1nulo, Matrix \u2122 puede ser enjuagado cuando sea necesario sin da\u00f1ar la cepa de bacterias del filtro. Matrix \u2122 es compatible con todos los tipos de filtros, tanto sumergidos como del tipo seco-h\u00famedo. Uso: 500 ml. de Matrix \u2122 son suficientes para un acuario de 200 litros. Puede ser colocado en cualquier tipo de filtro, siendo particularmente eficaz en un filtro externo tipo canasta. Los gr\u00e1nulos de Matrix \u2122 son lo suficientemente grandes para no requerir meterlos dentro de una bosa de malla para la mayor\u00eda de aplicaciones. Matrix \u2122 act\u00faa muy bien en sistemas de bandeja de goteo, sin embargo Pond Matrix \u2122 es m\u00e1s adecuado para este tipo de aplicaciones debido a su mayor tama\u00f1o de gr\u00e1nulos.<\/p>\n<p>Producto: Matrix 2L. Tama\u00f1o 125x125x195 mm. (l x a x h),\u00a0 Peso envase: 1.665 (Kg.).<\/p>\n<p>&nbsp;<\/p>\n","protected":false},"excerpt":{"rendered":"<p>Matrix \u2122 es un medio filtrante de alta porosidad que metaboliza eficazmente los residuos nitrogenados del acuario mediante filtraci\u00f3n biol\u00f3gica. Matrix \u2122 consiste en una grava s\u00f3lida inorg\u00e1nica y porosa de unos 10 mm de di\u00e1metro.<\/p>\n","protected":false},"featured_media":9256,"template":"","meta":[],"product_brand":[123],"product_cat":[40,48],"product_tag":[212,195,782,785],"class_list":{"0":"post-9255","1":"product","2":"type-product","3":"status-publish","4":"has-post-thumbnail","6":"product_brand-seachem","7":"product_cat-peces","8":"product_cat-material-filtrante","9":"product_tag-colonia-bacteriana","10":"product_tag-filtracion-biologica","11":"product_tag-material-filtrante-pro","12":"product_tag-matrix","14":"first","15":"instock","16":"sale","17":"shipping-taxable","18":"purchasable","19":"product-type-simple"},"yoast_head":"<!-- This site is optimized with the Yoast SEO plugin v27.4 - https:\/\/yoast.com\/product\/yoast-seo-wordpress\/ -->\n<title>Matrix 2 L, Filtraci\u00f3n Biol\u00f3gica. | Acuario Supremus<\/title>\n<meta name=\"description\" content=\"Matrix \u2122 es un medio filtrante de alta porosidad que metaboliza eficazmente los residuos nitrogenados del acuario mediante filtraci\u00f3n biol\u00f3gica.\" \/>\n<meta name=\"robots\" content=\"index, follow, max-snippet:-1, max-image-preview:large, max-video-preview:-1\" \/>\n<link rel=\"canonical\" href=\"https:\/\/acuariosupremus.com\/?product=matrix-2-l-filtracion-biologica\" \/>\n<meta property=\"og:locale\" content=\"es_MX\" \/>\n<meta property=\"og:type\" content=\"article\" \/>\n<meta property=\"og:title\" content=\"Matrix 2 L, Filtraci\u00f3n Biol\u00f3gica. | Acuario Supremus\" \/>\n<meta property=\"og:description\" content=\"Matrix \u2122 es un medio filtrante de alta porosidad que metaboliza eficazmente los residuos nitrogenados del acuario mediante filtraci\u00f3n biol\u00f3gica.\" \/>\n<meta property=\"og:url\" content=\"https:\/\/acuariosupremus.com\/?product=matrix-2-l-filtracion-biologica\" \/>\n<meta property=\"og:site_name\" content=\"Acuario Supremus\" \/>\n<meta property=\"article:publisher\" content=\"https:\/\/www.facebook.com\/AcuarioSupremus\" \/>\n<meta property=\"article:modified_time\" content=\"2025-12-29T19:38:35+00:00\" \/>\n<meta property=\"og:image\" content=\"https:\/\/acuariosupremus.com\/wp-content\/uploads\/2022\/05\/seachem_matrix_04-1.jpg\" \/>\n\t<meta property=\"og:image:width\" content=\"1250\" \/>\n\t<meta property=\"og:image:height\" content=\"1250\" \/>\n\t<meta property=\"og:image:type\" content=\"image\/jpeg\" \/>\n<meta name=\"twitter:card\" content=\"summary_large_image\" \/>\n<meta name=\"twitter:site\" content=\"@AcuarioSupremus\" \/>\n<meta name=\"twitter:label1\" content=\"Tiempo de lectura\" \/>\n\t<meta name=\"twitter:data1\" content=\"2 minutos\" \/>\n<script type=\"application\/ld+json\" class=\"yoast-schema-graph\">{\"@context\":\"https:\\\/\\\/schema.org\",\"@graph\":[{\"@type\":\"WebPage\",\"@id\":\"https:\\\/\\\/acuariosupremus.com\\\/?product=matrix-2-l-filtracion-biologica\",\"url\":\"https:\\\/\\\/acuariosupremus.com\\\/?product=matrix-2-l-filtracion-biologica\",\"name\":\"Matrix 2 L, Filtraci\u00f3n Biol\u00f3gica. | Acuario Supremus\",\"isPartOf\":{\"@id\":\"https:\\\/\\\/acuariosupremus.com\\\/#website\"},\"primaryImageOfPage\":{\"@id\":\"https:\\\/\\\/acuariosupremus.com\\\/?product=matrix-2-l-filtracion-biologica#primaryimage\"},\"image\":{\"@id\":\"https:\\\/\\\/acuariosupremus.com\\\/?product=matrix-2-l-filtracion-biologica#primaryimage\"},\"thumbnailUrl\":\"https:\\\/\\\/acuariosupremus.com\\\/wp-content\\\/uploads\\\/2022\\\/05\\\/seachem_matrix_04-1.jpg\",\"datePublished\":\"2022-05-12T19:32:30+00:00\",\"dateModified\":\"2025-12-29T19:38:35+00:00\",\"description\":\"Matrix \u2122 es un medio filtrante de alta porosidad que metaboliza eficazmente los residuos nitrogenados del acuario mediante filtraci\u00f3n biol\u00f3gica.\",\"breadcrumb\":{\"@id\":\"https:\\\/\\\/acuariosupremus.com\\\/?product=matrix-2-l-filtracion-biologica#breadcrumb\"},\"inLanguage\":\"es\",\"potentialAction\":[{\"@type\":\"ReadAction\",\"target\":[\"https:\\\/\\\/acuariosupremus.com\\\/?product=matrix-2-l-filtracion-biologica\"]}]},{\"@type\":\"ImageObject\",\"inLanguage\":\"es\",\"@id\":\"https:\\\/\\\/acuariosupremus.com\\\/?product=matrix-2-l-filtracion-biologica#primaryimage\",\"url\":\"https:\\\/\\\/acuariosupremus.com\\\/wp-content\\\/uploads\\\/2022\\\/05\\\/seachem_matrix_04-1.jpg\",\"contentUrl\":\"https:\\\/\\\/acuariosupremus.com\\\/wp-content\\\/uploads\\\/2022\\\/05\\\/seachem_matrix_04-1.jpg\",\"width\":1250,\"height\":1250},{\"@type\":\"BreadcrumbList\",\"@id\":\"https:\\\/\\\/acuariosupremus.com\\\/?product=matrix-2-l-filtracion-biologica#breadcrumb\",\"itemListElement\":[{\"@type\":\"ListItem\",\"position\":1,\"name\":\"Portada\",\"item\":\"https:\\\/\\\/acuariosupremus.com\\\/\"},{\"@type\":\"ListItem\",\"position\":2,\"name\":\"Tienda\",\"item\":\"https:\\\/\\\/acuariosupremus.com\\\/tienda\\\/\"},{\"@type\":\"ListItem\",\"position\":3,\"name\":\"Matrix 2 L, Filtraci\u00f3n Biol\u00f3gica.\"}]},{\"@type\":\"WebSite\",\"@id\":\"https:\\\/\\\/acuariosupremus.com\\\/#website\",\"url\":\"https:\\\/\\\/acuariosupremus.com\\\/\",\"name\":\"Acuario Supremus\",\"description\":\"Peces, Peceras y Mascotas.\",\"publisher\":{\"@id\":\"https:\\\/\\\/acuariosupremus.com\\\/#organization\"},\"potentialAction\":[{\"@type\":\"SearchAction\",\"target\":{\"@type\":\"EntryPoint\",\"urlTemplate\":\"https:\\\/\\\/acuariosupremus.com\\\/?s={search_term_string}\"},\"query-input\":{\"@type\":\"PropertyValueSpecification\",\"valueRequired\":true,\"valueName\":\"search_term_string\"}}],\"inLanguage\":\"es\"},{\"@type\":\"Organization\",\"@id\":\"https:\\\/\\\/acuariosupremus.com\\\/#organization\",\"name\":\"Acuario Supremus\",\"url\":\"https:\\\/\\\/acuariosupremus.com\\\/\",\"logo\":{\"@type\":\"ImageObject\",\"inLanguage\":\"es\",\"@id\":\"https:\\\/\\\/acuariosupremus.com\\\/#\\\/schema\\\/logo\\\/image\\\/\",\"url\":\"https:\\\/\\\/acuariosupremus.com\\\/wp-content\\\/uploads\\\/2021\\\/12\\\/cropped-logo_acuario_supremus_fn-2.png\",\"contentUrl\":\"https:\\\/\\\/acuariosupremus.com\\\/wp-content\\\/uploads\\\/2021\\\/12\\\/cropped-logo_acuario_supremus_fn-2.png\",\"width\":1000,\"height\":318,\"caption\":\"Acuario Supremus\"},\"image\":{\"@id\":\"https:\\\/\\\/acuariosupremus.com\\\/#\\\/schema\\\/logo\\\/image\\\/\"},\"sameAs\":[\"https:\\\/\\\/www.facebook.com\\\/AcuarioSupremus\",\"https:\\\/\\\/x.com\\\/AcuarioSupremus\",\"https:\\\/\\\/www.instagram.com\\\/acuariosupremus\\\/?hl=es\"]}]}<\/script>\n<!-- \/ Yoast SEO plugin. -->","yoast_head_json":{"title":"Matrix 2 L, Filtraci\u00f3n Biol\u00f3gica. | Acuario Supremus","description":"Matrix \u2122 es un medio filtrante de alta porosidad que metaboliza eficazmente los residuos nitrogenados del acuario mediante filtraci\u00f3n biol\u00f3gica.","robots":{"index":"index","follow":"follow","max-snippet":"max-snippet:-1","max-image-preview":"max-image-preview:large","max-video-preview":"max-video-preview:-1"},"canonical":"https:\/\/acuariosupremus.com\/?product=matrix-2-l-filtracion-biologica","og_locale":"es_MX","og_type":"article","og_title":"Matrix 2 L, Filtraci\u00f3n Biol\u00f3gica. | Acuario Supremus","og_description":"Matrix \u2122 es un medio filtrante de alta porosidad que metaboliza eficazmente los residuos nitrogenados del acuario mediante filtraci\u00f3n biol\u00f3gica.","og_url":"https:\/\/acuariosupremus.com\/?product=matrix-2-l-filtracion-biologica","og_site_name":"Acuario Supremus","article_publisher":"https:\/\/www.facebook.com\/AcuarioSupremus","article_modified_time":"2025-12-29T19:38:35+00:00","og_image":[{"width":1250,"height":1250,"url":"https:\/\/acuariosupremus.com\/wp-content\/uploads\/2022\/05\/seachem_matrix_04-1.jpg","type":"image\/jpeg"}],"twitter_card":"summary_large_image","twitter_site":"@AcuarioSupremus","twitter_misc":{"Tiempo de lectura":"2 minutos"},"schema":{"@context":"https:\/\/schema.org","@graph":[{"@type":"WebPage","@id":"https:\/\/acuariosupremus.com\/?product=matrix-2-l-filtracion-biologica","url":"https:\/\/acuariosupremus.com\/?product=matrix-2-l-filtracion-biologica","name":"Matrix 2 L, Filtraci\u00f3n Biol\u00f3gica. | Acuario Supremus","isPartOf":{"@id":"https:\/\/acuariosupremus.com\/#website"},"primaryImageOfPage":{"@id":"https:\/\/acuariosupremus.com\/?product=matrix-2-l-filtracion-biologica#primaryimage"},"image":{"@id":"https:\/\/acuariosupremus.com\/?product=matrix-2-l-filtracion-biologica#primaryimage"},"thumbnailUrl":"https:\/\/acuariosupremus.com\/wp-content\/uploads\/2022\/05\/seachem_matrix_04-1.jpg","datePublished":"2022-05-12T19:32:30+00:00","dateModified":"2025-12-29T19:38:35+00:00","description":"Matrix \u2122 es un medio filtrante de alta porosidad que metaboliza eficazmente los residuos nitrogenados del acuario mediante filtraci\u00f3n biol\u00f3gica.","breadcrumb":{"@id":"https:\/\/acuariosupremus.com\/?product=matrix-2-l-filtracion-biologica#breadcrumb"},"inLanguage":"es","potentialAction":[{"@type":"ReadAction","target":["https:\/\/acuariosupremus.com\/?product=matrix-2-l-filtracion-biologica"]}]},{"@type":"ImageObject","inLanguage":"es","@id":"https:\/\/acuariosupremus.com\/?product=matrix-2-l-filtracion-biologica#primaryimage","url":"https:\/\/acuariosupremus.com\/wp-content\/uploads\/2022\/05\/seachem_matrix_04-1.jpg","contentUrl":"https:\/\/acuariosupremus.com\/wp-content\/uploads\/2022\/05\/seachem_matrix_04-1.jpg","width":1250,"height":1250},{"@type":"BreadcrumbList","@id":"https:\/\/acuariosupremus.com\/?product=matrix-2-l-filtracion-biologica#breadcrumb","itemListElement":[{"@type":"ListItem","position":1,"name":"Portada","item":"https:\/\/acuariosupremus.com\/"},{"@type":"ListItem","position":2,"name":"Tienda","item":"https:\/\/acuariosupremus.com\/tienda\/"},{"@type":"ListItem","position":3,"name":"Matrix 2 L, Filtraci\u00f3n Biol\u00f3gica."}]},{"@type":"WebSite","@id":"https:\/\/acuariosupremus.com\/#website","url":"https:\/\/acuariosupremus.com\/","name":"Acuario Supremus","description":"Peces, Peceras y Mascotas.","publisher":{"@id":"https:\/\/acuariosupremus.com\/#organization"},"potentialAction":[{"@type":"SearchAction","target":{"@type":"EntryPoint","urlTemplate":"https:\/\/acuariosupremus.com\/?s={search_term_string}"},"query-input":{"@type":"PropertyValueSpecification","valueRequired":true,"valueName":"search_term_string"}}],"inLanguage":"es"},{"@type":"Organization","@id":"https:\/\/acuariosupremus.com\/#organization","name":"Acuario Supremus","url":"https:\/\/acuariosupremus.com\/","logo":{"@type":"ImageObject","inLanguage":"es","@id":"https:\/\/acuariosupremus.com\/#\/schema\/logo\/image\/","url":"https:\/\/acuariosupremus.com\/wp-content\/uploads\/2021\/12\/cropped-logo_acuario_supremus_fn-2.png","contentUrl":"https:\/\/acuariosupremus.com\/wp-content\/uploads\/2021\/12\/cropped-logo_acuario_supremus_fn-2.png","width":1000,"height":318,"caption":"Acuario Supremus"},"image":{"@id":"https:\/\/acuariosupremus.com\/#\/schema\/logo\/image\/"},"sameAs":["https:\/\/www.facebook.com\/AcuarioSupremus","https:\/\/x.com\/AcuarioSupremus","https:\/\/www.instagram.com\/acuariosupremus\/?hl=es"]}]}},"jetpack_sharing_enabled":true,"_links":{"self":[{"href":"https:\/\/acuariosupremus.com\/index.php?rest_route=\/wp\/v2\/product\/9255","targetHints":{"allow":["GET"]}}],"collection":[{"href":"https:\/\/acuariosupremus.com\/index.php?rest_route=\/wp\/v2\/product"}],"about":[{"href":"https:\/\/acuariosupremus.com\/index.php?rest_route=\/wp\/v2\/types\/product"}],"wp:featuredmedia":[{"embeddable":true,"href":"https:\/\/acuariosupremus.com\/index.php?rest_route=\/wp\/v2\/media\/9256"}],"wp:attachment":[{"href":"https:\/\/acuariosupremus.com\/index.php?rest_route=%2Fwp%2Fv2%2Fmedia&parent=9255"}],"wp:term":[{"taxonomy":"product_brand","embeddable":true,"href":"https:\/\/acuariosupremus.com\/index.php?rest_route=%2Fwp%2Fv2%2Fproduct_brand&post=9255"},{"taxonomy":"product_cat","embeddable":true,"href":"https:\/\/acuariosupremus.com\/index.php?rest_route=%2Fwp%2Fv2%2Fproduct_cat&post=9255"},{"taxonomy":"product_tag","embeddable":true,"href":"https:\/\/acuariosupremus.com\/index.php?rest_route=%2Fwp%2Fv2%2Fproduct_tag&post=9255"}],"curies":[{"name":"wp","href":"https:\/\/api.w.org\/{rel}","templated":true}]}}