{"id":9267,"date":"2022-05-12T14:49:59","date_gmt":"2022-05-12T19:49:59","guid":{"rendered":"https:\/\/acuariosupremus.com\/?post_type=product&#038;p=9267"},"modified":"2025-12-29T13:39:44","modified_gmt":"2025-12-29T19:39:44","slug":"denitrate-1l-filtracion-biologica","status":"publish","type":"product","link":"https:\/\/acuariosupremus.com\/?product=denitrate-1l-filtracion-biologica","title":{"rendered":"De*nitrate 1L, Filtraci\u00f3n Biol\u00f3gica."},"content":{"rendered":"<p>Denitrate \u2122 es un medio filtrante biol\u00f3gico muy poroso econ\u00f3mico y natural. La peculiar geometr\u00eda y distribuci\u00f3n de sus poros permite una doble acci\u00f3n: Desde la superficie de cada grano hasta unos pocos mil\u00edmetros hacia su interior se desarrollan bacterias que metabolizan el amon\u00edaco y el nitrito, mientras que en cada n\u00facleo las condiciones anaerobias favorecen la desnitrificaci\u00f3n bacteriana, dando como resultado una descomposici\u00f3n constante del nitrato del acuario. Gracias a su alta superficie soporta una gran cantidad de bacterias que aumentan notablemente su rendimiento. Otros materiales filtrantes de tipo qu\u00edmico tambi\u00e9n son capaces de eliminar el nitrato como ciertas Zeolitas y resinas sint\u00e9ticas. Sin embargo estos m\u00e9todos de adsorci\u00f3n son mucho m\u00e1s limitados que denitrate \u2122 al ser menos eficientes y agotarse r\u00e1pidamente. Bajo condiciones \u00f3ptimas, la acci\u00f3n primaria de denitrate \u2122 es la actividad anaer\u00f3bica, que mantiene la tasa de nitrato bajo control sin tener que sustituir nunca el material. Denitrate \u2122 trabaja perfectamente en agua dulce y saldada de una forma muy similar a la de las rocas vivas en el mar, donde el rendimiento de eliminaci\u00f3n de nitrato depende del nivel de ox\u00edgeno en su interior. Es por ello que debemos limitar el caudal del filtro donde colocamos denitrate \u2122. De este modo evitaremos altas tasas de ox\u00edgeno en el n\u00facleo de los gr\u00e1nulos, propiciando un ambiente anaer\u00f3bico y favoreciendo el desarrollo de las bacterias desnitrificantes. Por encima de los 400 l\/h de caudal denitrate \u2122 actuar\u00e1 como un excelente filtro biol\u00f3gico aerobio, mientras que con caudales inferiores a 200 l\/h eliminar\u00e1 eficazmente el nitrato.<\/p>\n<p>Producto: De*nitrate 1L. Tama\u00f1o 95 x 95 x 200 mm. (l x a x h),\u00a0 Peso envase: 0.795 (Kg.).<\/p>\n<p>&nbsp;<\/p>\n","protected":false},"excerpt":{"rendered":"<p>Denitrate \u2122 es un eficaz material filtrante biol\u00f3gico para la eliminaci\u00f3n de los nitratos del acuario de forma natural, econ\u00f3mica y segura. La distribuci\u00f3n, tama\u00f1o y densidad de sus poros aporta el ambiente id\u00f3neo para la proliferaci\u00f3n de una gran densidad de bacterias anaerobias que metabolizan el nitrato.<\/p>\n","protected":false},"featured_media":9268,"template":"","meta":[],"product_brand":[123],"product_cat":[40,48],"product_tag":[787,195,782,786],"class_list":{"0":"post-9267","1":"product","2":"type-product","3":"status-publish","4":"has-post-thumbnail","6":"product_brand-seachem","7":"product_cat-peces","8":"product_cat-material-filtrante","9":"product_tag-denitrate","10":"product_tag-filtracion-biologica","11":"product_tag-material-filtrante-pro","12":"product_tag-reductor-nitrato","14":"first","15":"instock","16":"sale","17":"shipping-taxable","18":"purchasable","19":"product-type-simple"},"yoast_head":"<!-- This site is optimized with the Yoast SEO plugin v27.4 - https:\/\/yoast.com\/product\/yoast-seo-wordpress\/ -->\n<title>De*nitrate 1L, Filtraci\u00f3n Biol\u00f3gica. | Acuario Supremus<\/title>\n<meta name=\"description\" content=\"Denitrate \u2122 es un eficaz material filtrante biol\u00f3gico para la eliminaci\u00f3n de los nitratos del acuario de forma natural, econ\u00f3mica y segura.\" \/>\n<meta name=\"robots\" content=\"index, follow, max-snippet:-1, max-image-preview:large, max-video-preview:-1\" \/>\n<link rel=\"canonical\" href=\"https:\/\/acuariosupremus.com\/?product=denitrate-1l-filtracion-biologica\" \/>\n<meta property=\"og:locale\" content=\"es_MX\" \/>\n<meta property=\"og:type\" content=\"article\" \/>\n<meta property=\"og:title\" content=\"De*nitrate 1L, Filtraci\u00f3n Biol\u00f3gica. | Acuario Supremus\" \/>\n<meta property=\"og:description\" content=\"Denitrate \u2122 es un eficaz material filtrante biol\u00f3gico para la eliminaci\u00f3n de los nitratos del acuario de forma natural, econ\u00f3mica y segura.\" \/>\n<meta property=\"og:url\" content=\"https:\/\/acuariosupremus.com\/?product=denitrate-1l-filtracion-biologica\" \/>\n<meta property=\"og:site_name\" content=\"Acuario Supremus\" \/>\n<meta property=\"article:publisher\" content=\"https:\/\/www.facebook.com\/AcuarioSupremus\" \/>\n<meta property=\"article:modified_time\" content=\"2025-12-29T19:39:44+00:00\" \/>\n<meta property=\"og:image\" content=\"https:\/\/acuariosupremus.com\/wp-content\/uploads\/2022\/05\/seachem_denitrate_02-1.jpg\" \/>\n\t<meta property=\"og:image:width\" content=\"1250\" \/>\n\t<meta property=\"og:image:height\" content=\"1250\" \/>\n\t<meta property=\"og:image:type\" content=\"image\/jpeg\" \/>\n<meta name=\"twitter:card\" content=\"summary_large_image\" \/>\n<meta name=\"twitter:site\" content=\"@AcuarioSupremus\" \/>\n<meta name=\"twitter:label1\" content=\"Tiempo de lectura\" \/>\n\t<meta name=\"twitter:data1\" content=\"2 minutos\" \/>\n<script type=\"application\/ld+json\" class=\"yoast-schema-graph\">{\"@context\":\"https:\\\/\\\/schema.org\",\"@graph\":[{\"@type\":\"WebPage\",\"@id\":\"https:\\\/\\\/acuariosupremus.com\\\/?product=denitrate-1l-filtracion-biologica\",\"url\":\"https:\\\/\\\/acuariosupremus.com\\\/?product=denitrate-1l-filtracion-biologica\",\"name\":\"De*nitrate 1L, Filtraci\u00f3n Biol\u00f3gica. | Acuario Supremus\",\"isPartOf\":{\"@id\":\"https:\\\/\\\/acuariosupremus.com\\\/#website\"},\"primaryImageOfPage\":{\"@id\":\"https:\\\/\\\/acuariosupremus.com\\\/?product=denitrate-1l-filtracion-biologica#primaryimage\"},\"image\":{\"@id\":\"https:\\\/\\\/acuariosupremus.com\\\/?product=denitrate-1l-filtracion-biologica#primaryimage\"},\"thumbnailUrl\":\"https:\\\/\\\/acuariosupremus.com\\\/wp-content\\\/uploads\\\/2022\\\/05\\\/seachem_denitrate_02-1.jpg\",\"datePublished\":\"2022-05-12T19:49:59+00:00\",\"dateModified\":\"2025-12-29T19:39:44+00:00\",\"description\":\"Denitrate \u2122 es un eficaz material filtrante biol\u00f3gico para la eliminaci\u00f3n de los nitratos del acuario de forma natural, econ\u00f3mica y segura.\",\"breadcrumb\":{\"@id\":\"https:\\\/\\\/acuariosupremus.com\\\/?product=denitrate-1l-filtracion-biologica#breadcrumb\"},\"inLanguage\":\"es\",\"potentialAction\":[{\"@type\":\"ReadAction\",\"target\":[\"https:\\\/\\\/acuariosupremus.com\\\/?product=denitrate-1l-filtracion-biologica\"]}]},{\"@type\":\"ImageObject\",\"inLanguage\":\"es\",\"@id\":\"https:\\\/\\\/acuariosupremus.com\\\/?product=denitrate-1l-filtracion-biologica#primaryimage\",\"url\":\"https:\\\/\\\/acuariosupremus.com\\\/wp-content\\\/uploads\\\/2022\\\/05\\\/seachem_denitrate_02-1.jpg\",\"contentUrl\":\"https:\\\/\\\/acuariosupremus.com\\\/wp-content\\\/uploads\\\/2022\\\/05\\\/seachem_denitrate_02-1.jpg\",\"width\":1250,\"height\":1250},{\"@type\":\"BreadcrumbList\",\"@id\":\"https:\\\/\\\/acuariosupremus.com\\\/?product=denitrate-1l-filtracion-biologica#breadcrumb\",\"itemListElement\":[{\"@type\":\"ListItem\",\"position\":1,\"name\":\"Portada\",\"item\":\"https:\\\/\\\/acuariosupremus.com\\\/\"},{\"@type\":\"ListItem\",\"position\":2,\"name\":\"Tienda\",\"item\":\"https:\\\/\\\/acuariosupremus.com\\\/tienda\\\/\"},{\"@type\":\"ListItem\",\"position\":3,\"name\":\"De*nitrate 1L, Filtraci\u00f3n Biol\u00f3gica.\"}]},{\"@type\":\"WebSite\",\"@id\":\"https:\\\/\\\/acuariosupremus.com\\\/#website\",\"url\":\"https:\\\/\\\/acuariosupremus.com\\\/\",\"name\":\"Acuario Supremus\",\"description\":\"Peces, Peceras y Mascotas.\",\"publisher\":{\"@id\":\"https:\\\/\\\/acuariosupremus.com\\\/#organization\"},\"potentialAction\":[{\"@type\":\"SearchAction\",\"target\":{\"@type\":\"EntryPoint\",\"urlTemplate\":\"https:\\\/\\\/acuariosupremus.com\\\/?s={search_term_string}\"},\"query-input\":{\"@type\":\"PropertyValueSpecification\",\"valueRequired\":true,\"valueName\":\"search_term_string\"}}],\"inLanguage\":\"es\"},{\"@type\":\"Organization\",\"@id\":\"https:\\\/\\\/acuariosupremus.com\\\/#organization\",\"name\":\"Acuario Supremus\",\"url\":\"https:\\\/\\\/acuariosupremus.com\\\/\",\"logo\":{\"@type\":\"ImageObject\",\"inLanguage\":\"es\",\"@id\":\"https:\\\/\\\/acuariosupremus.com\\\/#\\\/schema\\\/logo\\\/image\\\/\",\"url\":\"https:\\\/\\\/acuariosupremus.com\\\/wp-content\\\/uploads\\\/2021\\\/12\\\/cropped-logo_acuario_supremus_fn-2.png\",\"contentUrl\":\"https:\\\/\\\/acuariosupremus.com\\\/wp-content\\\/uploads\\\/2021\\\/12\\\/cropped-logo_acuario_supremus_fn-2.png\",\"width\":1000,\"height\":318,\"caption\":\"Acuario Supremus\"},\"image\":{\"@id\":\"https:\\\/\\\/acuariosupremus.com\\\/#\\\/schema\\\/logo\\\/image\\\/\"},\"sameAs\":[\"https:\\\/\\\/www.facebook.com\\\/AcuarioSupremus\",\"https:\\\/\\\/x.com\\\/AcuarioSupremus\",\"https:\\\/\\\/www.instagram.com\\\/acuariosupremus\\\/?hl=es\"]}]}<\/script>\n<!-- \/ Yoast SEO plugin. -->","yoast_head_json":{"title":"De*nitrate 1L, Filtraci\u00f3n Biol\u00f3gica. | Acuario Supremus","description":"Denitrate \u2122 es un eficaz material filtrante biol\u00f3gico para la eliminaci\u00f3n de los nitratos del acuario de forma natural, econ\u00f3mica y segura.","robots":{"index":"index","follow":"follow","max-snippet":"max-snippet:-1","max-image-preview":"max-image-preview:large","max-video-preview":"max-video-preview:-1"},"canonical":"https:\/\/acuariosupremus.com\/?product=denitrate-1l-filtracion-biologica","og_locale":"es_MX","og_type":"article","og_title":"De*nitrate 1L, Filtraci\u00f3n Biol\u00f3gica. | Acuario Supremus","og_description":"Denitrate \u2122 es un eficaz material filtrante biol\u00f3gico para la eliminaci\u00f3n de los nitratos del acuario de forma natural, econ\u00f3mica y segura.","og_url":"https:\/\/acuariosupremus.com\/?product=denitrate-1l-filtracion-biologica","og_site_name":"Acuario Supremus","article_publisher":"https:\/\/www.facebook.com\/AcuarioSupremus","article_modified_time":"2025-12-29T19:39:44+00:00","og_image":[{"width":1250,"height":1250,"url":"https:\/\/acuariosupremus.com\/wp-content\/uploads\/2022\/05\/seachem_denitrate_02-1.jpg","type":"image\/jpeg"}],"twitter_card":"summary_large_image","twitter_site":"@AcuarioSupremus","twitter_misc":{"Tiempo de lectura":"2 minutos"},"schema":{"@context":"https:\/\/schema.org","@graph":[{"@type":"WebPage","@id":"https:\/\/acuariosupremus.com\/?product=denitrate-1l-filtracion-biologica","url":"https:\/\/acuariosupremus.com\/?product=denitrate-1l-filtracion-biologica","name":"De*nitrate 1L, Filtraci\u00f3n Biol\u00f3gica. | Acuario Supremus","isPartOf":{"@id":"https:\/\/acuariosupremus.com\/#website"},"primaryImageOfPage":{"@id":"https:\/\/acuariosupremus.com\/?product=denitrate-1l-filtracion-biologica#primaryimage"},"image":{"@id":"https:\/\/acuariosupremus.com\/?product=denitrate-1l-filtracion-biologica#primaryimage"},"thumbnailUrl":"https:\/\/acuariosupremus.com\/wp-content\/uploads\/2022\/05\/seachem_denitrate_02-1.jpg","datePublished":"2022-05-12T19:49:59+00:00","dateModified":"2025-12-29T19:39:44+00:00","description":"Denitrate \u2122 es un eficaz material filtrante biol\u00f3gico para la eliminaci\u00f3n de los nitratos del acuario de forma natural, econ\u00f3mica y segura.","breadcrumb":{"@id":"https:\/\/acuariosupremus.com\/?product=denitrate-1l-filtracion-biologica#breadcrumb"},"inLanguage":"es","potentialAction":[{"@type":"ReadAction","target":["https:\/\/acuariosupremus.com\/?product=denitrate-1l-filtracion-biologica"]}]},{"@type":"ImageObject","inLanguage":"es","@id":"https:\/\/acuariosupremus.com\/?product=denitrate-1l-filtracion-biologica#primaryimage","url":"https:\/\/acuariosupremus.com\/wp-content\/uploads\/2022\/05\/seachem_denitrate_02-1.jpg","contentUrl":"https:\/\/acuariosupremus.com\/wp-content\/uploads\/2022\/05\/seachem_denitrate_02-1.jpg","width":1250,"height":1250},{"@type":"BreadcrumbList","@id":"https:\/\/acuariosupremus.com\/?product=denitrate-1l-filtracion-biologica#breadcrumb","itemListElement":[{"@type":"ListItem","position":1,"name":"Portada","item":"https:\/\/acuariosupremus.com\/"},{"@type":"ListItem","position":2,"name":"Tienda","item":"https:\/\/acuariosupremus.com\/tienda\/"},{"@type":"ListItem","position":3,"name":"De*nitrate 1L, Filtraci\u00f3n Biol\u00f3gica."}]},{"@type":"WebSite","@id":"https:\/\/acuariosupremus.com\/#website","url":"https:\/\/acuariosupremus.com\/","name":"Acuario Supremus","description":"Peces, Peceras y Mascotas.","publisher":{"@id":"https:\/\/acuariosupremus.com\/#organization"},"potentialAction":[{"@type":"SearchAction","target":{"@type":"EntryPoint","urlTemplate":"https:\/\/acuariosupremus.com\/?s={search_term_string}"},"query-input":{"@type":"PropertyValueSpecification","valueRequired":true,"valueName":"search_term_string"}}],"inLanguage":"es"},{"@type":"Organization","@id":"https:\/\/acuariosupremus.com\/#organization","name":"Acuario Supremus","url":"https:\/\/acuariosupremus.com\/","logo":{"@type":"ImageObject","inLanguage":"es","@id":"https:\/\/acuariosupremus.com\/#\/schema\/logo\/image\/","url":"https:\/\/acuariosupremus.com\/wp-content\/uploads\/2021\/12\/cropped-logo_acuario_supremus_fn-2.png","contentUrl":"https:\/\/acuariosupremus.com\/wp-content\/uploads\/2021\/12\/cropped-logo_acuario_supremus_fn-2.png","width":1000,"height":318,"caption":"Acuario Supremus"},"image":{"@id":"https:\/\/acuariosupremus.com\/#\/schema\/logo\/image\/"},"sameAs":["https:\/\/www.facebook.com\/AcuarioSupremus","https:\/\/x.com\/AcuarioSupremus","https:\/\/www.instagram.com\/acuariosupremus\/?hl=es"]}]}},"jetpack_sharing_enabled":true,"_links":{"self":[{"href":"https:\/\/acuariosupremus.com\/index.php?rest_route=\/wp\/v2\/product\/9267","targetHints":{"allow":["GET"]}}],"collection":[{"href":"https:\/\/acuariosupremus.com\/index.php?rest_route=\/wp\/v2\/product"}],"about":[{"href":"https:\/\/acuariosupremus.com\/index.php?rest_route=\/wp\/v2\/types\/product"}],"wp:featuredmedia":[{"embeddable":true,"href":"https:\/\/acuariosupremus.com\/index.php?rest_route=\/wp\/v2\/media\/9268"}],"wp:attachment":[{"href":"https:\/\/acuariosupremus.com\/index.php?rest_route=%2Fwp%2Fv2%2Fmedia&parent=9267"}],"wp:term":[{"taxonomy":"product_brand","embeddable":true,"href":"https:\/\/acuariosupremus.com\/index.php?rest_route=%2Fwp%2Fv2%2Fproduct_brand&post=9267"},{"taxonomy":"product_cat","embeddable":true,"href":"https:\/\/acuariosupremus.com\/index.php?rest_route=%2Fwp%2Fv2%2Fproduct_cat&post=9267"},{"taxonomy":"product_tag","embeddable":true,"href":"https:\/\/acuariosupremus.com\/index.php?rest_route=%2Fwp%2Fv2%2Fproduct_tag&post=9267"}],"curies":[{"name":"wp","href":"https:\/\/api.w.org\/{rel}","templated":true}]}}