{"id":9349,"date":"2022-05-12T19:54:30","date_gmt":"2022-05-13T00:54:30","guid":{"rendered":"https:\/\/acuariosupremus.com\/?post_type=product&#038;p=9349"},"modified":"2025-12-29T16:17:40","modified_gmt":"2025-12-29T22:17:40","slug":"garlicguard-500-ml-potenciador-del-apetito","status":"publish","type":"product","link":"https:\/\/acuariosupremus.com\/?product=garlicguard-500-ml-potenciador-del-apetito","title":{"rendered":"GarlicGuard 500 ml, Potenciador del apetito."},"content":{"rendered":"<p>GarlicGuard \u2122 es un producto econ\u00f3mico y altamente concentrado que contiene un aceite natural derivado del ajo combinado con vitamina C. Este potenciador del apetito est\u00e1 fuera de riesgo por sobredosis, siendo un aditivo totalmente seguro para todo tipo de peces en acuarios de agua dulce y salada. Agite bien la botella y remoje los alimentos de sus peces con GarlicGuard \u2122 antes de alimentarlos. . Si desea una mayor efectividad contra el punto blanco y otros par\u00e1sitos comb\u00ednelo con Seachem Focus \u2122 y Metronidazole \u2122: Agregue 1 medida de Metronidazole \u2122 por 1 medida de Focus \u2122 por cada cucharada de alimento congelado que vaya a usar. A continuaci\u00f3n mezcle estos medicamentos con GarlicGuard \u2122 para a\u00f1ad\u00edrsela a los alimentos. Alimente a sus peces una o dos veces de este modo cada d\u00eda durante 1 \u2013 2 semanas.<\/p>\n<p>Producto: GarlicGuard 500 ml. Tama\u00f1o: 62 x 61 x 195 mm. (l x a x h) Peso: 0.530 (Kg.).<\/p>\n","protected":false},"excerpt":{"rendered":"<p>GarlicGuard \u2122 es un potenciador del apetito y la palatabilidad de los alimentos para peces de agua dulce y salada. Este producto basado en ajo natural ayudar\u00e1 a renovar el inter\u00e9s por la comida a los peces m\u00e1s dif\u00edciles de aclimatar a la vida en cautividad, as\u00ed como ejemplares que perdieron el apetito al sufrir estr\u00e9s, o bien por encontrarse en la fase de recuperaci\u00f3n de una enfermedad o lesi\u00f3n.<\/p>\n","protected":false},"featured_media":9350,"template":"","meta":[],"product_brand":[123],"product_cat":[40,43,51],"product_tag":[797,734],"class_list":{"0":"post-9349","1":"product","2":"type-product","3":"status-publish","4":"has-post-thumbnail","6":"product_brand-seachem","7":"product_cat-peces","8":"product_cat-alimentos","9":"product_cat-medicamentos","10":"product_tag-garlicguard","11":"product_tag-potenciador-del-apetito","13":"first","14":"instock","15":"sale","16":"shipping-taxable","17":"purchasable","18":"product-type-simple"},"yoast_head":"<!-- This site is optimized with the Yoast SEO plugin v27.4 - https:\/\/yoast.com\/product\/yoast-seo-wordpress\/ -->\n<title>GarlicGuard 500 ml, Potenciador del apetito. | Acuario Supremus<\/title>\n<meta name=\"description\" content=\"GarlicGuard \u2122 es un potenciador del apetito y la palatabilidad de los alimentos para peces de agua dulce y salada, basado en ajo natural\" \/>\n<meta name=\"robots\" content=\"index, follow, max-snippet:-1, max-image-preview:large, max-video-preview:-1\" \/>\n<link rel=\"canonical\" href=\"https:\/\/acuariosupremus.com\/?product=garlicguard-500-ml-potenciador-del-apetito\" \/>\n<meta property=\"og:locale\" content=\"es_MX\" \/>\n<meta property=\"og:type\" content=\"article\" \/>\n<meta property=\"og:title\" content=\"GarlicGuard 500 ml, Potenciador del apetito. | Acuario Supremus\" \/>\n<meta property=\"og:description\" content=\"GarlicGuard \u2122 es un potenciador del apetito y la palatabilidad de los alimentos para peces de agua dulce y salada, basado en ajo natural\" \/>\n<meta property=\"og:url\" content=\"https:\/\/acuariosupremus.com\/?product=garlicguard-500-ml-potenciador-del-apetito\" \/>\n<meta property=\"og:site_name\" content=\"Acuario Supremus\" \/>\n<meta property=\"article:publisher\" content=\"https:\/\/www.facebook.com\/AcuarioSupremus\" \/>\n<meta property=\"article:modified_time\" content=\"2025-12-29T22:17:40+00:00\" \/>\n<meta property=\"og:image\" content=\"https:\/\/acuariosupremus.com\/wp-content\/uploads\/2022\/05\/seachem_garlic_guard_03.jpg\" \/>\n\t<meta property=\"og:image:width\" content=\"1250\" \/>\n\t<meta property=\"og:image:height\" content=\"1250\" \/>\n\t<meta property=\"og:image:type\" content=\"image\/jpeg\" \/>\n<meta name=\"twitter:card\" content=\"summary_large_image\" \/>\n<meta name=\"twitter:site\" content=\"@AcuarioSupremus\" \/>\n<meta name=\"twitter:label1\" content=\"Tiempo de lectura\" \/>\n\t<meta name=\"twitter:data1\" content=\"1 minuto\" \/>\n<script type=\"application\/ld+json\" class=\"yoast-schema-graph\">{\"@context\":\"https:\\\/\\\/schema.org\",\"@graph\":[{\"@type\":\"WebPage\",\"@id\":\"https:\\\/\\\/acuariosupremus.com\\\/?product=garlicguard-500-ml-potenciador-del-apetito\",\"url\":\"https:\\\/\\\/acuariosupremus.com\\\/?product=garlicguard-500-ml-potenciador-del-apetito\",\"name\":\"GarlicGuard 500 ml, Potenciador del apetito. | Acuario Supremus\",\"isPartOf\":{\"@id\":\"https:\\\/\\\/acuariosupremus.com\\\/#website\"},\"primaryImageOfPage\":{\"@id\":\"https:\\\/\\\/acuariosupremus.com\\\/?product=garlicguard-500-ml-potenciador-del-apetito#primaryimage\"},\"image\":{\"@id\":\"https:\\\/\\\/acuariosupremus.com\\\/?product=garlicguard-500-ml-potenciador-del-apetito#primaryimage\"},\"thumbnailUrl\":\"https:\\\/\\\/acuariosupremus.com\\\/wp-content\\\/uploads\\\/2022\\\/05\\\/seachem_garlic_guard_03.jpg\",\"datePublished\":\"2022-05-13T00:54:30+00:00\",\"dateModified\":\"2025-12-29T22:17:40+00:00\",\"description\":\"GarlicGuard \u2122 es un potenciador del apetito y la palatabilidad de los alimentos para peces de agua dulce y salada, basado en ajo natural\",\"breadcrumb\":{\"@id\":\"https:\\\/\\\/acuariosupremus.com\\\/?product=garlicguard-500-ml-potenciador-del-apetito#breadcrumb\"},\"inLanguage\":\"es\",\"potentialAction\":[{\"@type\":\"ReadAction\",\"target\":[\"https:\\\/\\\/acuariosupremus.com\\\/?product=garlicguard-500-ml-potenciador-del-apetito\"]}]},{\"@type\":\"ImageObject\",\"inLanguage\":\"es\",\"@id\":\"https:\\\/\\\/acuariosupremus.com\\\/?product=garlicguard-500-ml-potenciador-del-apetito#primaryimage\",\"url\":\"https:\\\/\\\/acuariosupremus.com\\\/wp-content\\\/uploads\\\/2022\\\/05\\\/seachem_garlic_guard_03.jpg\",\"contentUrl\":\"https:\\\/\\\/acuariosupremus.com\\\/wp-content\\\/uploads\\\/2022\\\/05\\\/seachem_garlic_guard_03.jpg\",\"width\":1250,\"height\":1250},{\"@type\":\"BreadcrumbList\",\"@id\":\"https:\\\/\\\/acuariosupremus.com\\\/?product=garlicguard-500-ml-potenciador-del-apetito#breadcrumb\",\"itemListElement\":[{\"@type\":\"ListItem\",\"position\":1,\"name\":\"Portada\",\"item\":\"https:\\\/\\\/acuariosupremus.com\\\/\"},{\"@type\":\"ListItem\",\"position\":2,\"name\":\"Tienda\",\"item\":\"https:\\\/\\\/acuariosupremus.com\\\/tienda\\\/\"},{\"@type\":\"ListItem\",\"position\":3,\"name\":\"GarlicGuard 500 ml, Potenciador del apetito.\"}]},{\"@type\":\"WebSite\",\"@id\":\"https:\\\/\\\/acuariosupremus.com\\\/#website\",\"url\":\"https:\\\/\\\/acuariosupremus.com\\\/\",\"name\":\"Acuario Supremus\",\"description\":\"Peces, Peceras y Mascotas.\",\"publisher\":{\"@id\":\"https:\\\/\\\/acuariosupremus.com\\\/#organization\"},\"potentialAction\":[{\"@type\":\"SearchAction\",\"target\":{\"@type\":\"EntryPoint\",\"urlTemplate\":\"https:\\\/\\\/acuariosupremus.com\\\/?s={search_term_string}\"},\"query-input\":{\"@type\":\"PropertyValueSpecification\",\"valueRequired\":true,\"valueName\":\"search_term_string\"}}],\"inLanguage\":\"es\"},{\"@type\":\"Organization\",\"@id\":\"https:\\\/\\\/acuariosupremus.com\\\/#organization\",\"name\":\"Acuario Supremus\",\"url\":\"https:\\\/\\\/acuariosupremus.com\\\/\",\"logo\":{\"@type\":\"ImageObject\",\"inLanguage\":\"es\",\"@id\":\"https:\\\/\\\/acuariosupremus.com\\\/#\\\/schema\\\/logo\\\/image\\\/\",\"url\":\"https:\\\/\\\/acuariosupremus.com\\\/wp-content\\\/uploads\\\/2021\\\/12\\\/cropped-logo_acuario_supremus_fn-2.png\",\"contentUrl\":\"https:\\\/\\\/acuariosupremus.com\\\/wp-content\\\/uploads\\\/2021\\\/12\\\/cropped-logo_acuario_supremus_fn-2.png\",\"width\":1000,\"height\":318,\"caption\":\"Acuario Supremus\"},\"image\":{\"@id\":\"https:\\\/\\\/acuariosupremus.com\\\/#\\\/schema\\\/logo\\\/image\\\/\"},\"sameAs\":[\"https:\\\/\\\/www.facebook.com\\\/AcuarioSupremus\",\"https:\\\/\\\/x.com\\\/AcuarioSupremus\",\"https:\\\/\\\/www.instagram.com\\\/acuariosupremus\\\/?hl=es\"]}]}<\/script>\n<!-- \/ Yoast SEO plugin. -->","yoast_head_json":{"title":"GarlicGuard 500 ml, Potenciador del apetito. | Acuario Supremus","description":"GarlicGuard \u2122 es un potenciador del apetito y la palatabilidad de los alimentos para peces de agua dulce y salada, basado en ajo natural","robots":{"index":"index","follow":"follow","max-snippet":"max-snippet:-1","max-image-preview":"max-image-preview:large","max-video-preview":"max-video-preview:-1"},"canonical":"https:\/\/acuariosupremus.com\/?product=garlicguard-500-ml-potenciador-del-apetito","og_locale":"es_MX","og_type":"article","og_title":"GarlicGuard 500 ml, Potenciador del apetito. | Acuario Supremus","og_description":"GarlicGuard \u2122 es un potenciador del apetito y la palatabilidad de los alimentos para peces de agua dulce y salada, basado en ajo natural","og_url":"https:\/\/acuariosupremus.com\/?product=garlicguard-500-ml-potenciador-del-apetito","og_site_name":"Acuario Supremus","article_publisher":"https:\/\/www.facebook.com\/AcuarioSupremus","article_modified_time":"2025-12-29T22:17:40+00:00","og_image":[{"width":1250,"height":1250,"url":"https:\/\/acuariosupremus.com\/wp-content\/uploads\/2022\/05\/seachem_garlic_guard_03.jpg","type":"image\/jpeg"}],"twitter_card":"summary_large_image","twitter_site":"@AcuarioSupremus","twitter_misc":{"Tiempo de lectura":"1 minuto"},"schema":{"@context":"https:\/\/schema.org","@graph":[{"@type":"WebPage","@id":"https:\/\/acuariosupremus.com\/?product=garlicguard-500-ml-potenciador-del-apetito","url":"https:\/\/acuariosupremus.com\/?product=garlicguard-500-ml-potenciador-del-apetito","name":"GarlicGuard 500 ml, Potenciador del apetito. | Acuario Supremus","isPartOf":{"@id":"https:\/\/acuariosupremus.com\/#website"},"primaryImageOfPage":{"@id":"https:\/\/acuariosupremus.com\/?product=garlicguard-500-ml-potenciador-del-apetito#primaryimage"},"image":{"@id":"https:\/\/acuariosupremus.com\/?product=garlicguard-500-ml-potenciador-del-apetito#primaryimage"},"thumbnailUrl":"https:\/\/acuariosupremus.com\/wp-content\/uploads\/2022\/05\/seachem_garlic_guard_03.jpg","datePublished":"2022-05-13T00:54:30+00:00","dateModified":"2025-12-29T22:17:40+00:00","description":"GarlicGuard \u2122 es un potenciador del apetito y la palatabilidad de los alimentos para peces de agua dulce y salada, basado en ajo natural","breadcrumb":{"@id":"https:\/\/acuariosupremus.com\/?product=garlicguard-500-ml-potenciador-del-apetito#breadcrumb"},"inLanguage":"es","potentialAction":[{"@type":"ReadAction","target":["https:\/\/acuariosupremus.com\/?product=garlicguard-500-ml-potenciador-del-apetito"]}]},{"@type":"ImageObject","inLanguage":"es","@id":"https:\/\/acuariosupremus.com\/?product=garlicguard-500-ml-potenciador-del-apetito#primaryimage","url":"https:\/\/acuariosupremus.com\/wp-content\/uploads\/2022\/05\/seachem_garlic_guard_03.jpg","contentUrl":"https:\/\/acuariosupremus.com\/wp-content\/uploads\/2022\/05\/seachem_garlic_guard_03.jpg","width":1250,"height":1250},{"@type":"BreadcrumbList","@id":"https:\/\/acuariosupremus.com\/?product=garlicguard-500-ml-potenciador-del-apetito#breadcrumb","itemListElement":[{"@type":"ListItem","position":1,"name":"Portada","item":"https:\/\/acuariosupremus.com\/"},{"@type":"ListItem","position":2,"name":"Tienda","item":"https:\/\/acuariosupremus.com\/tienda\/"},{"@type":"ListItem","position":3,"name":"GarlicGuard 500 ml, Potenciador del apetito."}]},{"@type":"WebSite","@id":"https:\/\/acuariosupremus.com\/#website","url":"https:\/\/acuariosupremus.com\/","name":"Acuario Supremus","description":"Peces, Peceras y Mascotas.","publisher":{"@id":"https:\/\/acuariosupremus.com\/#organization"},"potentialAction":[{"@type":"SearchAction","target":{"@type":"EntryPoint","urlTemplate":"https:\/\/acuariosupremus.com\/?s={search_term_string}"},"query-input":{"@type":"PropertyValueSpecification","valueRequired":true,"valueName":"search_term_string"}}],"inLanguage":"es"},{"@type":"Organization","@id":"https:\/\/acuariosupremus.com\/#organization","name":"Acuario Supremus","url":"https:\/\/acuariosupremus.com\/","logo":{"@type":"ImageObject","inLanguage":"es","@id":"https:\/\/acuariosupremus.com\/#\/schema\/logo\/image\/","url":"https:\/\/acuariosupremus.com\/wp-content\/uploads\/2021\/12\/cropped-logo_acuario_supremus_fn-2.png","contentUrl":"https:\/\/acuariosupremus.com\/wp-content\/uploads\/2021\/12\/cropped-logo_acuario_supremus_fn-2.png","width":1000,"height":318,"caption":"Acuario Supremus"},"image":{"@id":"https:\/\/acuariosupremus.com\/#\/schema\/logo\/image\/"},"sameAs":["https:\/\/www.facebook.com\/AcuarioSupremus","https:\/\/x.com\/AcuarioSupremus","https:\/\/www.instagram.com\/acuariosupremus\/?hl=es"]}]}},"jetpack_sharing_enabled":true,"_links":{"self":[{"href":"https:\/\/acuariosupremus.com\/index.php?rest_route=\/wp\/v2\/product\/9349","targetHints":{"allow":["GET"]}}],"collection":[{"href":"https:\/\/acuariosupremus.com\/index.php?rest_route=\/wp\/v2\/product"}],"about":[{"href":"https:\/\/acuariosupremus.com\/index.php?rest_route=\/wp\/v2\/types\/product"}],"wp:featuredmedia":[{"embeddable":true,"href":"https:\/\/acuariosupremus.com\/index.php?rest_route=\/wp\/v2\/media\/9350"}],"wp:attachment":[{"href":"https:\/\/acuariosupremus.com\/index.php?rest_route=%2Fwp%2Fv2%2Fmedia&parent=9349"}],"wp:term":[{"taxonomy":"product_brand","embeddable":true,"href":"https:\/\/acuariosupremus.com\/index.php?rest_route=%2Fwp%2Fv2%2Fproduct_brand&post=9349"},{"taxonomy":"product_cat","embeddable":true,"href":"https:\/\/acuariosupremus.com\/index.php?rest_route=%2Fwp%2Fv2%2Fproduct_cat&post=9349"},{"taxonomy":"product_tag","embeddable":true,"href":"https:\/\/acuariosupremus.com\/index.php?rest_route=%2Fwp%2Fv2%2Fproduct_tag&post=9349"}],"curies":[{"name":"wp","href":"https:\/\/api.w.org\/{rel}","templated":true}]}}