{"id":9391,"date":"2022-05-13T15:00:26","date_gmt":"2022-05-13T20:00:26","guid":{"rendered":"https:\/\/acuariosupremus.com\/?post_type=product&#038;p=9391"},"modified":"2025-12-29T17:13:18","modified_gmt":"2025-12-29T23:13:18","slug":"polyguard-10-g-med-parasitos-bacterias-hongos","status":"publish","type":"product","link":"https:\/\/acuariosupremus.com\/?product=polyguard-10-g-med-parasitos-bacterias-hongos","title":{"rendered":"PolyGuard 10 g, med. Par\u00e1sitos, bacterias, hongos."},"content":{"rendered":"<p>Instrucciones: Utilice 1 medida (incluida en la tapa) por cada 40 litros de agua y Repita la dosis cada 3 d\u00edas hasta que los s\u00edntomas desaparezcan o hasta un m\u00e1ximo de 2 semanas. \u00daselo siempre que introduzca nuevos peces. No use l\u00e1mpara U.V, generador de ozono ni ning\u00fan tipo de filtraci\u00f3n qu\u00edmica durante el tratamiento.<br \/>\nIngredientes activos: sulfatiazol (36%), verde de malaquita (1,9%), nitrofuranto\u00edna (0,14%), nitrofural (0,14%), dihidrocloruro de quinacrina (0,27%). Ingredientes inactivos: excipientes (61%)<\/p>\n<p>Producto: PolyGuard 10g. Tama\u00f1o: 29 x 29 x 91 mm. (l x a x h),\u00a0 Con embalaje: 95 x 123 x 32 mm. (l x a x h) Peso: 0.025 (Kg.), Con embalaje: 0.035 (Kg.).<\/p>\n","protected":false},"excerpt":{"rendered":"<p>PolyGuard \u2122 es el medicamento m\u00e1s eficaz para mantener a los peces de agua dulce libres de enfermedades. Es un tratamiento protector y eficaz contra toda prevalencia de bacterias, hongos, par\u00e1sitos y enfermedades de peces ornamentales. Puede usarse tanto en acuarios de agua dulce como de agua salada<\/p>\n","protected":false},"featured_media":9393,"template":"","meta":[],"product_brand":[123],"product_cat":[40,51],"product_tag":[810,811,224,800,809,812],"class_list":{"0":"post-9391","1":"product","2":"type-product","3":"status-publish","4":"has-post-thumbnail","6":"product_brand-seachem","7":"product_cat-peces","8":"product_cat-medicamentos","9":"product_tag-bacterias","10":"product_tag-hongos","11":"product_tag-medicamento-peces","12":"product_tag-medicamento-pro","13":"product_tag-parasitos","14":"product_tag-polyguard","16":"first","17":"instock","18":"sale","19":"shipping-taxable","20":"purchasable","21":"product-type-simple"},"yoast_head":"<!-- This site is optimized with the Yoast SEO plugin v27.4 - https:\/\/yoast.com\/product\/yoast-seo-wordpress\/ -->\n<title>PolyGuard 10 g, med. Par\u00e1sitos, bacterias, hongos. | Acuario Supremus<\/title>\n<meta name=\"description\" content=\"PolyGuard \u2122 es el medicamento m\u00e1s eficaz para mantener a los peces de agua dulce libres de enfermedades.Puede usarse en agua dulce como de agua salada.\" \/>\n<meta name=\"robots\" content=\"index, follow, max-snippet:-1, max-image-preview:large, max-video-preview:-1\" \/>\n<link rel=\"canonical\" href=\"https:\/\/acuariosupremus.com\/?product=polyguard-10-g-med-parasitos-bacterias-hongos\" \/>\n<meta property=\"og:locale\" content=\"es_MX\" \/>\n<meta property=\"og:type\" content=\"article\" \/>\n<meta property=\"og:title\" content=\"PolyGuard 10 g, med. Par\u00e1sitos, bacterias, hongos. | Acuario Supremus\" \/>\n<meta property=\"og:description\" content=\"PolyGuard \u2122 es el medicamento m\u00e1s eficaz para mantener a los peces de agua dulce libres de enfermedades.Puede usarse en agua dulce como de agua salada.\" \/>\n<meta property=\"og:url\" content=\"https:\/\/acuariosupremus.com\/?product=polyguard-10-g-med-parasitos-bacterias-hongos\" \/>\n<meta property=\"og:site_name\" content=\"Acuario Supremus\" \/>\n<meta property=\"article:publisher\" content=\"https:\/\/www.facebook.com\/AcuarioSupremus\" \/>\n<meta property=\"article:modified_time\" content=\"2025-12-29T23:13:18+00:00\" \/>\n<meta property=\"og:image\" content=\"https:\/\/acuariosupremus.com\/wp-content\/uploads\/2022\/05\/seachem_polyguard_01.jpg\" \/>\n\t<meta property=\"og:image:width\" content=\"653\" \/>\n\t<meta property=\"og:image:height\" content=\"653\" \/>\n\t<meta property=\"og:image:type\" content=\"image\/jpeg\" \/>\n<meta name=\"twitter:card\" content=\"summary_large_image\" \/>\n<meta name=\"twitter:site\" content=\"@AcuarioSupremus\" \/>\n<meta name=\"twitter:label1\" content=\"Tiempo de lectura\" \/>\n\t<meta name=\"twitter:data1\" content=\"1 minuto\" \/>\n<script type=\"application\/ld+json\" class=\"yoast-schema-graph\">{\"@context\":\"https:\\\/\\\/schema.org\",\"@graph\":[{\"@type\":\"WebPage\",\"@id\":\"https:\\\/\\\/acuariosupremus.com\\\/?product=polyguard-10-g-med-parasitos-bacterias-hongos\",\"url\":\"https:\\\/\\\/acuariosupremus.com\\\/?product=polyguard-10-g-med-parasitos-bacterias-hongos\",\"name\":\"PolyGuard 10 g, med. Par\u00e1sitos, bacterias, hongos. | Acuario Supremus\",\"isPartOf\":{\"@id\":\"https:\\\/\\\/acuariosupremus.com\\\/#website\"},\"primaryImageOfPage\":{\"@id\":\"https:\\\/\\\/acuariosupremus.com\\\/?product=polyguard-10-g-med-parasitos-bacterias-hongos#primaryimage\"},\"image\":{\"@id\":\"https:\\\/\\\/acuariosupremus.com\\\/?product=polyguard-10-g-med-parasitos-bacterias-hongos#primaryimage\"},\"thumbnailUrl\":\"https:\\\/\\\/acuariosupremus.com\\\/wp-content\\\/uploads\\\/2022\\\/05\\\/seachem_polyguard_01.jpg\",\"datePublished\":\"2022-05-13T20:00:26+00:00\",\"dateModified\":\"2025-12-29T23:13:18+00:00\",\"description\":\"PolyGuard \u2122 es el medicamento m\u00e1s eficaz para mantener a los peces de agua dulce libres de enfermedades.Puede usarse en agua dulce como de agua salada.\",\"breadcrumb\":{\"@id\":\"https:\\\/\\\/acuariosupremus.com\\\/?product=polyguard-10-g-med-parasitos-bacterias-hongos#breadcrumb\"},\"inLanguage\":\"es\",\"potentialAction\":[{\"@type\":\"ReadAction\",\"target\":[\"https:\\\/\\\/acuariosupremus.com\\\/?product=polyguard-10-g-med-parasitos-bacterias-hongos\"]}]},{\"@type\":\"ImageObject\",\"inLanguage\":\"es\",\"@id\":\"https:\\\/\\\/acuariosupremus.com\\\/?product=polyguard-10-g-med-parasitos-bacterias-hongos#primaryimage\",\"url\":\"https:\\\/\\\/acuariosupremus.com\\\/wp-content\\\/uploads\\\/2022\\\/05\\\/seachem_polyguard_01.jpg\",\"contentUrl\":\"https:\\\/\\\/acuariosupremus.com\\\/wp-content\\\/uploads\\\/2022\\\/05\\\/seachem_polyguard_01.jpg\",\"width\":653,\"height\":653},{\"@type\":\"BreadcrumbList\",\"@id\":\"https:\\\/\\\/acuariosupremus.com\\\/?product=polyguard-10-g-med-parasitos-bacterias-hongos#breadcrumb\",\"itemListElement\":[{\"@type\":\"ListItem\",\"position\":1,\"name\":\"Portada\",\"item\":\"https:\\\/\\\/acuariosupremus.com\\\/\"},{\"@type\":\"ListItem\",\"position\":2,\"name\":\"Tienda\",\"item\":\"https:\\\/\\\/acuariosupremus.com\\\/tienda\\\/\"},{\"@type\":\"ListItem\",\"position\":3,\"name\":\"PolyGuard 10 g, med. Par\u00e1sitos, bacterias, hongos.\"}]},{\"@type\":\"WebSite\",\"@id\":\"https:\\\/\\\/acuariosupremus.com\\\/#website\",\"url\":\"https:\\\/\\\/acuariosupremus.com\\\/\",\"name\":\"Acuario Supremus\",\"description\":\"Peces, Peceras y Mascotas.\",\"publisher\":{\"@id\":\"https:\\\/\\\/acuariosupremus.com\\\/#organization\"},\"potentialAction\":[{\"@type\":\"SearchAction\",\"target\":{\"@type\":\"EntryPoint\",\"urlTemplate\":\"https:\\\/\\\/acuariosupremus.com\\\/?s={search_term_string}\"},\"query-input\":{\"@type\":\"PropertyValueSpecification\",\"valueRequired\":true,\"valueName\":\"search_term_string\"}}],\"inLanguage\":\"es\"},{\"@type\":\"Organization\",\"@id\":\"https:\\\/\\\/acuariosupremus.com\\\/#organization\",\"name\":\"Acuario Supremus\",\"url\":\"https:\\\/\\\/acuariosupremus.com\\\/\",\"logo\":{\"@type\":\"ImageObject\",\"inLanguage\":\"es\",\"@id\":\"https:\\\/\\\/acuariosupremus.com\\\/#\\\/schema\\\/logo\\\/image\\\/\",\"url\":\"https:\\\/\\\/acuariosupremus.com\\\/wp-content\\\/uploads\\\/2021\\\/12\\\/cropped-logo_acuario_supremus_fn-2.png\",\"contentUrl\":\"https:\\\/\\\/acuariosupremus.com\\\/wp-content\\\/uploads\\\/2021\\\/12\\\/cropped-logo_acuario_supremus_fn-2.png\",\"width\":1000,\"height\":318,\"caption\":\"Acuario Supremus\"},\"image\":{\"@id\":\"https:\\\/\\\/acuariosupremus.com\\\/#\\\/schema\\\/logo\\\/image\\\/\"},\"sameAs\":[\"https:\\\/\\\/www.facebook.com\\\/AcuarioSupremus\",\"https:\\\/\\\/x.com\\\/AcuarioSupremus\",\"https:\\\/\\\/www.instagram.com\\\/acuariosupremus\\\/?hl=es\"]}]}<\/script>\n<!-- \/ Yoast SEO plugin. -->","yoast_head_json":{"title":"PolyGuard 10 g, med. Par\u00e1sitos, bacterias, hongos. | Acuario Supremus","description":"PolyGuard \u2122 es el medicamento m\u00e1s eficaz para mantener a los peces de agua dulce libres de enfermedades.Puede usarse en agua dulce como de agua salada.","robots":{"index":"index","follow":"follow","max-snippet":"max-snippet:-1","max-image-preview":"max-image-preview:large","max-video-preview":"max-video-preview:-1"},"canonical":"https:\/\/acuariosupremus.com\/?product=polyguard-10-g-med-parasitos-bacterias-hongos","og_locale":"es_MX","og_type":"article","og_title":"PolyGuard 10 g, med. Par\u00e1sitos, bacterias, hongos. | Acuario Supremus","og_description":"PolyGuard \u2122 es el medicamento m\u00e1s eficaz para mantener a los peces de agua dulce libres de enfermedades.Puede usarse en agua dulce como de agua salada.","og_url":"https:\/\/acuariosupremus.com\/?product=polyguard-10-g-med-parasitos-bacterias-hongos","og_site_name":"Acuario Supremus","article_publisher":"https:\/\/www.facebook.com\/AcuarioSupremus","article_modified_time":"2025-12-29T23:13:18+00:00","og_image":[{"width":653,"height":653,"url":"https:\/\/acuariosupremus.com\/wp-content\/uploads\/2022\/05\/seachem_polyguard_01.jpg","type":"image\/jpeg"}],"twitter_card":"summary_large_image","twitter_site":"@AcuarioSupremus","twitter_misc":{"Tiempo de lectura":"1 minuto"},"schema":{"@context":"https:\/\/schema.org","@graph":[{"@type":"WebPage","@id":"https:\/\/acuariosupremus.com\/?product=polyguard-10-g-med-parasitos-bacterias-hongos","url":"https:\/\/acuariosupremus.com\/?product=polyguard-10-g-med-parasitos-bacterias-hongos","name":"PolyGuard 10 g, med. Par\u00e1sitos, bacterias, hongos. | Acuario Supremus","isPartOf":{"@id":"https:\/\/acuariosupremus.com\/#website"},"primaryImageOfPage":{"@id":"https:\/\/acuariosupremus.com\/?product=polyguard-10-g-med-parasitos-bacterias-hongos#primaryimage"},"image":{"@id":"https:\/\/acuariosupremus.com\/?product=polyguard-10-g-med-parasitos-bacterias-hongos#primaryimage"},"thumbnailUrl":"https:\/\/acuariosupremus.com\/wp-content\/uploads\/2022\/05\/seachem_polyguard_01.jpg","datePublished":"2022-05-13T20:00:26+00:00","dateModified":"2025-12-29T23:13:18+00:00","description":"PolyGuard \u2122 es el medicamento m\u00e1s eficaz para mantener a los peces de agua dulce libres de enfermedades.Puede usarse en agua dulce como de agua salada.","breadcrumb":{"@id":"https:\/\/acuariosupremus.com\/?product=polyguard-10-g-med-parasitos-bacterias-hongos#breadcrumb"},"inLanguage":"es","potentialAction":[{"@type":"ReadAction","target":["https:\/\/acuariosupremus.com\/?product=polyguard-10-g-med-parasitos-bacterias-hongos"]}]},{"@type":"ImageObject","inLanguage":"es","@id":"https:\/\/acuariosupremus.com\/?product=polyguard-10-g-med-parasitos-bacterias-hongos#primaryimage","url":"https:\/\/acuariosupremus.com\/wp-content\/uploads\/2022\/05\/seachem_polyguard_01.jpg","contentUrl":"https:\/\/acuariosupremus.com\/wp-content\/uploads\/2022\/05\/seachem_polyguard_01.jpg","width":653,"height":653},{"@type":"BreadcrumbList","@id":"https:\/\/acuariosupremus.com\/?product=polyguard-10-g-med-parasitos-bacterias-hongos#breadcrumb","itemListElement":[{"@type":"ListItem","position":1,"name":"Portada","item":"https:\/\/acuariosupremus.com\/"},{"@type":"ListItem","position":2,"name":"Tienda","item":"https:\/\/acuariosupremus.com\/tienda\/"},{"@type":"ListItem","position":3,"name":"PolyGuard 10 g, med. Par\u00e1sitos, bacterias, hongos."}]},{"@type":"WebSite","@id":"https:\/\/acuariosupremus.com\/#website","url":"https:\/\/acuariosupremus.com\/","name":"Acuario Supremus","description":"Peces, Peceras y Mascotas.","publisher":{"@id":"https:\/\/acuariosupremus.com\/#organization"},"potentialAction":[{"@type":"SearchAction","target":{"@type":"EntryPoint","urlTemplate":"https:\/\/acuariosupremus.com\/?s={search_term_string}"},"query-input":{"@type":"PropertyValueSpecification","valueRequired":true,"valueName":"search_term_string"}}],"inLanguage":"es"},{"@type":"Organization","@id":"https:\/\/acuariosupremus.com\/#organization","name":"Acuario Supremus","url":"https:\/\/acuariosupremus.com\/","logo":{"@type":"ImageObject","inLanguage":"es","@id":"https:\/\/acuariosupremus.com\/#\/schema\/logo\/image\/","url":"https:\/\/acuariosupremus.com\/wp-content\/uploads\/2021\/12\/cropped-logo_acuario_supremus_fn-2.png","contentUrl":"https:\/\/acuariosupremus.com\/wp-content\/uploads\/2021\/12\/cropped-logo_acuario_supremus_fn-2.png","width":1000,"height":318,"caption":"Acuario Supremus"},"image":{"@id":"https:\/\/acuariosupremus.com\/#\/schema\/logo\/image\/"},"sameAs":["https:\/\/www.facebook.com\/AcuarioSupremus","https:\/\/x.com\/AcuarioSupremus","https:\/\/www.instagram.com\/acuariosupremus\/?hl=es"]}]}},"jetpack_sharing_enabled":true,"_links":{"self":[{"href":"https:\/\/acuariosupremus.com\/index.php?rest_route=\/wp\/v2\/product\/9391","targetHints":{"allow":["GET"]}}],"collection":[{"href":"https:\/\/acuariosupremus.com\/index.php?rest_route=\/wp\/v2\/product"}],"about":[{"href":"https:\/\/acuariosupremus.com\/index.php?rest_route=\/wp\/v2\/types\/product"}],"wp:featuredmedia":[{"embeddable":true,"href":"https:\/\/acuariosupremus.com\/index.php?rest_route=\/wp\/v2\/media\/9393"}],"wp:attachment":[{"href":"https:\/\/acuariosupremus.com\/index.php?rest_route=%2Fwp%2Fv2%2Fmedia&parent=9391"}],"wp:term":[{"taxonomy":"product_brand","embeddable":true,"href":"https:\/\/acuariosupremus.com\/index.php?rest_route=%2Fwp%2Fv2%2Fproduct_brand&post=9391"},{"taxonomy":"product_cat","embeddable":true,"href":"https:\/\/acuariosupremus.com\/index.php?rest_route=%2Fwp%2Fv2%2Fproduct_cat&post=9391"},{"taxonomy":"product_tag","embeddable":true,"href":"https:\/\/acuariosupremus.com\/index.php?rest_route=%2Fwp%2Fv2%2Fproduct_tag&post=9391"}],"curies":[{"name":"wp","href":"https:\/\/api.w.org\/{rel}","templated":true}]}}