{"id":9412,"date":"2022-05-13T15:50:19","date_gmt":"2022-05-13T20:50:19","guid":{"rendered":"https:\/\/acuariosupremus.com\/?post_type=product&#038;p=9412"},"modified":"2025-12-29T17:15:11","modified_gmt":"2025-12-29T23:15:11","slug":"nourish-500-ml-vitaminas-y-aminoacidos","status":"publish","type":"product","link":"https:\/\/acuariosupremus.com\/?product=nourish-500-ml-vitaminas-y-aminoacidos","title":{"rendered":"Nourish 500 ml, Vitaminas y amino\u00e1cidos."},"content":{"rendered":"<p>Nourish\u2122 contiene adem\u00e1s yoduro de potasio procedente de una pasta de algas Espirulina y Clorella. Estas dos algas poseen unas propiedades nutricionales \u00fanicas, contieniendo adem\u00e1s un rico surtido de vitaminas y amino\u00e1cidos. El yodo que contienen es esencial como nutriente para la bios\u00edntesis de las hormonas tiroideas tiroxina y triyodotironina. Nourish\u2122 puede ser usado para peces ornamentales marinos; sin embargo, est\u00e1 espec\u00edficamente dise\u00f1ado para peces de agua dulce. Para abordar las necesidades espec\u00edficas de peces de agua dulce, hemos formulado Nourish\u2122 bas\u00e1ndonos en la informaci\u00f3n cient\u00edficamente m\u00e1s actual sobre los requisitos nutricionales de los peces (Academia Nacional de Ciencias).<br \/>\nIngredientes: Agua, espirulina (Spirulina platensis), chlorella (Chlorella pyrenoidosa), \u00e1cido fosf\u00f3rico, cloruro de calcio, cloruro de magnesio, \u00e1cido asc\u00f3rbico, sulfato ferroso hepta-hidratado, sulfato de zinc hepta-hidratado, sulfato de cobre penta-hidratado, sulfato de manganeso y yoduro de potasio.<\/p>\n<p>Producto: Nourish 500ml. Tama\u00f1o: 62 x 61 x 195 mm. (l x a x h) Peso: 0.550 (Kg.).<\/p>\n","protected":false},"excerpt":{"rendered":"<p>Nourish\u2122 es un complejo suplemento vitam\u00ednico para peces de agua dulce que contiene vitaminas, amino\u00e1cidos, y oligoelementos, desarrollado para hacer frente a los requerimientos nutricionales com\u00fanmente asociados a los peces ornamentales de agua dulce mantenidos en cautividad<\/p>\n","protected":false},"featured_media":9413,"template":"","meta":[],"product_brand":[123],"product_cat":[40,51],"product_tag":[820,819],"class_list":{"0":"post-9412","1":"product","2":"type-product","3":"status-publish","4":"has-post-thumbnail","6":"product_brand-seachem","7":"product_cat-peces","8":"product_cat-medicamentos","9":"product_tag-nourish","10":"product_tag-vitaminas-y-aminoacidos-peces-tropicales","12":"first","13":"instock","14":"sale","15":"shipping-taxable","16":"purchasable","17":"product-type-simple"},"yoast_head":"<!-- This site is optimized with the Yoast SEO plugin v27.4 - https:\/\/yoast.com\/product\/yoast-seo-wordpress\/ -->\n<title>Nourish 500 ml, Vitaminas y amino\u00e1cidos. | Acuario Supremus<\/title>\n<meta name=\"description\" content=\"Nourish\u2122 es un complejo suplemento vitam\u00ednico para peces de agua dulce que contiene vitaminas, amino\u00e1cidos, y oligoelementos,\" \/>\n<meta name=\"robots\" content=\"index, follow, max-snippet:-1, max-image-preview:large, max-video-preview:-1\" \/>\n<link rel=\"canonical\" href=\"https:\/\/acuariosupremus.com\/?product=nourish-500-ml-vitaminas-y-aminoacidos\" \/>\n<meta property=\"og:locale\" content=\"es_MX\" \/>\n<meta property=\"og:type\" content=\"article\" \/>\n<meta property=\"og:title\" content=\"Nourish 500 ml, Vitaminas y amino\u00e1cidos. | Acuario Supremus\" \/>\n<meta property=\"og:description\" content=\"Nourish\u2122 es un complejo suplemento vitam\u00ednico para peces de agua dulce que contiene vitaminas, amino\u00e1cidos, y oligoelementos,\" \/>\n<meta property=\"og:url\" content=\"https:\/\/acuariosupremus.com\/?product=nourish-500-ml-vitaminas-y-aminoacidos\" \/>\n<meta property=\"og:site_name\" content=\"Acuario Supremus\" \/>\n<meta property=\"article:publisher\" content=\"https:\/\/www.facebook.com\/AcuarioSupremus\" \/>\n<meta property=\"article:modified_time\" content=\"2025-12-29T23:15:11+00:00\" \/>\n<meta property=\"og:image\" content=\"https:\/\/acuariosupremus.com\/wp-content\/uploads\/2022\/05\/seachem_nourish_03.jpg\" \/>\n\t<meta property=\"og:image:width\" content=\"1250\" \/>\n\t<meta property=\"og:image:height\" content=\"1250\" \/>\n\t<meta property=\"og:image:type\" content=\"image\/jpeg\" \/>\n<meta name=\"twitter:card\" content=\"summary_large_image\" \/>\n<meta name=\"twitter:site\" content=\"@AcuarioSupremus\" \/>\n<meta name=\"twitter:label1\" content=\"Tiempo de lectura\" \/>\n\t<meta name=\"twitter:data1\" content=\"1 minuto\" \/>\n<script type=\"application\/ld+json\" class=\"yoast-schema-graph\">{\"@context\":\"https:\\\/\\\/schema.org\",\"@graph\":[{\"@type\":\"WebPage\",\"@id\":\"https:\\\/\\\/acuariosupremus.com\\\/?product=nourish-500-ml-vitaminas-y-aminoacidos\",\"url\":\"https:\\\/\\\/acuariosupremus.com\\\/?product=nourish-500-ml-vitaminas-y-aminoacidos\",\"name\":\"Nourish 500 ml, Vitaminas y amino\u00e1cidos. | Acuario Supremus\",\"isPartOf\":{\"@id\":\"https:\\\/\\\/acuariosupremus.com\\\/#website\"},\"primaryImageOfPage\":{\"@id\":\"https:\\\/\\\/acuariosupremus.com\\\/?product=nourish-500-ml-vitaminas-y-aminoacidos#primaryimage\"},\"image\":{\"@id\":\"https:\\\/\\\/acuariosupremus.com\\\/?product=nourish-500-ml-vitaminas-y-aminoacidos#primaryimage\"},\"thumbnailUrl\":\"https:\\\/\\\/acuariosupremus.com\\\/wp-content\\\/uploads\\\/2022\\\/05\\\/seachem_nourish_03.jpg\",\"datePublished\":\"2022-05-13T20:50:19+00:00\",\"dateModified\":\"2025-12-29T23:15:11+00:00\",\"description\":\"Nourish\u2122 es un complejo suplemento vitam\u00ednico para peces de agua dulce que contiene vitaminas, amino\u00e1cidos, y oligoelementos,\",\"breadcrumb\":{\"@id\":\"https:\\\/\\\/acuariosupremus.com\\\/?product=nourish-500-ml-vitaminas-y-aminoacidos#breadcrumb\"},\"inLanguage\":\"es\",\"potentialAction\":[{\"@type\":\"ReadAction\",\"target\":[\"https:\\\/\\\/acuariosupremus.com\\\/?product=nourish-500-ml-vitaminas-y-aminoacidos\"]}]},{\"@type\":\"ImageObject\",\"inLanguage\":\"es\",\"@id\":\"https:\\\/\\\/acuariosupremus.com\\\/?product=nourish-500-ml-vitaminas-y-aminoacidos#primaryimage\",\"url\":\"https:\\\/\\\/acuariosupremus.com\\\/wp-content\\\/uploads\\\/2022\\\/05\\\/seachem_nourish_03.jpg\",\"contentUrl\":\"https:\\\/\\\/acuariosupremus.com\\\/wp-content\\\/uploads\\\/2022\\\/05\\\/seachem_nourish_03.jpg\",\"width\":1250,\"height\":1250},{\"@type\":\"BreadcrumbList\",\"@id\":\"https:\\\/\\\/acuariosupremus.com\\\/?product=nourish-500-ml-vitaminas-y-aminoacidos#breadcrumb\",\"itemListElement\":[{\"@type\":\"ListItem\",\"position\":1,\"name\":\"Portada\",\"item\":\"https:\\\/\\\/acuariosupremus.com\\\/\"},{\"@type\":\"ListItem\",\"position\":2,\"name\":\"Tienda\",\"item\":\"https:\\\/\\\/acuariosupremus.com\\\/tienda\\\/\"},{\"@type\":\"ListItem\",\"position\":3,\"name\":\"Nourish 500 ml, Vitaminas y amino\u00e1cidos.\"}]},{\"@type\":\"WebSite\",\"@id\":\"https:\\\/\\\/acuariosupremus.com\\\/#website\",\"url\":\"https:\\\/\\\/acuariosupremus.com\\\/\",\"name\":\"Acuario Supremus\",\"description\":\"Peces, Peceras y Mascotas.\",\"publisher\":{\"@id\":\"https:\\\/\\\/acuariosupremus.com\\\/#organization\"},\"potentialAction\":[{\"@type\":\"SearchAction\",\"target\":{\"@type\":\"EntryPoint\",\"urlTemplate\":\"https:\\\/\\\/acuariosupremus.com\\\/?s={search_term_string}\"},\"query-input\":{\"@type\":\"PropertyValueSpecification\",\"valueRequired\":true,\"valueName\":\"search_term_string\"}}],\"inLanguage\":\"es\"},{\"@type\":\"Organization\",\"@id\":\"https:\\\/\\\/acuariosupremus.com\\\/#organization\",\"name\":\"Acuario Supremus\",\"url\":\"https:\\\/\\\/acuariosupremus.com\\\/\",\"logo\":{\"@type\":\"ImageObject\",\"inLanguage\":\"es\",\"@id\":\"https:\\\/\\\/acuariosupremus.com\\\/#\\\/schema\\\/logo\\\/image\\\/\",\"url\":\"https:\\\/\\\/acuariosupremus.com\\\/wp-content\\\/uploads\\\/2021\\\/12\\\/cropped-logo_acuario_supremus_fn-2.png\",\"contentUrl\":\"https:\\\/\\\/acuariosupremus.com\\\/wp-content\\\/uploads\\\/2021\\\/12\\\/cropped-logo_acuario_supremus_fn-2.png\",\"width\":1000,\"height\":318,\"caption\":\"Acuario Supremus\"},\"image\":{\"@id\":\"https:\\\/\\\/acuariosupremus.com\\\/#\\\/schema\\\/logo\\\/image\\\/\"},\"sameAs\":[\"https:\\\/\\\/www.facebook.com\\\/AcuarioSupremus\",\"https:\\\/\\\/x.com\\\/AcuarioSupremus\",\"https:\\\/\\\/www.instagram.com\\\/acuariosupremus\\\/?hl=es\"]}]}<\/script>\n<!-- \/ Yoast SEO plugin. -->","yoast_head_json":{"title":"Nourish 500 ml, Vitaminas y amino\u00e1cidos. | Acuario Supremus","description":"Nourish\u2122 es un complejo suplemento vitam\u00ednico para peces de agua dulce que contiene vitaminas, amino\u00e1cidos, y oligoelementos,","robots":{"index":"index","follow":"follow","max-snippet":"max-snippet:-1","max-image-preview":"max-image-preview:large","max-video-preview":"max-video-preview:-1"},"canonical":"https:\/\/acuariosupremus.com\/?product=nourish-500-ml-vitaminas-y-aminoacidos","og_locale":"es_MX","og_type":"article","og_title":"Nourish 500 ml, Vitaminas y amino\u00e1cidos. | Acuario Supremus","og_description":"Nourish\u2122 es un complejo suplemento vitam\u00ednico para peces de agua dulce que contiene vitaminas, amino\u00e1cidos, y oligoelementos,","og_url":"https:\/\/acuariosupremus.com\/?product=nourish-500-ml-vitaminas-y-aminoacidos","og_site_name":"Acuario Supremus","article_publisher":"https:\/\/www.facebook.com\/AcuarioSupremus","article_modified_time":"2025-12-29T23:15:11+00:00","og_image":[{"width":1250,"height":1250,"url":"https:\/\/acuariosupremus.com\/wp-content\/uploads\/2022\/05\/seachem_nourish_03.jpg","type":"image\/jpeg"}],"twitter_card":"summary_large_image","twitter_site":"@AcuarioSupremus","twitter_misc":{"Tiempo de lectura":"1 minuto"},"schema":{"@context":"https:\/\/schema.org","@graph":[{"@type":"WebPage","@id":"https:\/\/acuariosupremus.com\/?product=nourish-500-ml-vitaminas-y-aminoacidos","url":"https:\/\/acuariosupremus.com\/?product=nourish-500-ml-vitaminas-y-aminoacidos","name":"Nourish 500 ml, Vitaminas y amino\u00e1cidos. | Acuario Supremus","isPartOf":{"@id":"https:\/\/acuariosupremus.com\/#website"},"primaryImageOfPage":{"@id":"https:\/\/acuariosupremus.com\/?product=nourish-500-ml-vitaminas-y-aminoacidos#primaryimage"},"image":{"@id":"https:\/\/acuariosupremus.com\/?product=nourish-500-ml-vitaminas-y-aminoacidos#primaryimage"},"thumbnailUrl":"https:\/\/acuariosupremus.com\/wp-content\/uploads\/2022\/05\/seachem_nourish_03.jpg","datePublished":"2022-05-13T20:50:19+00:00","dateModified":"2025-12-29T23:15:11+00:00","description":"Nourish\u2122 es un complejo suplemento vitam\u00ednico para peces de agua dulce que contiene vitaminas, amino\u00e1cidos, y oligoelementos,","breadcrumb":{"@id":"https:\/\/acuariosupremus.com\/?product=nourish-500-ml-vitaminas-y-aminoacidos#breadcrumb"},"inLanguage":"es","potentialAction":[{"@type":"ReadAction","target":["https:\/\/acuariosupremus.com\/?product=nourish-500-ml-vitaminas-y-aminoacidos"]}]},{"@type":"ImageObject","inLanguage":"es","@id":"https:\/\/acuariosupremus.com\/?product=nourish-500-ml-vitaminas-y-aminoacidos#primaryimage","url":"https:\/\/acuariosupremus.com\/wp-content\/uploads\/2022\/05\/seachem_nourish_03.jpg","contentUrl":"https:\/\/acuariosupremus.com\/wp-content\/uploads\/2022\/05\/seachem_nourish_03.jpg","width":1250,"height":1250},{"@type":"BreadcrumbList","@id":"https:\/\/acuariosupremus.com\/?product=nourish-500-ml-vitaminas-y-aminoacidos#breadcrumb","itemListElement":[{"@type":"ListItem","position":1,"name":"Portada","item":"https:\/\/acuariosupremus.com\/"},{"@type":"ListItem","position":2,"name":"Tienda","item":"https:\/\/acuariosupremus.com\/tienda\/"},{"@type":"ListItem","position":3,"name":"Nourish 500 ml, Vitaminas y amino\u00e1cidos."}]},{"@type":"WebSite","@id":"https:\/\/acuariosupremus.com\/#website","url":"https:\/\/acuariosupremus.com\/","name":"Acuario Supremus","description":"Peces, Peceras y Mascotas.","publisher":{"@id":"https:\/\/acuariosupremus.com\/#organization"},"potentialAction":[{"@type":"SearchAction","target":{"@type":"EntryPoint","urlTemplate":"https:\/\/acuariosupremus.com\/?s={search_term_string}"},"query-input":{"@type":"PropertyValueSpecification","valueRequired":true,"valueName":"search_term_string"}}],"inLanguage":"es"},{"@type":"Organization","@id":"https:\/\/acuariosupremus.com\/#organization","name":"Acuario Supremus","url":"https:\/\/acuariosupremus.com\/","logo":{"@type":"ImageObject","inLanguage":"es","@id":"https:\/\/acuariosupremus.com\/#\/schema\/logo\/image\/","url":"https:\/\/acuariosupremus.com\/wp-content\/uploads\/2021\/12\/cropped-logo_acuario_supremus_fn-2.png","contentUrl":"https:\/\/acuariosupremus.com\/wp-content\/uploads\/2021\/12\/cropped-logo_acuario_supremus_fn-2.png","width":1000,"height":318,"caption":"Acuario Supremus"},"image":{"@id":"https:\/\/acuariosupremus.com\/#\/schema\/logo\/image\/"},"sameAs":["https:\/\/www.facebook.com\/AcuarioSupremus","https:\/\/x.com\/AcuarioSupremus","https:\/\/www.instagram.com\/acuariosupremus\/?hl=es"]}]}},"jetpack_sharing_enabled":true,"_links":{"self":[{"href":"https:\/\/acuariosupremus.com\/index.php?rest_route=\/wp\/v2\/product\/9412","targetHints":{"allow":["GET"]}}],"collection":[{"href":"https:\/\/acuariosupremus.com\/index.php?rest_route=\/wp\/v2\/product"}],"about":[{"href":"https:\/\/acuariosupremus.com\/index.php?rest_route=\/wp\/v2\/types\/product"}],"wp:featuredmedia":[{"embeddable":true,"href":"https:\/\/acuariosupremus.com\/index.php?rest_route=\/wp\/v2\/media\/9413"}],"wp:attachment":[{"href":"https:\/\/acuariosupremus.com\/index.php?rest_route=%2Fwp%2Fv2%2Fmedia&parent=9412"}],"wp:term":[{"taxonomy":"product_brand","embeddable":true,"href":"https:\/\/acuariosupremus.com\/index.php?rest_route=%2Fwp%2Fv2%2Fproduct_brand&post=9412"},{"taxonomy":"product_cat","embeddable":true,"href":"https:\/\/acuariosupremus.com\/index.php?rest_route=%2Fwp%2Fv2%2Fproduct_cat&post=9412"},{"taxonomy":"product_tag","embeddable":true,"href":"https:\/\/acuariosupremus.com\/index.php?rest_route=%2Fwp%2Fv2%2Fproduct_tag&post=9412"}],"curies":[{"name":"wp","href":"https:\/\/api.w.org\/{rel}","templated":true}]}}