{"id":9622,"date":"2022-05-14T19:53:29","date_gmt":"2022-05-15T00:53:29","guid":{"rendered":"https:\/\/acuariosupremus.com\/?post_type=product&#038;p=9622"},"modified":"2025-12-30T14:47:43","modified_gmt":"2025-12-30T20:47:43","slug":"onyx-sand-7-kg-sustrato-fertilizado","status":"publish","type":"product","link":"https:\/\/acuariosupremus.com\/?product=onyx-sand-7-kg-sustrato-fertilizado","title":{"rendered":"Onyx sand 7 kg, Sustrato fertilizado."},"content":{"rendered":"<p>Onix Sand TM es m\u00e1s eficaz cuando se usa de forma exclusiva como un \u00fanico lecho de sustrato, aunque puede mezclarse perfectamente con otros tipos de gravas, y no es necesario usar modificadores de grava tales como la laterita. Este sustrato no tiene sus gr\u00e1nulos recubiertos o tratados qu\u00edmicamente. Tiene una leve capacidad de estabilizaci\u00f3n del valor pH (efecto tamp\u00f3n), y puede elevarlo en unidades pH desde 0,1 a 0,5 dependiendo de la de dureza del agua de su acuario (GH). Onix Sand TM tiene una larga vida \u00fatil y no necesitar\u00e1 reemplazado peri\u00f3dicamente. INSTRUCCIONES: Para determinar el n\u00famero de bolsas requeridas para su acuario, tenga en cuenta que cada bolsa (7 kg, 15,4 libras) ocupa un volumen de aproximadamente 4,250 cm3 (260 pulgadas cuadradas). Para determinar el volumen deseado multiplique el ancho del tanque por la longitud y por la profundidad deseada. Una bolsa es suficiente para cubrir aproximadamente un grosor de 3,5 cm (1,5 pulgadas) de profundidad en un tanque t\u00edpico de 40 l (10 galones US).DIRECCIONES: Aunque Onix Sand TM se somete a un proceso de pre-lavado, es un producto 100% natural y puede volverse polvoriento durante el transporte. Es por ello que se debe enjuagar antes de usarlo para eliminar cualquier polvo residual y evitar cierta turbidez en el agua las primeras horas de uso. Aunque Onix Sand TM se somete a un proceso de pre-lavado, es un producto 100% natural y puede volverse polvoriento durante el transporte. Es por ello que se debe enjuagar antes de usarlo para eliminar cualquier polvo residual y evitar cierta turbidez en el agua las primeras horas de uso.<\/p>\n<p>Nombre: Onyx Sand. Tama\u00f1o: 330 x 370 x 50 mm. (l x a x h) Peso: 7.100 (Kg.)<\/p>\n<p>&nbsp;<\/p>\n","protected":false},"excerpt":{"rendered":"<p>Onyx Sand \u2122 es un sustrato de arena para acuarios que presenta un color gris oscuro muy natural, que se integrar\u00e1 perfectamente en el ambiente paisaj\u00edstico de su acuario realzando notablemente su apariencia. Adem\u00e1s de aportar a su acuario nutrientes esenciales como el hierro y otros minerales, Onix Sand TM ayuda a mantener unos niveles \u00f3ptimos de carbonatos (KH) a los acuarios de agua dulce. Esto es muy provechoso para todo tipo de plantas naturales como fuente esencial de carbono y representa una gran ventaja en los acuarios plantados para mantener un valor pH estable. Aunque este sustrato es ideal para acuarios plantados, puede ser utilizado en cualquier acuario de agua dulce.<\/p>\n","protected":false},"featured_media":9623,"template":"","meta":[],"product_brand":[123],"product_cat":[40,56,63],"product_tag":[871,866,865],"class_list":{"0":"post-9622","1":"product","2":"type-product","3":"status-publish","4":"has-post-thumbnail","6":"product_brand-seachem","7":"product_cat-peces","8":"product_cat-plantas-naturales","9":"product_cat-sustratos-y-gravas","10":"product_tag-onyx-sand","11":"product_tag-sustrato-fertilizado","12":"product_tag-sustrato-para-plantas","14":"first","15":"instock","16":"sale","17":"shipping-taxable","18":"purchasable","19":"product-type-simple"},"yoast_head":"<!-- This site is optimized with the Yoast SEO plugin v27.4 - https:\/\/yoast.com\/product\/yoast-seo-wordpress\/ -->\n<title>Onyx sand 7 kg, Sustrato fertilizado. | Acuario Supremus<\/title>\n<meta name=\"description\" content=\"Onyx Sand \u2122 es un sustrato de arena para acuarios que presenta un color gris oscuro muy natural, realzando notablemente su apariencia.\" \/>\n<meta name=\"robots\" content=\"index, follow, max-snippet:-1, max-image-preview:large, max-video-preview:-1\" \/>\n<link rel=\"canonical\" href=\"https:\/\/acuariosupremus.com\/?product=onyx-sand-7-kg-sustrato-fertilizado\" \/>\n<meta property=\"og:locale\" content=\"es_MX\" \/>\n<meta property=\"og:type\" content=\"article\" \/>\n<meta property=\"og:title\" content=\"Onyx sand 7 kg, Sustrato fertilizado. | Acuario Supremus\" \/>\n<meta property=\"og:description\" content=\"Onyx Sand \u2122 es un sustrato de arena para acuarios que presenta un color gris oscuro muy natural, realzando notablemente su apariencia.\" \/>\n<meta property=\"og:url\" content=\"https:\/\/acuariosupremus.com\/?product=onyx-sand-7-kg-sustrato-fertilizado\" \/>\n<meta property=\"og:site_name\" content=\"Acuario Supremus\" \/>\n<meta property=\"article:publisher\" content=\"https:\/\/www.facebook.com\/AcuarioSupremus\" \/>\n<meta property=\"article:modified_time\" content=\"2025-12-30T20:47:43+00:00\" \/>\n<meta property=\"og:image\" content=\"https:\/\/acuariosupremus.com\/wp-content\/uploads\/2022\/05\/seachem_onix_sand_7kg_01.jpg\" \/>\n\t<meta property=\"og:image:width\" content=\"1250\" \/>\n\t<meta property=\"og:image:height\" content=\"1250\" \/>\n\t<meta property=\"og:image:type\" content=\"image\/jpeg\" \/>\n<meta name=\"twitter:card\" content=\"summary_large_image\" \/>\n<meta name=\"twitter:site\" content=\"@AcuarioSupremus\" \/>\n<meta name=\"twitter:label1\" content=\"Tiempo de lectura\" \/>\n\t<meta name=\"twitter:data1\" content=\"2 minutos\" \/>\n<script type=\"application\/ld+json\" class=\"yoast-schema-graph\">{\"@context\":\"https:\\\/\\\/schema.org\",\"@graph\":[{\"@type\":\"WebPage\",\"@id\":\"https:\\\/\\\/acuariosupremus.com\\\/?product=onyx-sand-7-kg-sustrato-fertilizado\",\"url\":\"https:\\\/\\\/acuariosupremus.com\\\/?product=onyx-sand-7-kg-sustrato-fertilizado\",\"name\":\"Onyx sand 7 kg, Sustrato fertilizado. | Acuario Supremus\",\"isPartOf\":{\"@id\":\"https:\\\/\\\/acuariosupremus.com\\\/#website\"},\"primaryImageOfPage\":{\"@id\":\"https:\\\/\\\/acuariosupremus.com\\\/?product=onyx-sand-7-kg-sustrato-fertilizado#primaryimage\"},\"image\":{\"@id\":\"https:\\\/\\\/acuariosupremus.com\\\/?product=onyx-sand-7-kg-sustrato-fertilizado#primaryimage\"},\"thumbnailUrl\":\"https:\\\/\\\/acuariosupremus.com\\\/wp-content\\\/uploads\\\/2022\\\/05\\\/seachem_onix_sand_7kg_01.jpg\",\"datePublished\":\"2022-05-15T00:53:29+00:00\",\"dateModified\":\"2025-12-30T20:47:43+00:00\",\"description\":\"Onyx Sand \u2122 es un sustrato de arena para acuarios que presenta un color gris oscuro muy natural, realzando notablemente su apariencia.\",\"breadcrumb\":{\"@id\":\"https:\\\/\\\/acuariosupremus.com\\\/?product=onyx-sand-7-kg-sustrato-fertilizado#breadcrumb\"},\"inLanguage\":\"es\",\"potentialAction\":[{\"@type\":\"ReadAction\",\"target\":[\"https:\\\/\\\/acuariosupremus.com\\\/?product=onyx-sand-7-kg-sustrato-fertilizado\"]}]},{\"@type\":\"ImageObject\",\"inLanguage\":\"es\",\"@id\":\"https:\\\/\\\/acuariosupremus.com\\\/?product=onyx-sand-7-kg-sustrato-fertilizado#primaryimage\",\"url\":\"https:\\\/\\\/acuariosupremus.com\\\/wp-content\\\/uploads\\\/2022\\\/05\\\/seachem_onix_sand_7kg_01.jpg\",\"contentUrl\":\"https:\\\/\\\/acuariosupremus.com\\\/wp-content\\\/uploads\\\/2022\\\/05\\\/seachem_onix_sand_7kg_01.jpg\",\"width\":1250,\"height\":1250},{\"@type\":\"BreadcrumbList\",\"@id\":\"https:\\\/\\\/acuariosupremus.com\\\/?product=onyx-sand-7-kg-sustrato-fertilizado#breadcrumb\",\"itemListElement\":[{\"@type\":\"ListItem\",\"position\":1,\"name\":\"Portada\",\"item\":\"https:\\\/\\\/acuariosupremus.com\\\/\"},{\"@type\":\"ListItem\",\"position\":2,\"name\":\"Tienda\",\"item\":\"https:\\\/\\\/acuariosupremus.com\\\/tienda\\\/\"},{\"@type\":\"ListItem\",\"position\":3,\"name\":\"Onyx sand 7 kg, Sustrato fertilizado.\"}]},{\"@type\":\"WebSite\",\"@id\":\"https:\\\/\\\/acuariosupremus.com\\\/#website\",\"url\":\"https:\\\/\\\/acuariosupremus.com\\\/\",\"name\":\"Acuario Supremus\",\"description\":\"Peces, Peceras y Mascotas.\",\"publisher\":{\"@id\":\"https:\\\/\\\/acuariosupremus.com\\\/#organization\"},\"potentialAction\":[{\"@type\":\"SearchAction\",\"target\":{\"@type\":\"EntryPoint\",\"urlTemplate\":\"https:\\\/\\\/acuariosupremus.com\\\/?s={search_term_string}\"},\"query-input\":{\"@type\":\"PropertyValueSpecification\",\"valueRequired\":true,\"valueName\":\"search_term_string\"}}],\"inLanguage\":\"es\"},{\"@type\":\"Organization\",\"@id\":\"https:\\\/\\\/acuariosupremus.com\\\/#organization\",\"name\":\"Acuario Supremus\",\"url\":\"https:\\\/\\\/acuariosupremus.com\\\/\",\"logo\":{\"@type\":\"ImageObject\",\"inLanguage\":\"es\",\"@id\":\"https:\\\/\\\/acuariosupremus.com\\\/#\\\/schema\\\/logo\\\/image\\\/\",\"url\":\"https:\\\/\\\/acuariosupremus.com\\\/wp-content\\\/uploads\\\/2021\\\/12\\\/cropped-logo_acuario_supremus_fn-2.png\",\"contentUrl\":\"https:\\\/\\\/acuariosupremus.com\\\/wp-content\\\/uploads\\\/2021\\\/12\\\/cropped-logo_acuario_supremus_fn-2.png\",\"width\":1000,\"height\":318,\"caption\":\"Acuario Supremus\"},\"image\":{\"@id\":\"https:\\\/\\\/acuariosupremus.com\\\/#\\\/schema\\\/logo\\\/image\\\/\"},\"sameAs\":[\"https:\\\/\\\/www.facebook.com\\\/AcuarioSupremus\",\"https:\\\/\\\/x.com\\\/AcuarioSupremus\",\"https:\\\/\\\/www.instagram.com\\\/acuariosupremus\\\/?hl=es\"]}]}<\/script>\n<!-- \/ Yoast SEO plugin. -->","yoast_head_json":{"title":"Onyx sand 7 kg, Sustrato fertilizado. | Acuario Supremus","description":"Onyx Sand \u2122 es un sustrato de arena para acuarios que presenta un color gris oscuro muy natural, realzando notablemente su apariencia.","robots":{"index":"index","follow":"follow","max-snippet":"max-snippet:-1","max-image-preview":"max-image-preview:large","max-video-preview":"max-video-preview:-1"},"canonical":"https:\/\/acuariosupremus.com\/?product=onyx-sand-7-kg-sustrato-fertilizado","og_locale":"es_MX","og_type":"article","og_title":"Onyx sand 7 kg, Sustrato fertilizado. | Acuario Supremus","og_description":"Onyx Sand \u2122 es un sustrato de arena para acuarios que presenta un color gris oscuro muy natural, realzando notablemente su apariencia.","og_url":"https:\/\/acuariosupremus.com\/?product=onyx-sand-7-kg-sustrato-fertilizado","og_site_name":"Acuario Supremus","article_publisher":"https:\/\/www.facebook.com\/AcuarioSupremus","article_modified_time":"2025-12-30T20:47:43+00:00","og_image":[{"width":1250,"height":1250,"url":"https:\/\/acuariosupremus.com\/wp-content\/uploads\/2022\/05\/seachem_onix_sand_7kg_01.jpg","type":"image\/jpeg"}],"twitter_card":"summary_large_image","twitter_site":"@AcuarioSupremus","twitter_misc":{"Tiempo de lectura":"2 minutos"},"schema":{"@context":"https:\/\/schema.org","@graph":[{"@type":"WebPage","@id":"https:\/\/acuariosupremus.com\/?product=onyx-sand-7-kg-sustrato-fertilizado","url":"https:\/\/acuariosupremus.com\/?product=onyx-sand-7-kg-sustrato-fertilizado","name":"Onyx sand 7 kg, Sustrato fertilizado. | Acuario Supremus","isPartOf":{"@id":"https:\/\/acuariosupremus.com\/#website"},"primaryImageOfPage":{"@id":"https:\/\/acuariosupremus.com\/?product=onyx-sand-7-kg-sustrato-fertilizado#primaryimage"},"image":{"@id":"https:\/\/acuariosupremus.com\/?product=onyx-sand-7-kg-sustrato-fertilizado#primaryimage"},"thumbnailUrl":"https:\/\/acuariosupremus.com\/wp-content\/uploads\/2022\/05\/seachem_onix_sand_7kg_01.jpg","datePublished":"2022-05-15T00:53:29+00:00","dateModified":"2025-12-30T20:47:43+00:00","description":"Onyx Sand \u2122 es un sustrato de arena para acuarios que presenta un color gris oscuro muy natural, realzando notablemente su apariencia.","breadcrumb":{"@id":"https:\/\/acuariosupremus.com\/?product=onyx-sand-7-kg-sustrato-fertilizado#breadcrumb"},"inLanguage":"es","potentialAction":[{"@type":"ReadAction","target":["https:\/\/acuariosupremus.com\/?product=onyx-sand-7-kg-sustrato-fertilizado"]}]},{"@type":"ImageObject","inLanguage":"es","@id":"https:\/\/acuariosupremus.com\/?product=onyx-sand-7-kg-sustrato-fertilizado#primaryimage","url":"https:\/\/acuariosupremus.com\/wp-content\/uploads\/2022\/05\/seachem_onix_sand_7kg_01.jpg","contentUrl":"https:\/\/acuariosupremus.com\/wp-content\/uploads\/2022\/05\/seachem_onix_sand_7kg_01.jpg","width":1250,"height":1250},{"@type":"BreadcrumbList","@id":"https:\/\/acuariosupremus.com\/?product=onyx-sand-7-kg-sustrato-fertilizado#breadcrumb","itemListElement":[{"@type":"ListItem","position":1,"name":"Portada","item":"https:\/\/acuariosupremus.com\/"},{"@type":"ListItem","position":2,"name":"Tienda","item":"https:\/\/acuariosupremus.com\/tienda\/"},{"@type":"ListItem","position":3,"name":"Onyx sand 7 kg, Sustrato fertilizado."}]},{"@type":"WebSite","@id":"https:\/\/acuariosupremus.com\/#website","url":"https:\/\/acuariosupremus.com\/","name":"Acuario Supremus","description":"Peces, Peceras y Mascotas.","publisher":{"@id":"https:\/\/acuariosupremus.com\/#organization"},"potentialAction":[{"@type":"SearchAction","target":{"@type":"EntryPoint","urlTemplate":"https:\/\/acuariosupremus.com\/?s={search_term_string}"},"query-input":{"@type":"PropertyValueSpecification","valueRequired":true,"valueName":"search_term_string"}}],"inLanguage":"es"},{"@type":"Organization","@id":"https:\/\/acuariosupremus.com\/#organization","name":"Acuario Supremus","url":"https:\/\/acuariosupremus.com\/","logo":{"@type":"ImageObject","inLanguage":"es","@id":"https:\/\/acuariosupremus.com\/#\/schema\/logo\/image\/","url":"https:\/\/acuariosupremus.com\/wp-content\/uploads\/2021\/12\/cropped-logo_acuario_supremus_fn-2.png","contentUrl":"https:\/\/acuariosupremus.com\/wp-content\/uploads\/2021\/12\/cropped-logo_acuario_supremus_fn-2.png","width":1000,"height":318,"caption":"Acuario Supremus"},"image":{"@id":"https:\/\/acuariosupremus.com\/#\/schema\/logo\/image\/"},"sameAs":["https:\/\/www.facebook.com\/AcuarioSupremus","https:\/\/x.com\/AcuarioSupremus","https:\/\/www.instagram.com\/acuariosupremus\/?hl=es"]}]}},"jetpack_sharing_enabled":true,"_links":{"self":[{"href":"https:\/\/acuariosupremus.com\/index.php?rest_route=\/wp\/v2\/product\/9622","targetHints":{"allow":["GET"]}}],"collection":[{"href":"https:\/\/acuariosupremus.com\/index.php?rest_route=\/wp\/v2\/product"}],"about":[{"href":"https:\/\/acuariosupremus.com\/index.php?rest_route=\/wp\/v2\/types\/product"}],"wp:featuredmedia":[{"embeddable":true,"href":"https:\/\/acuariosupremus.com\/index.php?rest_route=\/wp\/v2\/media\/9623"}],"wp:attachment":[{"href":"https:\/\/acuariosupremus.com\/index.php?rest_route=%2Fwp%2Fv2%2Fmedia&parent=9622"}],"wp:term":[{"taxonomy":"product_brand","embeddable":true,"href":"https:\/\/acuariosupremus.com\/index.php?rest_route=%2Fwp%2Fv2%2Fproduct_brand&post=9622"},{"taxonomy":"product_cat","embeddable":true,"href":"https:\/\/acuariosupremus.com\/index.php?rest_route=%2Fwp%2Fv2%2Fproduct_cat&post=9622"},{"taxonomy":"product_tag","embeddable":true,"href":"https:\/\/acuariosupremus.com\/index.php?rest_route=%2Fwp%2Fv2%2Fproduct_tag&post=9622"}],"curies":[{"name":"wp","href":"https:\/\/api.w.org\/{rel}","templated":true}]}}