{"id":9674,"date":"2022-05-17T15:57:03","date_gmt":"2022-05-17T20:57:03","guid":{"rendered":"https:\/\/acuariosupremus.com\/?post_type=product&#038;p=9674"},"modified":"2025-12-30T16:03:53","modified_gmt":"2025-12-30T22:03:53","slug":"multi-surface-desnatador-para-filtros","status":"publish","type":"product","link":"https:\/\/acuariosupremus.com\/?product=multi-surface-desnatador-para-filtros","title":{"rendered":"Multi-Surface, Desnatador para filtros."},"content":{"rendered":"<p>El film que se acumula en la superficie afecta seriamente a la permeabilidad del agua al intercambio gaseoso, impidiendo que el Ox\u00edgeno (O2) y el di\u00f3xido de carbono (CO2) establezcan su equilibrio natural y se pueda oxigenar el acuario correctamente. Este desnatador favorece que estas part\u00edculas acumuladas en superficie sean aspiradas y removidas por el filtro mec\u00e1nico. Este producto est\u00e1 fabricado con materiales y procesos industriales de alta calidad que garantizan una gran robustez y larga vida de uso. Su dise\u00f1o compacto lo hace ideal para trabajar en acuarios plantados sin invadir demasiado el espacio de la decoraci\u00f3n. Se fija al acuario mediante dos ventosas transparentes y dos clips regulables en altura. Es desmontable para un f\u00e1cil mantenimiento y cuenta con una v\u00e1lvula tubular, que al girarla podr\u00e1 regular con precisi\u00f3n la relaci\u00f3n de agua aspirada entre fondo y la superficie para adaptarse perfectamente al caudal del filtro.<\/p>\n<p>Altura m\u00ednima: 160 (mm) Altura m\u00e1xima: 210 (mm) Di\u00e1metro de conexi\u00f3n: 15-19 (mm) Medidas de la aspiraci\u00f3n: 40\u00a0 (mm) Peso: 80 (grs.) Peso con embalaje: 110 (grs)\u00a0 Medidas: 160 x 85 x 45 mm (l x a x h ) Medidas con embalaje: 95 x 190 x 53 mm (l x a x h ).<\/p>\n","protected":false},"excerpt":{"rendered":"<p>Dispositivo desnatador especial para acuarios plantados. Al instalarlo aspira el agua de la superficie del acuario arrastrando toda la pel\u00edcula de grasa y de part\u00edculas coloidales que se acumulan debido a la tensi\u00f3n superficial del agua. S\u00f3lo con\u00e9ctelo directamente en la aspiraci\u00f3n de filtros de mochila o canister y se adaptar\u00e1 de forma autom\u00e1tica al nivel de agua de su acuario aspirando agua del fondo de su estructura al mismo tiempo.<\/p>\n","protected":false},"featured_media":9677,"template":"","meta":[],"product_brand":[127],"product_cat":[40,49],"product_tag":[188],"class_list":{"0":"post-9674","1":"product","2":"type-product","3":"status-publish","4":"has-post-thumbnail","6":"product_brand-ista","7":"product_cat-peces","8":"product_cat-espumadores-y-desnatadores","9":"product_tag-desnatador","11":"first","12":"instock","13":"sale","14":"shipping-taxable","15":"purchasable","16":"product-type-simple"},"yoast_head":"<!-- This site is optimized with the Yoast SEO plugin v27.4 - https:\/\/yoast.com\/product\/yoast-seo-wordpress\/ -->\n<title>Multi-Surface, Desnatador para filtros. | Acuario Supremus<\/title>\n<meta name=\"description\" content=\"Dispositivo desnatador especial para acuarios plantados. aspira el agua de la superficie arrastrando la pel\u00edcula de grasa y de part\u00edculas que se acumulan.\" \/>\n<meta name=\"robots\" content=\"index, follow, max-snippet:-1, max-image-preview:large, max-video-preview:-1\" \/>\n<link rel=\"canonical\" href=\"https:\/\/acuariosupremus.com\/?product=multi-surface-desnatador-para-filtros\" \/>\n<meta property=\"og:locale\" content=\"es_MX\" \/>\n<meta property=\"og:type\" content=\"article\" \/>\n<meta property=\"og:title\" content=\"Multi-Surface, Desnatador para filtros. | Acuario Supremus\" \/>\n<meta property=\"og:description\" content=\"Dispositivo desnatador especial para acuarios plantados. aspira el agua de la superficie arrastrando la pel\u00edcula de grasa y de part\u00edculas que se acumulan.\" \/>\n<meta property=\"og:url\" content=\"https:\/\/acuariosupremus.com\/?product=multi-surface-desnatador-para-filtros\" \/>\n<meta property=\"og:site_name\" content=\"Acuario Supremus\" \/>\n<meta property=\"article:publisher\" content=\"https:\/\/www.facebook.com\/AcuarioSupremus\" \/>\n<meta property=\"article:modified_time\" content=\"2025-12-30T22:03:53+00:00\" \/>\n<meta property=\"og:image\" content=\"https:\/\/acuariosupremus.com\/wp-content\/uploads\/2022\/05\/i-522_desnatador_superficie_ista_03.jpg\" \/>\n\t<meta property=\"og:image:width\" content=\"1250\" \/>\n\t<meta property=\"og:image:height\" content=\"1250\" \/>\n\t<meta property=\"og:image:type\" content=\"image\/jpeg\" \/>\n<meta name=\"twitter:card\" content=\"summary_large_image\" \/>\n<meta name=\"twitter:site\" content=\"@AcuarioSupremus\" \/>\n<meta name=\"twitter:label1\" content=\"Tiempo de lectura\" \/>\n\t<meta name=\"twitter:data1\" content=\"1 minuto\" \/>\n<script type=\"application\/ld+json\" class=\"yoast-schema-graph\">{\"@context\":\"https:\\\/\\\/schema.org\",\"@graph\":[{\"@type\":\"WebPage\",\"@id\":\"https:\\\/\\\/acuariosupremus.com\\\/?product=multi-surface-desnatador-para-filtros\",\"url\":\"https:\\\/\\\/acuariosupremus.com\\\/?product=multi-surface-desnatador-para-filtros\",\"name\":\"Multi-Surface, Desnatador para filtros. | Acuario Supremus\",\"isPartOf\":{\"@id\":\"https:\\\/\\\/acuariosupremus.com\\\/#website\"},\"primaryImageOfPage\":{\"@id\":\"https:\\\/\\\/acuariosupremus.com\\\/?product=multi-surface-desnatador-para-filtros#primaryimage\"},\"image\":{\"@id\":\"https:\\\/\\\/acuariosupremus.com\\\/?product=multi-surface-desnatador-para-filtros#primaryimage\"},\"thumbnailUrl\":\"https:\\\/\\\/acuariosupremus.com\\\/wp-content\\\/uploads\\\/2022\\\/05\\\/i-522_desnatador_superficie_ista_03.jpg\",\"datePublished\":\"2022-05-17T20:57:03+00:00\",\"dateModified\":\"2025-12-30T22:03:53+00:00\",\"description\":\"Dispositivo desnatador especial para acuarios plantados. aspira el agua de la superficie arrastrando la pel\u00edcula de grasa y de part\u00edculas que se acumulan.\",\"breadcrumb\":{\"@id\":\"https:\\\/\\\/acuariosupremus.com\\\/?product=multi-surface-desnatador-para-filtros#breadcrumb\"},\"inLanguage\":\"es\",\"potentialAction\":[{\"@type\":\"ReadAction\",\"target\":[\"https:\\\/\\\/acuariosupremus.com\\\/?product=multi-surface-desnatador-para-filtros\"]}]},{\"@type\":\"ImageObject\",\"inLanguage\":\"es\",\"@id\":\"https:\\\/\\\/acuariosupremus.com\\\/?product=multi-surface-desnatador-para-filtros#primaryimage\",\"url\":\"https:\\\/\\\/acuariosupremus.com\\\/wp-content\\\/uploads\\\/2022\\\/05\\\/i-522_desnatador_superficie_ista_03.jpg\",\"contentUrl\":\"https:\\\/\\\/acuariosupremus.com\\\/wp-content\\\/uploads\\\/2022\\\/05\\\/i-522_desnatador_superficie_ista_03.jpg\",\"width\":1250,\"height\":1250},{\"@type\":\"BreadcrumbList\",\"@id\":\"https:\\\/\\\/acuariosupremus.com\\\/?product=multi-surface-desnatador-para-filtros#breadcrumb\",\"itemListElement\":[{\"@type\":\"ListItem\",\"position\":1,\"name\":\"Portada\",\"item\":\"https:\\\/\\\/acuariosupremus.com\\\/\"},{\"@type\":\"ListItem\",\"position\":2,\"name\":\"Tienda\",\"item\":\"https:\\\/\\\/acuariosupremus.com\\\/tienda\\\/\"},{\"@type\":\"ListItem\",\"position\":3,\"name\":\"Multi-Surface, Desnatador para filtros.\"}]},{\"@type\":\"WebSite\",\"@id\":\"https:\\\/\\\/acuariosupremus.com\\\/#website\",\"url\":\"https:\\\/\\\/acuariosupremus.com\\\/\",\"name\":\"Acuario Supremus\",\"description\":\"Peces, Peceras y Mascotas.\",\"publisher\":{\"@id\":\"https:\\\/\\\/acuariosupremus.com\\\/#organization\"},\"potentialAction\":[{\"@type\":\"SearchAction\",\"target\":{\"@type\":\"EntryPoint\",\"urlTemplate\":\"https:\\\/\\\/acuariosupremus.com\\\/?s={search_term_string}\"},\"query-input\":{\"@type\":\"PropertyValueSpecification\",\"valueRequired\":true,\"valueName\":\"search_term_string\"}}],\"inLanguage\":\"es\"},{\"@type\":\"Organization\",\"@id\":\"https:\\\/\\\/acuariosupremus.com\\\/#organization\",\"name\":\"Acuario Supremus\",\"url\":\"https:\\\/\\\/acuariosupremus.com\\\/\",\"logo\":{\"@type\":\"ImageObject\",\"inLanguage\":\"es\",\"@id\":\"https:\\\/\\\/acuariosupremus.com\\\/#\\\/schema\\\/logo\\\/image\\\/\",\"url\":\"https:\\\/\\\/acuariosupremus.com\\\/wp-content\\\/uploads\\\/2021\\\/12\\\/cropped-logo_acuario_supremus_fn-2.png\",\"contentUrl\":\"https:\\\/\\\/acuariosupremus.com\\\/wp-content\\\/uploads\\\/2021\\\/12\\\/cropped-logo_acuario_supremus_fn-2.png\",\"width\":1000,\"height\":318,\"caption\":\"Acuario Supremus\"},\"image\":{\"@id\":\"https:\\\/\\\/acuariosupremus.com\\\/#\\\/schema\\\/logo\\\/image\\\/\"},\"sameAs\":[\"https:\\\/\\\/www.facebook.com\\\/AcuarioSupremus\",\"https:\\\/\\\/x.com\\\/AcuarioSupremus\",\"https:\\\/\\\/www.instagram.com\\\/acuariosupremus\\\/?hl=es\"]}]}<\/script>\n<!-- \/ Yoast SEO plugin. -->","yoast_head_json":{"title":"Multi-Surface, Desnatador para filtros. | Acuario Supremus","description":"Dispositivo desnatador especial para acuarios plantados. aspira el agua de la superficie arrastrando la pel\u00edcula de grasa y de part\u00edculas que se acumulan.","robots":{"index":"index","follow":"follow","max-snippet":"max-snippet:-1","max-image-preview":"max-image-preview:large","max-video-preview":"max-video-preview:-1"},"canonical":"https:\/\/acuariosupremus.com\/?product=multi-surface-desnatador-para-filtros","og_locale":"es_MX","og_type":"article","og_title":"Multi-Surface, Desnatador para filtros. | Acuario Supremus","og_description":"Dispositivo desnatador especial para acuarios plantados. aspira el agua de la superficie arrastrando la pel\u00edcula de grasa y de part\u00edculas que se acumulan.","og_url":"https:\/\/acuariosupremus.com\/?product=multi-surface-desnatador-para-filtros","og_site_name":"Acuario Supremus","article_publisher":"https:\/\/www.facebook.com\/AcuarioSupremus","article_modified_time":"2025-12-30T22:03:53+00:00","og_image":[{"width":1250,"height":1250,"url":"https:\/\/acuariosupremus.com\/wp-content\/uploads\/2022\/05\/i-522_desnatador_superficie_ista_03.jpg","type":"image\/jpeg"}],"twitter_card":"summary_large_image","twitter_site":"@AcuarioSupremus","twitter_misc":{"Tiempo de lectura":"1 minuto"},"schema":{"@context":"https:\/\/schema.org","@graph":[{"@type":"WebPage","@id":"https:\/\/acuariosupremus.com\/?product=multi-surface-desnatador-para-filtros","url":"https:\/\/acuariosupremus.com\/?product=multi-surface-desnatador-para-filtros","name":"Multi-Surface, Desnatador para filtros. | Acuario Supremus","isPartOf":{"@id":"https:\/\/acuariosupremus.com\/#website"},"primaryImageOfPage":{"@id":"https:\/\/acuariosupremus.com\/?product=multi-surface-desnatador-para-filtros#primaryimage"},"image":{"@id":"https:\/\/acuariosupremus.com\/?product=multi-surface-desnatador-para-filtros#primaryimage"},"thumbnailUrl":"https:\/\/acuariosupremus.com\/wp-content\/uploads\/2022\/05\/i-522_desnatador_superficie_ista_03.jpg","datePublished":"2022-05-17T20:57:03+00:00","dateModified":"2025-12-30T22:03:53+00:00","description":"Dispositivo desnatador especial para acuarios plantados. aspira el agua de la superficie arrastrando la pel\u00edcula de grasa y de part\u00edculas que se acumulan.","breadcrumb":{"@id":"https:\/\/acuariosupremus.com\/?product=multi-surface-desnatador-para-filtros#breadcrumb"},"inLanguage":"es","potentialAction":[{"@type":"ReadAction","target":["https:\/\/acuariosupremus.com\/?product=multi-surface-desnatador-para-filtros"]}]},{"@type":"ImageObject","inLanguage":"es","@id":"https:\/\/acuariosupremus.com\/?product=multi-surface-desnatador-para-filtros#primaryimage","url":"https:\/\/acuariosupremus.com\/wp-content\/uploads\/2022\/05\/i-522_desnatador_superficie_ista_03.jpg","contentUrl":"https:\/\/acuariosupremus.com\/wp-content\/uploads\/2022\/05\/i-522_desnatador_superficie_ista_03.jpg","width":1250,"height":1250},{"@type":"BreadcrumbList","@id":"https:\/\/acuariosupremus.com\/?product=multi-surface-desnatador-para-filtros#breadcrumb","itemListElement":[{"@type":"ListItem","position":1,"name":"Portada","item":"https:\/\/acuariosupremus.com\/"},{"@type":"ListItem","position":2,"name":"Tienda","item":"https:\/\/acuariosupremus.com\/tienda\/"},{"@type":"ListItem","position":3,"name":"Multi-Surface, Desnatador para filtros."}]},{"@type":"WebSite","@id":"https:\/\/acuariosupremus.com\/#website","url":"https:\/\/acuariosupremus.com\/","name":"Acuario Supremus","description":"Peces, Peceras y Mascotas.","publisher":{"@id":"https:\/\/acuariosupremus.com\/#organization"},"potentialAction":[{"@type":"SearchAction","target":{"@type":"EntryPoint","urlTemplate":"https:\/\/acuariosupremus.com\/?s={search_term_string}"},"query-input":{"@type":"PropertyValueSpecification","valueRequired":true,"valueName":"search_term_string"}}],"inLanguage":"es"},{"@type":"Organization","@id":"https:\/\/acuariosupremus.com\/#organization","name":"Acuario Supremus","url":"https:\/\/acuariosupremus.com\/","logo":{"@type":"ImageObject","inLanguage":"es","@id":"https:\/\/acuariosupremus.com\/#\/schema\/logo\/image\/","url":"https:\/\/acuariosupremus.com\/wp-content\/uploads\/2021\/12\/cropped-logo_acuario_supremus_fn-2.png","contentUrl":"https:\/\/acuariosupremus.com\/wp-content\/uploads\/2021\/12\/cropped-logo_acuario_supremus_fn-2.png","width":1000,"height":318,"caption":"Acuario Supremus"},"image":{"@id":"https:\/\/acuariosupremus.com\/#\/schema\/logo\/image\/"},"sameAs":["https:\/\/www.facebook.com\/AcuarioSupremus","https:\/\/x.com\/AcuarioSupremus","https:\/\/www.instagram.com\/acuariosupremus\/?hl=es"]}]}},"jetpack_sharing_enabled":true,"_links":{"self":[{"href":"https:\/\/acuariosupremus.com\/index.php?rest_route=\/wp\/v2\/product\/9674","targetHints":{"allow":["GET"]}}],"collection":[{"href":"https:\/\/acuariosupremus.com\/index.php?rest_route=\/wp\/v2\/product"}],"about":[{"href":"https:\/\/acuariosupremus.com\/index.php?rest_route=\/wp\/v2\/types\/product"}],"wp:featuredmedia":[{"embeddable":true,"href":"https:\/\/acuariosupremus.com\/index.php?rest_route=\/wp\/v2\/media\/9677"}],"wp:attachment":[{"href":"https:\/\/acuariosupremus.com\/index.php?rest_route=%2Fwp%2Fv2%2Fmedia&parent=9674"}],"wp:term":[{"taxonomy":"product_brand","embeddable":true,"href":"https:\/\/acuariosupremus.com\/index.php?rest_route=%2Fwp%2Fv2%2Fproduct_brand&post=9674"},{"taxonomy":"product_cat","embeddable":true,"href":"https:\/\/acuariosupremus.com\/index.php?rest_route=%2Fwp%2Fv2%2Fproduct_cat&post=9674"},{"taxonomy":"product_tag","embeddable":true,"href":"https:\/\/acuariosupremus.com\/index.php?rest_route=%2Fwp%2Fv2%2Fproduct_tag&post=9674"}],"curies":[{"name":"wp","href":"https:\/\/api.w.org\/{rel}","templated":true}]}}