{"id":9783,"date":"2022-05-18T15:44:43","date_gmt":"2022-05-18T20:44:43","guid":{"rendered":"https:\/\/acuariosupremus.com\/?post_type=product&#038;p=9783"},"modified":"2025-12-30T16:20:44","modified_gmt":"2025-12-30T22:20:44","slug":"soporte-para-tanque-de-co2-de-1-kg","status":"publish","type":"product","link":"https:\/\/acuariosupremus.com\/?product=soporte-para-tanque-de-co2-de-1-kg","title":{"rendered":"Soporte para tanque de CO2 de 1 kg."},"content":{"rendered":"<p>Asegura firmemente la estabilidad vertical en pr\u00e1cticamente cualquier recipiente mediano de CO2 para acuarios. Es un complemento muy recomendable, ya que se instala f\u00e1cilmente en la base de su cilindro, siendo especialmente indicado en aquellos que carecen de un fondo plano y no se sostienen por s\u00ed mismos.<\/p>\n<p>Peso: 100 (grs.) Peso con embalaje: 145 (grs.) Rango de di\u00e1metro 65 &#8211; 80 (mm) Dimensiones\u00a0 115 x 140 x 140 (l x a x h, mm) Dim. embalaje: 105 x 80 x 170 (l x a x h, mm)<\/p>\n","protected":false},"excerpt":{"rendered":"<p>Soporte vertical pl\u00e1stico para recipientes de CO2 realizado en pl\u00e1stico ABS endurecido de excelente calidad y fino acabado. Gracias a su ingenioso dise\u00f1o adaptativo y flexible, permite el ajuste a distintos di\u00e1metros de cilindros desde 65 hasta 80 mil\u00edmetros. Es compatible con los cilindros de las marcas ISTA y AZOO con 1 litro de capacidad.<\/p>\n","protected":false},"featured_media":9788,"template":"","meta":[],"product_brand":[127],"product_cat":[40,56],"product_tag":[892],"class_list":{"0":"post-9783","1":"product","2":"type-product","3":"status-publish","4":"has-post-thumbnail","6":"product_brand-ista","7":"product_cat-peces","8":"product_cat-plantas-naturales","9":"product_tag-soporte-para-tanque-de-co2","11":"first","12":"instock","13":"sale","14":"shipping-taxable","15":"purchasable","16":"product-type-simple"},"yoast_head":"<!-- This site is optimized with the Yoast SEO plugin v27.4 - https:\/\/yoast.com\/product\/yoast-seo-wordpress\/ -->\n<title>Soporte para tanque de CO2 de 1 kg. | Acuario Supremus<\/title>\n<meta name=\"description\" content=\"Soporte vertical pl\u00e1stico para recipientes de CO2 realizado en pl\u00e1stico ABS endurecido de excelente calidad y fino acabado.\" \/>\n<meta name=\"robots\" content=\"index, follow, max-snippet:-1, max-image-preview:large, max-video-preview:-1\" \/>\n<link rel=\"canonical\" href=\"https:\/\/acuariosupremus.com\/?product=soporte-para-tanque-de-co2-de-1-kg\" \/>\n<meta property=\"og:locale\" content=\"es_MX\" \/>\n<meta property=\"og:type\" content=\"article\" \/>\n<meta property=\"og:title\" content=\"Soporte para tanque de CO2 de 1 kg. | Acuario Supremus\" \/>\n<meta property=\"og:description\" content=\"Soporte vertical pl\u00e1stico para recipientes de CO2 realizado en pl\u00e1stico ABS endurecido de excelente calidad y fino acabado.\" \/>\n<meta property=\"og:url\" content=\"https:\/\/acuariosupremus.com\/?product=soporte-para-tanque-de-co2-de-1-kg\" \/>\n<meta property=\"og:site_name\" content=\"Acuario Supremus\" \/>\n<meta property=\"article:publisher\" content=\"https:\/\/www.facebook.com\/AcuarioSupremus\" \/>\n<meta property=\"article:modified_time\" content=\"2025-12-30T22:20:44+00:00\" \/>\n<meta property=\"og:image\" content=\"https:\/\/acuariosupremus.com\/wp-content\/uploads\/2022\/05\/i-599_soporte_tanque_co2_ista_01.jpg\" \/>\n\t<meta property=\"og:image:width\" content=\"1250\" \/>\n\t<meta property=\"og:image:height\" content=\"1250\" \/>\n\t<meta property=\"og:image:type\" content=\"image\/jpeg\" \/>\n<meta name=\"twitter:card\" content=\"summary_large_image\" \/>\n<meta name=\"twitter:site\" content=\"@AcuarioSupremus\" \/>\n<meta name=\"twitter:label1\" content=\"Tiempo de lectura\" \/>\n\t<meta name=\"twitter:data1\" content=\"1 minuto\" \/>\n<script type=\"application\/ld+json\" class=\"yoast-schema-graph\">{\"@context\":\"https:\\\/\\\/schema.org\",\"@graph\":[{\"@type\":\"WebPage\",\"@id\":\"https:\\\/\\\/acuariosupremus.com\\\/?product=soporte-para-tanque-de-co2-de-1-kg\",\"url\":\"https:\\\/\\\/acuariosupremus.com\\\/?product=soporte-para-tanque-de-co2-de-1-kg\",\"name\":\"Soporte para tanque de CO2 de 1 kg. | Acuario Supremus\",\"isPartOf\":{\"@id\":\"https:\\\/\\\/acuariosupremus.com\\\/#website\"},\"primaryImageOfPage\":{\"@id\":\"https:\\\/\\\/acuariosupremus.com\\\/?product=soporte-para-tanque-de-co2-de-1-kg#primaryimage\"},\"image\":{\"@id\":\"https:\\\/\\\/acuariosupremus.com\\\/?product=soporte-para-tanque-de-co2-de-1-kg#primaryimage\"},\"thumbnailUrl\":\"https:\\\/\\\/acuariosupremus.com\\\/wp-content\\\/uploads\\\/2022\\\/05\\\/i-599_soporte_tanque_co2_ista_01.jpg\",\"datePublished\":\"2022-05-18T20:44:43+00:00\",\"dateModified\":\"2025-12-30T22:20:44+00:00\",\"description\":\"Soporte vertical pl\u00e1stico para recipientes de CO2 realizado en pl\u00e1stico ABS endurecido de excelente calidad y fino acabado.\",\"breadcrumb\":{\"@id\":\"https:\\\/\\\/acuariosupremus.com\\\/?product=soporte-para-tanque-de-co2-de-1-kg#breadcrumb\"},\"inLanguage\":\"es\",\"potentialAction\":[{\"@type\":\"ReadAction\",\"target\":[\"https:\\\/\\\/acuariosupremus.com\\\/?product=soporte-para-tanque-de-co2-de-1-kg\"]}]},{\"@type\":\"ImageObject\",\"inLanguage\":\"es\",\"@id\":\"https:\\\/\\\/acuariosupremus.com\\\/?product=soporte-para-tanque-de-co2-de-1-kg#primaryimage\",\"url\":\"https:\\\/\\\/acuariosupremus.com\\\/wp-content\\\/uploads\\\/2022\\\/05\\\/i-599_soporte_tanque_co2_ista_01.jpg\",\"contentUrl\":\"https:\\\/\\\/acuariosupremus.com\\\/wp-content\\\/uploads\\\/2022\\\/05\\\/i-599_soporte_tanque_co2_ista_01.jpg\",\"width\":1250,\"height\":1250},{\"@type\":\"BreadcrumbList\",\"@id\":\"https:\\\/\\\/acuariosupremus.com\\\/?product=soporte-para-tanque-de-co2-de-1-kg#breadcrumb\",\"itemListElement\":[{\"@type\":\"ListItem\",\"position\":1,\"name\":\"Portada\",\"item\":\"https:\\\/\\\/acuariosupremus.com\\\/\"},{\"@type\":\"ListItem\",\"position\":2,\"name\":\"Tienda\",\"item\":\"https:\\\/\\\/acuariosupremus.com\\\/tienda\\\/\"},{\"@type\":\"ListItem\",\"position\":3,\"name\":\"Soporte para tanque de CO2 de 1 kg.\"}]},{\"@type\":\"WebSite\",\"@id\":\"https:\\\/\\\/acuariosupremus.com\\\/#website\",\"url\":\"https:\\\/\\\/acuariosupremus.com\\\/\",\"name\":\"Acuario Supremus\",\"description\":\"Peces, Peceras y Mascotas.\",\"publisher\":{\"@id\":\"https:\\\/\\\/acuariosupremus.com\\\/#organization\"},\"potentialAction\":[{\"@type\":\"SearchAction\",\"target\":{\"@type\":\"EntryPoint\",\"urlTemplate\":\"https:\\\/\\\/acuariosupremus.com\\\/?s={search_term_string}\"},\"query-input\":{\"@type\":\"PropertyValueSpecification\",\"valueRequired\":true,\"valueName\":\"search_term_string\"}}],\"inLanguage\":\"es\"},{\"@type\":\"Organization\",\"@id\":\"https:\\\/\\\/acuariosupremus.com\\\/#organization\",\"name\":\"Acuario Supremus\",\"url\":\"https:\\\/\\\/acuariosupremus.com\\\/\",\"logo\":{\"@type\":\"ImageObject\",\"inLanguage\":\"es\",\"@id\":\"https:\\\/\\\/acuariosupremus.com\\\/#\\\/schema\\\/logo\\\/image\\\/\",\"url\":\"https:\\\/\\\/acuariosupremus.com\\\/wp-content\\\/uploads\\\/2021\\\/12\\\/cropped-logo_acuario_supremus_fn-2.png\",\"contentUrl\":\"https:\\\/\\\/acuariosupremus.com\\\/wp-content\\\/uploads\\\/2021\\\/12\\\/cropped-logo_acuario_supremus_fn-2.png\",\"width\":1000,\"height\":318,\"caption\":\"Acuario Supremus\"},\"image\":{\"@id\":\"https:\\\/\\\/acuariosupremus.com\\\/#\\\/schema\\\/logo\\\/image\\\/\"},\"sameAs\":[\"https:\\\/\\\/www.facebook.com\\\/AcuarioSupremus\",\"https:\\\/\\\/x.com\\\/AcuarioSupremus\",\"https:\\\/\\\/www.instagram.com\\\/acuariosupremus\\\/?hl=es\"]}]}<\/script>\n<!-- \/ Yoast SEO plugin. -->","yoast_head_json":{"title":"Soporte para tanque de CO2 de 1 kg. | Acuario Supremus","description":"Soporte vertical pl\u00e1stico para recipientes de CO2 realizado en pl\u00e1stico ABS endurecido de excelente calidad y fino acabado.","robots":{"index":"index","follow":"follow","max-snippet":"max-snippet:-1","max-image-preview":"max-image-preview:large","max-video-preview":"max-video-preview:-1"},"canonical":"https:\/\/acuariosupremus.com\/?product=soporte-para-tanque-de-co2-de-1-kg","og_locale":"es_MX","og_type":"article","og_title":"Soporte para tanque de CO2 de 1 kg. | Acuario Supremus","og_description":"Soporte vertical pl\u00e1stico para recipientes de CO2 realizado en pl\u00e1stico ABS endurecido de excelente calidad y fino acabado.","og_url":"https:\/\/acuariosupremus.com\/?product=soporte-para-tanque-de-co2-de-1-kg","og_site_name":"Acuario Supremus","article_publisher":"https:\/\/www.facebook.com\/AcuarioSupremus","article_modified_time":"2025-12-30T22:20:44+00:00","og_image":[{"width":1250,"height":1250,"url":"https:\/\/acuariosupremus.com\/wp-content\/uploads\/2022\/05\/i-599_soporte_tanque_co2_ista_01.jpg","type":"image\/jpeg"}],"twitter_card":"summary_large_image","twitter_site":"@AcuarioSupremus","twitter_misc":{"Tiempo de lectura":"1 minuto"},"schema":{"@context":"https:\/\/schema.org","@graph":[{"@type":"WebPage","@id":"https:\/\/acuariosupremus.com\/?product=soporte-para-tanque-de-co2-de-1-kg","url":"https:\/\/acuariosupremus.com\/?product=soporte-para-tanque-de-co2-de-1-kg","name":"Soporte para tanque de CO2 de 1 kg. | Acuario Supremus","isPartOf":{"@id":"https:\/\/acuariosupremus.com\/#website"},"primaryImageOfPage":{"@id":"https:\/\/acuariosupremus.com\/?product=soporte-para-tanque-de-co2-de-1-kg#primaryimage"},"image":{"@id":"https:\/\/acuariosupremus.com\/?product=soporte-para-tanque-de-co2-de-1-kg#primaryimage"},"thumbnailUrl":"https:\/\/acuariosupremus.com\/wp-content\/uploads\/2022\/05\/i-599_soporte_tanque_co2_ista_01.jpg","datePublished":"2022-05-18T20:44:43+00:00","dateModified":"2025-12-30T22:20:44+00:00","description":"Soporte vertical pl\u00e1stico para recipientes de CO2 realizado en pl\u00e1stico ABS endurecido de excelente calidad y fino acabado.","breadcrumb":{"@id":"https:\/\/acuariosupremus.com\/?product=soporte-para-tanque-de-co2-de-1-kg#breadcrumb"},"inLanguage":"es","potentialAction":[{"@type":"ReadAction","target":["https:\/\/acuariosupremus.com\/?product=soporte-para-tanque-de-co2-de-1-kg"]}]},{"@type":"ImageObject","inLanguage":"es","@id":"https:\/\/acuariosupremus.com\/?product=soporte-para-tanque-de-co2-de-1-kg#primaryimage","url":"https:\/\/acuariosupremus.com\/wp-content\/uploads\/2022\/05\/i-599_soporte_tanque_co2_ista_01.jpg","contentUrl":"https:\/\/acuariosupremus.com\/wp-content\/uploads\/2022\/05\/i-599_soporte_tanque_co2_ista_01.jpg","width":1250,"height":1250},{"@type":"BreadcrumbList","@id":"https:\/\/acuariosupremus.com\/?product=soporte-para-tanque-de-co2-de-1-kg#breadcrumb","itemListElement":[{"@type":"ListItem","position":1,"name":"Portada","item":"https:\/\/acuariosupremus.com\/"},{"@type":"ListItem","position":2,"name":"Tienda","item":"https:\/\/acuariosupremus.com\/tienda\/"},{"@type":"ListItem","position":3,"name":"Soporte para tanque de CO2 de 1 kg."}]},{"@type":"WebSite","@id":"https:\/\/acuariosupremus.com\/#website","url":"https:\/\/acuariosupremus.com\/","name":"Acuario Supremus","description":"Peces, Peceras y Mascotas.","publisher":{"@id":"https:\/\/acuariosupremus.com\/#organization"},"potentialAction":[{"@type":"SearchAction","target":{"@type":"EntryPoint","urlTemplate":"https:\/\/acuariosupremus.com\/?s={search_term_string}"},"query-input":{"@type":"PropertyValueSpecification","valueRequired":true,"valueName":"search_term_string"}}],"inLanguage":"es"},{"@type":"Organization","@id":"https:\/\/acuariosupremus.com\/#organization","name":"Acuario Supremus","url":"https:\/\/acuariosupremus.com\/","logo":{"@type":"ImageObject","inLanguage":"es","@id":"https:\/\/acuariosupremus.com\/#\/schema\/logo\/image\/","url":"https:\/\/acuariosupremus.com\/wp-content\/uploads\/2021\/12\/cropped-logo_acuario_supremus_fn-2.png","contentUrl":"https:\/\/acuariosupremus.com\/wp-content\/uploads\/2021\/12\/cropped-logo_acuario_supremus_fn-2.png","width":1000,"height":318,"caption":"Acuario Supremus"},"image":{"@id":"https:\/\/acuariosupremus.com\/#\/schema\/logo\/image\/"},"sameAs":["https:\/\/www.facebook.com\/AcuarioSupremus","https:\/\/x.com\/AcuarioSupremus","https:\/\/www.instagram.com\/acuariosupremus\/?hl=es"]}]}},"jetpack_sharing_enabled":true,"_links":{"self":[{"href":"https:\/\/acuariosupremus.com\/index.php?rest_route=\/wp\/v2\/product\/9783","targetHints":{"allow":["GET"]}}],"collection":[{"href":"https:\/\/acuariosupremus.com\/index.php?rest_route=\/wp\/v2\/product"}],"about":[{"href":"https:\/\/acuariosupremus.com\/index.php?rest_route=\/wp\/v2\/types\/product"}],"wp:featuredmedia":[{"embeddable":true,"href":"https:\/\/acuariosupremus.com\/index.php?rest_route=\/wp\/v2\/media\/9788"}],"wp:attachment":[{"href":"https:\/\/acuariosupremus.com\/index.php?rest_route=%2Fwp%2Fv2%2Fmedia&parent=9783"}],"wp:term":[{"taxonomy":"product_brand","embeddable":true,"href":"https:\/\/acuariosupremus.com\/index.php?rest_route=%2Fwp%2Fv2%2Fproduct_brand&post=9783"},{"taxonomy":"product_cat","embeddable":true,"href":"https:\/\/acuariosupremus.com\/index.php?rest_route=%2Fwp%2Fv2%2Fproduct_cat&post=9783"},{"taxonomy":"product_tag","embeddable":true,"href":"https:\/\/acuariosupremus.com\/index.php?rest_route=%2Fwp%2Fv2%2Fproduct_tag&post=9783"}],"curies":[{"name":"wp","href":"https:\/\/api.w.org\/{rel}","templated":true}]}}