{"id":9823,"date":"2022-05-18T19:14:01","date_gmt":"2022-05-19T00:14:01","guid":{"rendered":"https:\/\/acuariosupremus.com\/?post_type=product&#038;p=9823"},"modified":"2025-12-30T16:23:09","modified_gmt":"2025-12-30T22:23:09","slug":"controlador-simple-de-co2-con-selenoide","status":"publish","type":"product","link":"https:\/\/acuariosupremus.com\/?product=controlador-simple-de-co2-con-selenoide","title":{"rendered":"Controlador simple de CO2 con selenoide."},"content":{"rendered":"<p>El cuerpo est\u00e1 realizado en aluminio mecanizado con acabado en anodizado blanco. Est\u00e1 equipado con un microfiltro para gases inertes en la entrada y sistema autom\u00e1tico de seguridad en la rosca hembra en caso de sobrepresi\u00f3n. Est\u00e1 construido con materiales y procesos industriales de alta calidad que aseguran una operatividad confiable, segura y durable<\/p>\n<p>Peso: 335 (grs.) Dimensiones: 80 x 70 x 95 (l x a x h, mm) Peso c. embalaje: 435 (grs.)<\/p>\n","protected":false},"excerpt":{"rendered":"<p>Regulador profesional para CO2.<br \/>\nRegulador Premium de montaje lateral para dosificaci\u00f3n de gas CO2 en acuarios plantados. Est\u00e1 dise\u00f1ado para montaje en cilindros con la conexi\u00f3n vertical, pero puede ser usado con conexiones horizontales. Posee un man\u00f3metro compacto de alta presi\u00f3n y gran precisi\u00f3n. El regulador es de tipo aguja con reductor de presi\u00f3n autom\u00e1tico. Cuenta con una v\u00e1lvula de alta precisi\u00f3n para la regulaci\u00f3n manual del caudal de gas (hasta 1500 psi).<\/p>\n","protected":false},"featured_media":9826,"template":"","meta":[],"product_brand":[127],"product_cat":[40,56],"product_tag":[899],"class_list":{"0":"post-9823","1":"product","2":"type-product","3":"status-publish","4":"has-post-thumbnail","6":"product_brand-ista","7":"product_cat-peces","8":"product_cat-plantas-naturales","9":"product_tag-controlador-simple-de-co2-con-selenoide","11":"first","12":"instock","13":"sale","14":"shipping-taxable","15":"purchasable","16":"product-type-simple"},"yoast_head":"<!-- This site is optimized with the Yoast SEO plugin v27.4 - https:\/\/yoast.com\/product\/yoast-seo-wordpress\/ -->\n<title>Controlador simple de CO2 con selenoide. | Acuario Supremus<\/title>\n<meta name=\"description\" content=\"Regulador Premium de montaje lateral para dosificaci\u00f3n de gas CO2 en acuarios plantados, montaje en cilindros con la conexi\u00f3n vertical y\/o horizontales.\" \/>\n<meta name=\"robots\" content=\"index, follow, max-snippet:-1, max-image-preview:large, max-video-preview:-1\" \/>\n<link rel=\"canonical\" href=\"https:\/\/acuariosupremus.com\/?product=controlador-simple-de-co2-con-selenoide\" \/>\n<meta property=\"og:locale\" content=\"es_MX\" \/>\n<meta property=\"og:type\" content=\"article\" \/>\n<meta property=\"og:title\" content=\"Controlador simple de CO2 con selenoide. | Acuario Supremus\" \/>\n<meta property=\"og:description\" content=\"Regulador Premium de montaje lateral para dosificaci\u00f3n de gas CO2 en acuarios plantados, montaje en cilindros con la conexi\u00f3n vertical y\/o horizontales.\" \/>\n<meta property=\"og:url\" content=\"https:\/\/acuariosupremus.com\/?product=controlador-simple-de-co2-con-selenoide\" \/>\n<meta property=\"og:site_name\" content=\"Acuario Supremus\" \/>\n<meta property=\"article:publisher\" content=\"https:\/\/www.facebook.com\/AcuarioSupremus\" \/>\n<meta property=\"article:modified_time\" content=\"2025-12-30T22:23:09+00:00\" \/>\n<meta property=\"og:image\" content=\"https:\/\/acuariosupremus.com\/wp-content\/uploads\/2022\/05\/i-643_regulador-co2_ista_02.jpg\" \/>\n\t<meta property=\"og:image:width\" content=\"1250\" \/>\n\t<meta property=\"og:image:height\" content=\"1250\" \/>\n\t<meta property=\"og:image:type\" content=\"image\/jpeg\" \/>\n<meta name=\"twitter:card\" content=\"summary_large_image\" \/>\n<meta name=\"twitter:site\" content=\"@AcuarioSupremus\" \/>\n<meta name=\"twitter:label1\" content=\"Tiempo de lectura\" \/>\n\t<meta name=\"twitter:data1\" content=\"1 minuto\" \/>\n<script type=\"application\/ld+json\" class=\"yoast-schema-graph\">{\"@context\":\"https:\\\/\\\/schema.org\",\"@graph\":[{\"@type\":\"WebPage\",\"@id\":\"https:\\\/\\\/acuariosupremus.com\\\/?product=controlador-simple-de-co2-con-selenoide\",\"url\":\"https:\\\/\\\/acuariosupremus.com\\\/?product=controlador-simple-de-co2-con-selenoide\",\"name\":\"Controlador simple de CO2 con selenoide. | Acuario Supremus\",\"isPartOf\":{\"@id\":\"https:\\\/\\\/acuariosupremus.com\\\/#website\"},\"primaryImageOfPage\":{\"@id\":\"https:\\\/\\\/acuariosupremus.com\\\/?product=controlador-simple-de-co2-con-selenoide#primaryimage\"},\"image\":{\"@id\":\"https:\\\/\\\/acuariosupremus.com\\\/?product=controlador-simple-de-co2-con-selenoide#primaryimage\"},\"thumbnailUrl\":\"https:\\\/\\\/acuariosupremus.com\\\/wp-content\\\/uploads\\\/2022\\\/05\\\/i-643_regulador-co2_ista_02.jpg\",\"datePublished\":\"2022-05-19T00:14:01+00:00\",\"dateModified\":\"2025-12-30T22:23:09+00:00\",\"description\":\"Regulador Premium de montaje lateral para dosificaci\u00f3n de gas CO2 en acuarios plantados, montaje en cilindros con la conexi\u00f3n vertical y\\\/o horizontales.\",\"breadcrumb\":{\"@id\":\"https:\\\/\\\/acuariosupremus.com\\\/?product=controlador-simple-de-co2-con-selenoide#breadcrumb\"},\"inLanguage\":\"es\",\"potentialAction\":[{\"@type\":\"ReadAction\",\"target\":[\"https:\\\/\\\/acuariosupremus.com\\\/?product=controlador-simple-de-co2-con-selenoide\"]}]},{\"@type\":\"ImageObject\",\"inLanguage\":\"es\",\"@id\":\"https:\\\/\\\/acuariosupremus.com\\\/?product=controlador-simple-de-co2-con-selenoide#primaryimage\",\"url\":\"https:\\\/\\\/acuariosupremus.com\\\/wp-content\\\/uploads\\\/2022\\\/05\\\/i-643_regulador-co2_ista_02.jpg\",\"contentUrl\":\"https:\\\/\\\/acuariosupremus.com\\\/wp-content\\\/uploads\\\/2022\\\/05\\\/i-643_regulador-co2_ista_02.jpg\",\"width\":1250,\"height\":1250},{\"@type\":\"BreadcrumbList\",\"@id\":\"https:\\\/\\\/acuariosupremus.com\\\/?product=controlador-simple-de-co2-con-selenoide#breadcrumb\",\"itemListElement\":[{\"@type\":\"ListItem\",\"position\":1,\"name\":\"Portada\",\"item\":\"https:\\\/\\\/acuariosupremus.com\\\/\"},{\"@type\":\"ListItem\",\"position\":2,\"name\":\"Tienda\",\"item\":\"https:\\\/\\\/acuariosupremus.com\\\/tienda\\\/\"},{\"@type\":\"ListItem\",\"position\":3,\"name\":\"Controlador simple de CO2 con selenoide.\"}]},{\"@type\":\"WebSite\",\"@id\":\"https:\\\/\\\/acuariosupremus.com\\\/#website\",\"url\":\"https:\\\/\\\/acuariosupremus.com\\\/\",\"name\":\"Acuario Supremus\",\"description\":\"Peces, Peceras y Mascotas.\",\"publisher\":{\"@id\":\"https:\\\/\\\/acuariosupremus.com\\\/#organization\"},\"potentialAction\":[{\"@type\":\"SearchAction\",\"target\":{\"@type\":\"EntryPoint\",\"urlTemplate\":\"https:\\\/\\\/acuariosupremus.com\\\/?s={search_term_string}\"},\"query-input\":{\"@type\":\"PropertyValueSpecification\",\"valueRequired\":true,\"valueName\":\"search_term_string\"}}],\"inLanguage\":\"es\"},{\"@type\":\"Organization\",\"@id\":\"https:\\\/\\\/acuariosupremus.com\\\/#organization\",\"name\":\"Acuario Supremus\",\"url\":\"https:\\\/\\\/acuariosupremus.com\\\/\",\"logo\":{\"@type\":\"ImageObject\",\"inLanguage\":\"es\",\"@id\":\"https:\\\/\\\/acuariosupremus.com\\\/#\\\/schema\\\/logo\\\/image\\\/\",\"url\":\"https:\\\/\\\/acuariosupremus.com\\\/wp-content\\\/uploads\\\/2021\\\/12\\\/cropped-logo_acuario_supremus_fn-2.png\",\"contentUrl\":\"https:\\\/\\\/acuariosupremus.com\\\/wp-content\\\/uploads\\\/2021\\\/12\\\/cropped-logo_acuario_supremus_fn-2.png\",\"width\":1000,\"height\":318,\"caption\":\"Acuario Supremus\"},\"image\":{\"@id\":\"https:\\\/\\\/acuariosupremus.com\\\/#\\\/schema\\\/logo\\\/image\\\/\"},\"sameAs\":[\"https:\\\/\\\/www.facebook.com\\\/AcuarioSupremus\",\"https:\\\/\\\/x.com\\\/AcuarioSupremus\",\"https:\\\/\\\/www.instagram.com\\\/acuariosupremus\\\/?hl=es\"]}]}<\/script>\n<!-- \/ Yoast SEO plugin. -->","yoast_head_json":{"title":"Controlador simple de CO2 con selenoide. | Acuario Supremus","description":"Regulador Premium de montaje lateral para dosificaci\u00f3n de gas CO2 en acuarios plantados, montaje en cilindros con la conexi\u00f3n vertical y\/o horizontales.","robots":{"index":"index","follow":"follow","max-snippet":"max-snippet:-1","max-image-preview":"max-image-preview:large","max-video-preview":"max-video-preview:-1"},"canonical":"https:\/\/acuariosupremus.com\/?product=controlador-simple-de-co2-con-selenoide","og_locale":"es_MX","og_type":"article","og_title":"Controlador simple de CO2 con selenoide. | Acuario Supremus","og_description":"Regulador Premium de montaje lateral para dosificaci\u00f3n de gas CO2 en acuarios plantados, montaje en cilindros con la conexi\u00f3n vertical y\/o horizontales.","og_url":"https:\/\/acuariosupremus.com\/?product=controlador-simple-de-co2-con-selenoide","og_site_name":"Acuario Supremus","article_publisher":"https:\/\/www.facebook.com\/AcuarioSupremus","article_modified_time":"2025-12-30T22:23:09+00:00","og_image":[{"width":1250,"height":1250,"url":"https:\/\/acuariosupremus.com\/wp-content\/uploads\/2022\/05\/i-643_regulador-co2_ista_02.jpg","type":"image\/jpeg"}],"twitter_card":"summary_large_image","twitter_site":"@AcuarioSupremus","twitter_misc":{"Tiempo de lectura":"1 minuto"},"schema":{"@context":"https:\/\/schema.org","@graph":[{"@type":"WebPage","@id":"https:\/\/acuariosupremus.com\/?product=controlador-simple-de-co2-con-selenoide","url":"https:\/\/acuariosupremus.com\/?product=controlador-simple-de-co2-con-selenoide","name":"Controlador simple de CO2 con selenoide. | Acuario Supremus","isPartOf":{"@id":"https:\/\/acuariosupremus.com\/#website"},"primaryImageOfPage":{"@id":"https:\/\/acuariosupremus.com\/?product=controlador-simple-de-co2-con-selenoide#primaryimage"},"image":{"@id":"https:\/\/acuariosupremus.com\/?product=controlador-simple-de-co2-con-selenoide#primaryimage"},"thumbnailUrl":"https:\/\/acuariosupremus.com\/wp-content\/uploads\/2022\/05\/i-643_regulador-co2_ista_02.jpg","datePublished":"2022-05-19T00:14:01+00:00","dateModified":"2025-12-30T22:23:09+00:00","description":"Regulador Premium de montaje lateral para dosificaci\u00f3n de gas CO2 en acuarios plantados, montaje en cilindros con la conexi\u00f3n vertical y\/o horizontales.","breadcrumb":{"@id":"https:\/\/acuariosupremus.com\/?product=controlador-simple-de-co2-con-selenoide#breadcrumb"},"inLanguage":"es","potentialAction":[{"@type":"ReadAction","target":["https:\/\/acuariosupremus.com\/?product=controlador-simple-de-co2-con-selenoide"]}]},{"@type":"ImageObject","inLanguage":"es","@id":"https:\/\/acuariosupremus.com\/?product=controlador-simple-de-co2-con-selenoide#primaryimage","url":"https:\/\/acuariosupremus.com\/wp-content\/uploads\/2022\/05\/i-643_regulador-co2_ista_02.jpg","contentUrl":"https:\/\/acuariosupremus.com\/wp-content\/uploads\/2022\/05\/i-643_regulador-co2_ista_02.jpg","width":1250,"height":1250},{"@type":"BreadcrumbList","@id":"https:\/\/acuariosupremus.com\/?product=controlador-simple-de-co2-con-selenoide#breadcrumb","itemListElement":[{"@type":"ListItem","position":1,"name":"Portada","item":"https:\/\/acuariosupremus.com\/"},{"@type":"ListItem","position":2,"name":"Tienda","item":"https:\/\/acuariosupremus.com\/tienda\/"},{"@type":"ListItem","position":3,"name":"Controlador simple de CO2 con selenoide."}]},{"@type":"WebSite","@id":"https:\/\/acuariosupremus.com\/#website","url":"https:\/\/acuariosupremus.com\/","name":"Acuario Supremus","description":"Peces, Peceras y Mascotas.","publisher":{"@id":"https:\/\/acuariosupremus.com\/#organization"},"potentialAction":[{"@type":"SearchAction","target":{"@type":"EntryPoint","urlTemplate":"https:\/\/acuariosupremus.com\/?s={search_term_string}"},"query-input":{"@type":"PropertyValueSpecification","valueRequired":true,"valueName":"search_term_string"}}],"inLanguage":"es"},{"@type":"Organization","@id":"https:\/\/acuariosupremus.com\/#organization","name":"Acuario Supremus","url":"https:\/\/acuariosupremus.com\/","logo":{"@type":"ImageObject","inLanguage":"es","@id":"https:\/\/acuariosupremus.com\/#\/schema\/logo\/image\/","url":"https:\/\/acuariosupremus.com\/wp-content\/uploads\/2021\/12\/cropped-logo_acuario_supremus_fn-2.png","contentUrl":"https:\/\/acuariosupremus.com\/wp-content\/uploads\/2021\/12\/cropped-logo_acuario_supremus_fn-2.png","width":1000,"height":318,"caption":"Acuario Supremus"},"image":{"@id":"https:\/\/acuariosupremus.com\/#\/schema\/logo\/image\/"},"sameAs":["https:\/\/www.facebook.com\/AcuarioSupremus","https:\/\/x.com\/AcuarioSupremus","https:\/\/www.instagram.com\/acuariosupremus\/?hl=es"]}]}},"jetpack_sharing_enabled":true,"_links":{"self":[{"href":"https:\/\/acuariosupremus.com\/index.php?rest_route=\/wp\/v2\/product\/9823","targetHints":{"allow":["GET"]}}],"collection":[{"href":"https:\/\/acuariosupremus.com\/index.php?rest_route=\/wp\/v2\/product"}],"about":[{"href":"https:\/\/acuariosupremus.com\/index.php?rest_route=\/wp\/v2\/types\/product"}],"wp:featuredmedia":[{"embeddable":true,"href":"https:\/\/acuariosupremus.com\/index.php?rest_route=\/wp\/v2\/media\/9826"}],"wp:attachment":[{"href":"https:\/\/acuariosupremus.com\/index.php?rest_route=%2Fwp%2Fv2%2Fmedia&parent=9823"}],"wp:term":[{"taxonomy":"product_brand","embeddable":true,"href":"https:\/\/acuariosupremus.com\/index.php?rest_route=%2Fwp%2Fv2%2Fproduct_brand&post=9823"},{"taxonomy":"product_cat","embeddable":true,"href":"https:\/\/acuariosupremus.com\/index.php?rest_route=%2Fwp%2Fv2%2Fproduct_cat&post=9823"},{"taxonomy":"product_tag","embeddable":true,"href":"https:\/\/acuariosupremus.com\/index.php?rest_route=%2Fwp%2Fv2%2Fproduct_tag&post=9823"}],"curies":[{"name":"wp","href":"https:\/\/api.w.org\/{rel}","templated":true}]}}