{"id":9872,"date":"2022-05-19T13:52:26","date_gmt":"2022-05-19T18:52:26","guid":{"rendered":"https:\/\/acuariosupremus.com\/?post_type=product&#038;p=9872"},"modified":"2025-12-30T16:27:53","modified_gmt":"2025-12-30T22:27:53","slug":"glass-co2-diffuser-difusor-de-vidrio-externo-de-calidad-premium","status":"publish","type":"product","link":"https:\/\/acuariosupremus.com\/?product=glass-co2-diffuser-difusor-de-vidrio-externo-de-calidad-premium","title":{"rendered":"Glass CO2 Diffuser, difusor de vidrio externo de calidad Premium."},"content":{"rendered":"<p>Gracias a la procedencia externa de la manguera de retorno de un filtro canister, este difusor evita la necesidad de ser colocado dentro del acuario, reduciendo significativamente la visibilidad del sistema de inyecci\u00f3n de CO2. Esta caracter\u00edstica es especialmente interesante cuando instalamos un acuario aplicando la disciplina del aquascaping. Este difusor tambi\u00e9n permite una disoluci\u00f3n m\u00e1s r\u00e1pida y eficiente del gas CO2 en el acuario, alcanzando niveles m\u00e1s altos y consistentes de \u00e1cido carb\u00f3nico, adem\u00e1s de minimizar la posibilidad de desperdicio o de sobredosis de gas CO2. Glass CO2 diffuser es compatible con mangueras de \u00d8 16 mm y con la manguera de aire est\u00e1ndar para acuarios de \u00d8 4\/6 mm (1\/4 &#8220;).<\/p>\n<p>Para manqueras De agua: 16 (\u00d8 mm) Para manqueras De gases: 4\/6 (\u00d8 mm) Grosor m\u00e1x. pared De vidrio 15 (mm) Medidas: 212 x 55 x 100 (l x a x h mm) Medidas con embalaje 82 x 104 x 230 (mm) Peso 75 (g) Peso con embalaje:160 (g).<\/p>\n","protected":false},"excerpt":{"rendered":"<p>\u201cGlass CO2 diffuser\u201d es un difusor de vidrio externo de calidad Premium. Su difusor cer\u00e1mico es del tipo \u201cdisco horizontal\u201d con un di\u00e1metro nominal aproximado de 12 mm. Este producto est\u00e1 dise\u00f1ado para ser instalado directamente la manguera de retorno de 16 mm de un filtro canister, conectado a un sistema presurizado de inyecci\u00f3n de CO2 para disolverlo eficientemente en acuarios plantados. Glass CO2 diffuser es un dispositivo perteneciente a la l\u00ednea de complementos de vidrio de ISTA, enfocada en acuarios plantados y aquascaping.<\/p>\n","protected":false},"featured_media":9877,"template":"","meta":[],"product_brand":[127],"product_cat":[40,56],"product_tag":[906],"class_list":{"0":"post-9872","1":"product","2":"type-product","3":"status-publish","4":"has-post-thumbnail","6":"product_brand-ista","7":"product_cat-peces","8":"product_cat-plantas-naturales","9":"product_tag-difusor-de-cristal-para-gas-co2","11":"first","12":"instock","13":"sale","14":"shipping-taxable","15":"purchasable","16":"product-type-simple"},"yoast_head":"<!-- This site is optimized with the Yoast SEO plugin v27.4 - https:\/\/yoast.com\/product\/yoast-seo-wordpress\/ -->\n<title>Glass CO2 Diffuser, difusor de vidrio externo de calidad Premium. | Acuario Supremus<\/title>\n<meta name=\"description\" content=\"\u201cGlass CO2 diffuser\u201d de vidrio externo de calidad Premium, con difusor cer\u00e1mico del tipo \u201cdisco horizontal\u201d con un di\u00e1metro nominal aproximado de 12 mm.\" \/>\n<meta name=\"robots\" content=\"index, follow, max-snippet:-1, max-image-preview:large, max-video-preview:-1\" \/>\n<link rel=\"canonical\" href=\"https:\/\/acuariosupremus.com\/?product=glass-co2-diffuser-difusor-de-vidrio-externo-de-calidad-premium\" \/>\n<meta property=\"og:locale\" content=\"es_MX\" \/>\n<meta property=\"og:type\" content=\"article\" \/>\n<meta property=\"og:title\" content=\"Glass CO2 Diffuser, difusor de vidrio externo de calidad Premium. | Acuario Supremus\" \/>\n<meta property=\"og:description\" content=\"\u201cGlass CO2 diffuser\u201d de vidrio externo de calidad Premium, con difusor cer\u00e1mico del tipo \u201cdisco horizontal\u201d con un di\u00e1metro nominal aproximado de 12 mm.\" \/>\n<meta property=\"og:url\" content=\"https:\/\/acuariosupremus.com\/?product=glass-co2-diffuser-difusor-de-vidrio-externo-de-calidad-premium\" \/>\n<meta property=\"og:site_name\" content=\"Acuario Supremus\" \/>\n<meta property=\"article:publisher\" content=\"https:\/\/www.facebook.com\/AcuarioSupremus\" \/>\n<meta property=\"article:modified_time\" content=\"2025-12-30T22:27:53+00:00\" \/>\n<meta property=\"og:image\" content=\"https:\/\/acuariosupremus.com\/wp-content\/uploads\/2022\/05\/if-561_difusor_externo_vidrio_co2_ista_04.jpg\" \/>\n\t<meta property=\"og:image:width\" content=\"1250\" \/>\n\t<meta property=\"og:image:height\" content=\"1250\" \/>\n\t<meta property=\"og:image:type\" content=\"image\/jpeg\" \/>\n<meta name=\"twitter:card\" content=\"summary_large_image\" \/>\n<meta name=\"twitter:site\" content=\"@AcuarioSupremus\" \/>\n<meta name=\"twitter:label1\" content=\"Tiempo de lectura\" \/>\n\t<meta name=\"twitter:data1\" content=\"1 minuto\" \/>\n<script type=\"application\/ld+json\" class=\"yoast-schema-graph\">{\"@context\":\"https:\\\/\\\/schema.org\",\"@graph\":[{\"@type\":\"WebPage\",\"@id\":\"https:\\\/\\\/acuariosupremus.com\\\/?product=glass-co2-diffuser-difusor-de-vidrio-externo-de-calidad-premium\",\"url\":\"https:\\\/\\\/acuariosupremus.com\\\/?product=glass-co2-diffuser-difusor-de-vidrio-externo-de-calidad-premium\",\"name\":\"Glass CO2 Diffuser, difusor de vidrio externo de calidad Premium. | Acuario Supremus\",\"isPartOf\":{\"@id\":\"https:\\\/\\\/acuariosupremus.com\\\/#website\"},\"primaryImageOfPage\":{\"@id\":\"https:\\\/\\\/acuariosupremus.com\\\/?product=glass-co2-diffuser-difusor-de-vidrio-externo-de-calidad-premium#primaryimage\"},\"image\":{\"@id\":\"https:\\\/\\\/acuariosupremus.com\\\/?product=glass-co2-diffuser-difusor-de-vidrio-externo-de-calidad-premium#primaryimage\"},\"thumbnailUrl\":\"https:\\\/\\\/acuariosupremus.com\\\/wp-content\\\/uploads\\\/2022\\\/05\\\/if-561_difusor_externo_vidrio_co2_ista_04.jpg\",\"datePublished\":\"2022-05-19T18:52:26+00:00\",\"dateModified\":\"2025-12-30T22:27:53+00:00\",\"description\":\"\u201cGlass CO2 diffuser\u201d de vidrio externo de calidad Premium, con difusor cer\u00e1mico del tipo \u201cdisco horizontal\u201d con un di\u00e1metro nominal aproximado de 12 mm.\",\"breadcrumb\":{\"@id\":\"https:\\\/\\\/acuariosupremus.com\\\/?product=glass-co2-diffuser-difusor-de-vidrio-externo-de-calidad-premium#breadcrumb\"},\"inLanguage\":\"es\",\"potentialAction\":[{\"@type\":\"ReadAction\",\"target\":[\"https:\\\/\\\/acuariosupremus.com\\\/?product=glass-co2-diffuser-difusor-de-vidrio-externo-de-calidad-premium\"]}]},{\"@type\":\"ImageObject\",\"inLanguage\":\"es\",\"@id\":\"https:\\\/\\\/acuariosupremus.com\\\/?product=glass-co2-diffuser-difusor-de-vidrio-externo-de-calidad-premium#primaryimage\",\"url\":\"https:\\\/\\\/acuariosupremus.com\\\/wp-content\\\/uploads\\\/2022\\\/05\\\/if-561_difusor_externo_vidrio_co2_ista_04.jpg\",\"contentUrl\":\"https:\\\/\\\/acuariosupremus.com\\\/wp-content\\\/uploads\\\/2022\\\/05\\\/if-561_difusor_externo_vidrio_co2_ista_04.jpg\",\"width\":1250,\"height\":1250},{\"@type\":\"BreadcrumbList\",\"@id\":\"https:\\\/\\\/acuariosupremus.com\\\/?product=glass-co2-diffuser-difusor-de-vidrio-externo-de-calidad-premium#breadcrumb\",\"itemListElement\":[{\"@type\":\"ListItem\",\"position\":1,\"name\":\"Portada\",\"item\":\"https:\\\/\\\/acuariosupremus.com\\\/\"},{\"@type\":\"ListItem\",\"position\":2,\"name\":\"Tienda\",\"item\":\"https:\\\/\\\/acuariosupremus.com\\\/tienda\\\/\"},{\"@type\":\"ListItem\",\"position\":3,\"name\":\"Glass CO2 Diffuser, difusor de vidrio externo de calidad Premium.\"}]},{\"@type\":\"WebSite\",\"@id\":\"https:\\\/\\\/acuariosupremus.com\\\/#website\",\"url\":\"https:\\\/\\\/acuariosupremus.com\\\/\",\"name\":\"Acuario Supremus\",\"description\":\"Peces, Peceras y Mascotas.\",\"publisher\":{\"@id\":\"https:\\\/\\\/acuariosupremus.com\\\/#organization\"},\"potentialAction\":[{\"@type\":\"SearchAction\",\"target\":{\"@type\":\"EntryPoint\",\"urlTemplate\":\"https:\\\/\\\/acuariosupremus.com\\\/?s={search_term_string}\"},\"query-input\":{\"@type\":\"PropertyValueSpecification\",\"valueRequired\":true,\"valueName\":\"search_term_string\"}}],\"inLanguage\":\"es\"},{\"@type\":\"Organization\",\"@id\":\"https:\\\/\\\/acuariosupremus.com\\\/#organization\",\"name\":\"Acuario Supremus\",\"url\":\"https:\\\/\\\/acuariosupremus.com\\\/\",\"logo\":{\"@type\":\"ImageObject\",\"inLanguage\":\"es\",\"@id\":\"https:\\\/\\\/acuariosupremus.com\\\/#\\\/schema\\\/logo\\\/image\\\/\",\"url\":\"https:\\\/\\\/acuariosupremus.com\\\/wp-content\\\/uploads\\\/2021\\\/12\\\/cropped-logo_acuario_supremus_fn-2.png\",\"contentUrl\":\"https:\\\/\\\/acuariosupremus.com\\\/wp-content\\\/uploads\\\/2021\\\/12\\\/cropped-logo_acuario_supremus_fn-2.png\",\"width\":1000,\"height\":318,\"caption\":\"Acuario Supremus\"},\"image\":{\"@id\":\"https:\\\/\\\/acuariosupremus.com\\\/#\\\/schema\\\/logo\\\/image\\\/\"},\"sameAs\":[\"https:\\\/\\\/www.facebook.com\\\/AcuarioSupremus\",\"https:\\\/\\\/x.com\\\/AcuarioSupremus\",\"https:\\\/\\\/www.instagram.com\\\/acuariosupremus\\\/?hl=es\"]}]}<\/script>\n<!-- \/ Yoast SEO plugin. -->","yoast_head_json":{"title":"Glass CO2 Diffuser, difusor de vidrio externo de calidad Premium. | Acuario Supremus","description":"\u201cGlass CO2 diffuser\u201d de vidrio externo de calidad Premium, con difusor cer\u00e1mico del tipo \u201cdisco horizontal\u201d con un di\u00e1metro nominal aproximado de 12 mm.","robots":{"index":"index","follow":"follow","max-snippet":"max-snippet:-1","max-image-preview":"max-image-preview:large","max-video-preview":"max-video-preview:-1"},"canonical":"https:\/\/acuariosupremus.com\/?product=glass-co2-diffuser-difusor-de-vidrio-externo-de-calidad-premium","og_locale":"es_MX","og_type":"article","og_title":"Glass CO2 Diffuser, difusor de vidrio externo de calidad Premium. | Acuario Supremus","og_description":"\u201cGlass CO2 diffuser\u201d de vidrio externo de calidad Premium, con difusor cer\u00e1mico del tipo \u201cdisco horizontal\u201d con un di\u00e1metro nominal aproximado de 12 mm.","og_url":"https:\/\/acuariosupremus.com\/?product=glass-co2-diffuser-difusor-de-vidrio-externo-de-calidad-premium","og_site_name":"Acuario Supremus","article_publisher":"https:\/\/www.facebook.com\/AcuarioSupremus","article_modified_time":"2025-12-30T22:27:53+00:00","og_image":[{"width":1250,"height":1250,"url":"https:\/\/acuariosupremus.com\/wp-content\/uploads\/2022\/05\/if-561_difusor_externo_vidrio_co2_ista_04.jpg","type":"image\/jpeg"}],"twitter_card":"summary_large_image","twitter_site":"@AcuarioSupremus","twitter_misc":{"Tiempo de lectura":"1 minuto"},"schema":{"@context":"https:\/\/schema.org","@graph":[{"@type":"WebPage","@id":"https:\/\/acuariosupremus.com\/?product=glass-co2-diffuser-difusor-de-vidrio-externo-de-calidad-premium","url":"https:\/\/acuariosupremus.com\/?product=glass-co2-diffuser-difusor-de-vidrio-externo-de-calidad-premium","name":"Glass CO2 Diffuser, difusor de vidrio externo de calidad Premium. | Acuario Supremus","isPartOf":{"@id":"https:\/\/acuariosupremus.com\/#website"},"primaryImageOfPage":{"@id":"https:\/\/acuariosupremus.com\/?product=glass-co2-diffuser-difusor-de-vidrio-externo-de-calidad-premium#primaryimage"},"image":{"@id":"https:\/\/acuariosupremus.com\/?product=glass-co2-diffuser-difusor-de-vidrio-externo-de-calidad-premium#primaryimage"},"thumbnailUrl":"https:\/\/acuariosupremus.com\/wp-content\/uploads\/2022\/05\/if-561_difusor_externo_vidrio_co2_ista_04.jpg","datePublished":"2022-05-19T18:52:26+00:00","dateModified":"2025-12-30T22:27:53+00:00","description":"\u201cGlass CO2 diffuser\u201d de vidrio externo de calidad Premium, con difusor cer\u00e1mico del tipo \u201cdisco horizontal\u201d con un di\u00e1metro nominal aproximado de 12 mm.","breadcrumb":{"@id":"https:\/\/acuariosupremus.com\/?product=glass-co2-diffuser-difusor-de-vidrio-externo-de-calidad-premium#breadcrumb"},"inLanguage":"es","potentialAction":[{"@type":"ReadAction","target":["https:\/\/acuariosupremus.com\/?product=glass-co2-diffuser-difusor-de-vidrio-externo-de-calidad-premium"]}]},{"@type":"ImageObject","inLanguage":"es","@id":"https:\/\/acuariosupremus.com\/?product=glass-co2-diffuser-difusor-de-vidrio-externo-de-calidad-premium#primaryimage","url":"https:\/\/acuariosupremus.com\/wp-content\/uploads\/2022\/05\/if-561_difusor_externo_vidrio_co2_ista_04.jpg","contentUrl":"https:\/\/acuariosupremus.com\/wp-content\/uploads\/2022\/05\/if-561_difusor_externo_vidrio_co2_ista_04.jpg","width":1250,"height":1250},{"@type":"BreadcrumbList","@id":"https:\/\/acuariosupremus.com\/?product=glass-co2-diffuser-difusor-de-vidrio-externo-de-calidad-premium#breadcrumb","itemListElement":[{"@type":"ListItem","position":1,"name":"Portada","item":"https:\/\/acuariosupremus.com\/"},{"@type":"ListItem","position":2,"name":"Tienda","item":"https:\/\/acuariosupremus.com\/tienda\/"},{"@type":"ListItem","position":3,"name":"Glass CO2 Diffuser, difusor de vidrio externo de calidad Premium."}]},{"@type":"WebSite","@id":"https:\/\/acuariosupremus.com\/#website","url":"https:\/\/acuariosupremus.com\/","name":"Acuario Supremus","description":"Peces, Peceras y Mascotas.","publisher":{"@id":"https:\/\/acuariosupremus.com\/#organization"},"potentialAction":[{"@type":"SearchAction","target":{"@type":"EntryPoint","urlTemplate":"https:\/\/acuariosupremus.com\/?s={search_term_string}"},"query-input":{"@type":"PropertyValueSpecification","valueRequired":true,"valueName":"search_term_string"}}],"inLanguage":"es"},{"@type":"Organization","@id":"https:\/\/acuariosupremus.com\/#organization","name":"Acuario Supremus","url":"https:\/\/acuariosupremus.com\/","logo":{"@type":"ImageObject","inLanguage":"es","@id":"https:\/\/acuariosupremus.com\/#\/schema\/logo\/image\/","url":"https:\/\/acuariosupremus.com\/wp-content\/uploads\/2021\/12\/cropped-logo_acuario_supremus_fn-2.png","contentUrl":"https:\/\/acuariosupremus.com\/wp-content\/uploads\/2021\/12\/cropped-logo_acuario_supremus_fn-2.png","width":1000,"height":318,"caption":"Acuario Supremus"},"image":{"@id":"https:\/\/acuariosupremus.com\/#\/schema\/logo\/image\/"},"sameAs":["https:\/\/www.facebook.com\/AcuarioSupremus","https:\/\/x.com\/AcuarioSupremus","https:\/\/www.instagram.com\/acuariosupremus\/?hl=es"]}]}},"jetpack_sharing_enabled":true,"_links":{"self":[{"href":"https:\/\/acuariosupremus.com\/index.php?rest_route=\/wp\/v2\/product\/9872","targetHints":{"allow":["GET"]}}],"collection":[{"href":"https:\/\/acuariosupremus.com\/index.php?rest_route=\/wp\/v2\/product"}],"about":[{"href":"https:\/\/acuariosupremus.com\/index.php?rest_route=\/wp\/v2\/types\/product"}],"wp:featuredmedia":[{"embeddable":true,"href":"https:\/\/acuariosupremus.com\/index.php?rest_route=\/wp\/v2\/media\/9877"}],"wp:attachment":[{"href":"https:\/\/acuariosupremus.com\/index.php?rest_route=%2Fwp%2Fv2%2Fmedia&parent=9872"}],"wp:term":[{"taxonomy":"product_brand","embeddable":true,"href":"https:\/\/acuariosupremus.com\/index.php?rest_route=%2Fwp%2Fv2%2Fproduct_brand&post=9872"},{"taxonomy":"product_cat","embeddable":true,"href":"https:\/\/acuariosupremus.com\/index.php?rest_route=%2Fwp%2Fv2%2Fproduct_cat&post=9872"},{"taxonomy":"product_tag","embeddable":true,"href":"https:\/\/acuariosupremus.com\/index.php?rest_route=%2Fwp%2Fv2%2Fproduct_tag&post=9872"}],"curies":[{"name":"wp","href":"https:\/\/api.w.org\/{rel}","templated":true}]}}