{"id":9896,"date":"2022-05-19T15:08:09","date_gmt":"2022-05-19T20:08:09","guid":{"rendered":"https:\/\/acuariosupremus.com\/?post_type=product&#038;p=9896"},"modified":"2025-12-30T16:29:42","modified_gmt":"2025-12-30T22:29:42","slug":"mangos-de-extension-para-herramientas-ista","status":"publish","type":"product","link":"https:\/\/acuariosupremus.com\/?product=mangos-de-extension-para-herramientas-ista","title":{"rendered":"Mangos de extensi\u00f3n para herramientas ISTA"},"content":{"rendered":"<p>Estos tramos est\u00e1n construidos con el mismo pl\u00e1stico ABS de gran calidad usado en la l\u00ednea de herramientas ISTA, garantizando la ergonom\u00eda, rigidez y robustez necesaria para no perder precisi\u00f3n a la hora de usarlas. Para mantener la flotabilidad de sus herramientas ISTA en el acuario, puede a\u00f1adir un empaque de goma tipo \u201cO ring\u201d a la rosca \u201cmacho\u201d de cada tramo, para impedir que el agua penetre en el interior de los tramos del mango. (empaque no incluido). Cada envase se presenta en formato bl\u00edster con dos piezas, con capacidad para aumentar la longitud del mango de su herramienta 150 mm cada una. Los mangos de extensi\u00f3n modulares ISTA son especialmente recomendables con herramientas ISTA tales como la pala modular de pl\u00e1stico, las redes flotantes de acero inoxidable, el set para mantenimiento de acuarios todo en 1, la rasqueta 3 en 1 o la rasqueta multi hojas.<\/p>\n<p>N\u00famero de piezas: 2 Longitud nominal de un tramo: 150 \/ 6 (mm\/ \u201c) Medidas de un tramo: 24 x 170 ( \u00d8 x l, mm) Peso 25 x 2 (g) Peso con embalaje 65 (g) Medidas con embalaje 235 x 90 x 30 (mm) Construcci\u00f3n (material) Pl\u00e1stico ABS\u00a0 Conexi\u00f3n: Rosca macho \/ rosca hembra (tipo).<\/p>\n","protected":false},"excerpt":{"rendered":"<p>Los mangos de extensi\u00f3n modulares ISTA son un complemento intercambiable y compatible con toda la l\u00ednea de herramientas profesionales de la marca. Estos tramos enroscables son ideales para extender la longitud de las herramientas al usarlas en acuarios de mayor tama\u00f1o, que normalmente dificultan la accesibilidad a ciertas \u00e1reas.<\/p>\n","protected":false},"featured_media":9902,"template":"","meta":[],"product_brand":[127],"product_cat":[40,62],"product_tag":[908,909],"class_list":{"0":"post-9896","1":"product","2":"type-product","3":"status-publish","4":"has-post-thumbnail","6":"product_brand-ista","7":"product_cat-peces","8":"product_cat-sifon-rasquetas-mantenimiento","9":"product_tag-herramienta-ista","10":"product_tag-mangos-de-extension","12":"first","13":"instock","14":"sale","15":"shipping-taxable","16":"purchasable","17":"product-type-simple"},"yoast_head":"<!-- This site is optimized with the Yoast SEO plugin v27.4 - https:\/\/yoast.com\/product\/yoast-seo-wordpress\/ -->\n<title>Mangos de extensi\u00f3n para herramientas ISTA | Acuario Supremus<\/title>\n<meta name=\"description\" content=\"Los mangos de extensi\u00f3n modulares ISTA son un complemento intercambiable y compatible con toda la l\u00ednea de herramientas profesionales de la marca.\" \/>\n<meta name=\"robots\" content=\"index, follow, max-snippet:-1, max-image-preview:large, max-video-preview:-1\" \/>\n<link rel=\"canonical\" href=\"https:\/\/acuariosupremus.com\/?product=mangos-de-extension-para-herramientas-ista\" \/>\n<meta property=\"og:locale\" content=\"es_MX\" \/>\n<meta property=\"og:type\" content=\"article\" \/>\n<meta property=\"og:title\" content=\"Mangos de extensi\u00f3n para herramientas ISTA | Acuario Supremus\" \/>\n<meta property=\"og:description\" content=\"Los mangos de extensi\u00f3n modulares ISTA son un complemento intercambiable y compatible con toda la l\u00ednea de herramientas profesionales de la marca.\" \/>\n<meta property=\"og:url\" content=\"https:\/\/acuariosupremus.com\/?product=mangos-de-extension-para-herramientas-ista\" \/>\n<meta property=\"og:site_name\" content=\"Acuario Supremus\" \/>\n<meta property=\"article:publisher\" content=\"https:\/\/www.facebook.com\/AcuarioSupremus\" \/>\n<meta property=\"article:modified_time\" content=\"2025-12-30T22:29:42+00:00\" \/>\n<meta property=\"og:image\" content=\"https:\/\/acuariosupremus.com\/wp-content\/uploads\/2022\/05\/i-063_mango_extension_herramierntas_ista_01.jpg\" \/>\n\t<meta property=\"og:image:width\" content=\"1250\" \/>\n\t<meta property=\"og:image:height\" content=\"1250\" \/>\n\t<meta property=\"og:image:type\" content=\"image\/jpeg\" \/>\n<meta name=\"twitter:card\" content=\"summary_large_image\" \/>\n<meta name=\"twitter:site\" content=\"@AcuarioSupremus\" \/>\n<meta name=\"twitter:label1\" content=\"Tiempo de lectura\" \/>\n\t<meta name=\"twitter:data1\" content=\"1 minuto\" \/>\n<script type=\"application\/ld+json\" class=\"yoast-schema-graph\">{\"@context\":\"https:\\\/\\\/schema.org\",\"@graph\":[{\"@type\":\"WebPage\",\"@id\":\"https:\\\/\\\/acuariosupremus.com\\\/?product=mangos-de-extension-para-herramientas-ista\",\"url\":\"https:\\\/\\\/acuariosupremus.com\\\/?product=mangos-de-extension-para-herramientas-ista\",\"name\":\"Mangos de extensi\u00f3n para herramientas ISTA | Acuario Supremus\",\"isPartOf\":{\"@id\":\"https:\\\/\\\/acuariosupremus.com\\\/#website\"},\"primaryImageOfPage\":{\"@id\":\"https:\\\/\\\/acuariosupremus.com\\\/?product=mangos-de-extension-para-herramientas-ista#primaryimage\"},\"image\":{\"@id\":\"https:\\\/\\\/acuariosupremus.com\\\/?product=mangos-de-extension-para-herramientas-ista#primaryimage\"},\"thumbnailUrl\":\"https:\\\/\\\/acuariosupremus.com\\\/wp-content\\\/uploads\\\/2022\\\/05\\\/i-063_mango_extension_herramierntas_ista_01.jpg\",\"datePublished\":\"2022-05-19T20:08:09+00:00\",\"dateModified\":\"2025-12-30T22:29:42+00:00\",\"description\":\"Los mangos de extensi\u00f3n modulares ISTA son un complemento intercambiable y compatible con toda la l\u00ednea de herramientas profesionales de la marca.\",\"breadcrumb\":{\"@id\":\"https:\\\/\\\/acuariosupremus.com\\\/?product=mangos-de-extension-para-herramientas-ista#breadcrumb\"},\"inLanguage\":\"es\",\"potentialAction\":[{\"@type\":\"ReadAction\",\"target\":[\"https:\\\/\\\/acuariosupremus.com\\\/?product=mangos-de-extension-para-herramientas-ista\"]}]},{\"@type\":\"ImageObject\",\"inLanguage\":\"es\",\"@id\":\"https:\\\/\\\/acuariosupremus.com\\\/?product=mangos-de-extension-para-herramientas-ista#primaryimage\",\"url\":\"https:\\\/\\\/acuariosupremus.com\\\/wp-content\\\/uploads\\\/2022\\\/05\\\/i-063_mango_extension_herramierntas_ista_01.jpg\",\"contentUrl\":\"https:\\\/\\\/acuariosupremus.com\\\/wp-content\\\/uploads\\\/2022\\\/05\\\/i-063_mango_extension_herramierntas_ista_01.jpg\",\"width\":1250,\"height\":1250},{\"@type\":\"BreadcrumbList\",\"@id\":\"https:\\\/\\\/acuariosupremus.com\\\/?product=mangos-de-extension-para-herramientas-ista#breadcrumb\",\"itemListElement\":[{\"@type\":\"ListItem\",\"position\":1,\"name\":\"Portada\",\"item\":\"https:\\\/\\\/acuariosupremus.com\\\/\"},{\"@type\":\"ListItem\",\"position\":2,\"name\":\"Tienda\",\"item\":\"https:\\\/\\\/acuariosupremus.com\\\/tienda\\\/\"},{\"@type\":\"ListItem\",\"position\":3,\"name\":\"Mangos de extensi\u00f3n para herramientas ISTA\"}]},{\"@type\":\"WebSite\",\"@id\":\"https:\\\/\\\/acuariosupremus.com\\\/#website\",\"url\":\"https:\\\/\\\/acuariosupremus.com\\\/\",\"name\":\"Acuario Supremus\",\"description\":\"Peces, Peceras y Mascotas.\",\"publisher\":{\"@id\":\"https:\\\/\\\/acuariosupremus.com\\\/#organization\"},\"potentialAction\":[{\"@type\":\"SearchAction\",\"target\":{\"@type\":\"EntryPoint\",\"urlTemplate\":\"https:\\\/\\\/acuariosupremus.com\\\/?s={search_term_string}\"},\"query-input\":{\"@type\":\"PropertyValueSpecification\",\"valueRequired\":true,\"valueName\":\"search_term_string\"}}],\"inLanguage\":\"es\"},{\"@type\":\"Organization\",\"@id\":\"https:\\\/\\\/acuariosupremus.com\\\/#organization\",\"name\":\"Acuario Supremus\",\"url\":\"https:\\\/\\\/acuariosupremus.com\\\/\",\"logo\":{\"@type\":\"ImageObject\",\"inLanguage\":\"es\",\"@id\":\"https:\\\/\\\/acuariosupremus.com\\\/#\\\/schema\\\/logo\\\/image\\\/\",\"url\":\"https:\\\/\\\/acuariosupremus.com\\\/wp-content\\\/uploads\\\/2021\\\/12\\\/cropped-logo_acuario_supremus_fn-2.png\",\"contentUrl\":\"https:\\\/\\\/acuariosupremus.com\\\/wp-content\\\/uploads\\\/2021\\\/12\\\/cropped-logo_acuario_supremus_fn-2.png\",\"width\":1000,\"height\":318,\"caption\":\"Acuario Supremus\"},\"image\":{\"@id\":\"https:\\\/\\\/acuariosupremus.com\\\/#\\\/schema\\\/logo\\\/image\\\/\"},\"sameAs\":[\"https:\\\/\\\/www.facebook.com\\\/AcuarioSupremus\",\"https:\\\/\\\/x.com\\\/AcuarioSupremus\",\"https:\\\/\\\/www.instagram.com\\\/acuariosupremus\\\/?hl=es\"]}]}<\/script>\n<!-- \/ Yoast SEO plugin. -->","yoast_head_json":{"title":"Mangos de extensi\u00f3n para herramientas ISTA | Acuario Supremus","description":"Los mangos de extensi\u00f3n modulares ISTA son un complemento intercambiable y compatible con toda la l\u00ednea de herramientas profesionales de la marca.","robots":{"index":"index","follow":"follow","max-snippet":"max-snippet:-1","max-image-preview":"max-image-preview:large","max-video-preview":"max-video-preview:-1"},"canonical":"https:\/\/acuariosupremus.com\/?product=mangos-de-extension-para-herramientas-ista","og_locale":"es_MX","og_type":"article","og_title":"Mangos de extensi\u00f3n para herramientas ISTA | Acuario Supremus","og_description":"Los mangos de extensi\u00f3n modulares ISTA son un complemento intercambiable y compatible con toda la l\u00ednea de herramientas profesionales de la marca.","og_url":"https:\/\/acuariosupremus.com\/?product=mangos-de-extension-para-herramientas-ista","og_site_name":"Acuario Supremus","article_publisher":"https:\/\/www.facebook.com\/AcuarioSupremus","article_modified_time":"2025-12-30T22:29:42+00:00","og_image":[{"width":1250,"height":1250,"url":"https:\/\/acuariosupremus.com\/wp-content\/uploads\/2022\/05\/i-063_mango_extension_herramierntas_ista_01.jpg","type":"image\/jpeg"}],"twitter_card":"summary_large_image","twitter_site":"@AcuarioSupremus","twitter_misc":{"Tiempo de lectura":"1 minuto"},"schema":{"@context":"https:\/\/schema.org","@graph":[{"@type":"WebPage","@id":"https:\/\/acuariosupremus.com\/?product=mangos-de-extension-para-herramientas-ista","url":"https:\/\/acuariosupremus.com\/?product=mangos-de-extension-para-herramientas-ista","name":"Mangos de extensi\u00f3n para herramientas ISTA | Acuario Supremus","isPartOf":{"@id":"https:\/\/acuariosupremus.com\/#website"},"primaryImageOfPage":{"@id":"https:\/\/acuariosupremus.com\/?product=mangos-de-extension-para-herramientas-ista#primaryimage"},"image":{"@id":"https:\/\/acuariosupremus.com\/?product=mangos-de-extension-para-herramientas-ista#primaryimage"},"thumbnailUrl":"https:\/\/acuariosupremus.com\/wp-content\/uploads\/2022\/05\/i-063_mango_extension_herramierntas_ista_01.jpg","datePublished":"2022-05-19T20:08:09+00:00","dateModified":"2025-12-30T22:29:42+00:00","description":"Los mangos de extensi\u00f3n modulares ISTA son un complemento intercambiable y compatible con toda la l\u00ednea de herramientas profesionales de la marca.","breadcrumb":{"@id":"https:\/\/acuariosupremus.com\/?product=mangos-de-extension-para-herramientas-ista#breadcrumb"},"inLanguage":"es","potentialAction":[{"@type":"ReadAction","target":["https:\/\/acuariosupremus.com\/?product=mangos-de-extension-para-herramientas-ista"]}]},{"@type":"ImageObject","inLanguage":"es","@id":"https:\/\/acuariosupremus.com\/?product=mangos-de-extension-para-herramientas-ista#primaryimage","url":"https:\/\/acuariosupremus.com\/wp-content\/uploads\/2022\/05\/i-063_mango_extension_herramierntas_ista_01.jpg","contentUrl":"https:\/\/acuariosupremus.com\/wp-content\/uploads\/2022\/05\/i-063_mango_extension_herramierntas_ista_01.jpg","width":1250,"height":1250},{"@type":"BreadcrumbList","@id":"https:\/\/acuariosupremus.com\/?product=mangos-de-extension-para-herramientas-ista#breadcrumb","itemListElement":[{"@type":"ListItem","position":1,"name":"Portada","item":"https:\/\/acuariosupremus.com\/"},{"@type":"ListItem","position":2,"name":"Tienda","item":"https:\/\/acuariosupremus.com\/tienda\/"},{"@type":"ListItem","position":3,"name":"Mangos de extensi\u00f3n para herramientas ISTA"}]},{"@type":"WebSite","@id":"https:\/\/acuariosupremus.com\/#website","url":"https:\/\/acuariosupremus.com\/","name":"Acuario Supremus","description":"Peces, Peceras y Mascotas.","publisher":{"@id":"https:\/\/acuariosupremus.com\/#organization"},"potentialAction":[{"@type":"SearchAction","target":{"@type":"EntryPoint","urlTemplate":"https:\/\/acuariosupremus.com\/?s={search_term_string}"},"query-input":{"@type":"PropertyValueSpecification","valueRequired":true,"valueName":"search_term_string"}}],"inLanguage":"es"},{"@type":"Organization","@id":"https:\/\/acuariosupremus.com\/#organization","name":"Acuario Supremus","url":"https:\/\/acuariosupremus.com\/","logo":{"@type":"ImageObject","inLanguage":"es","@id":"https:\/\/acuariosupremus.com\/#\/schema\/logo\/image\/","url":"https:\/\/acuariosupremus.com\/wp-content\/uploads\/2021\/12\/cropped-logo_acuario_supremus_fn-2.png","contentUrl":"https:\/\/acuariosupremus.com\/wp-content\/uploads\/2021\/12\/cropped-logo_acuario_supremus_fn-2.png","width":1000,"height":318,"caption":"Acuario Supremus"},"image":{"@id":"https:\/\/acuariosupremus.com\/#\/schema\/logo\/image\/"},"sameAs":["https:\/\/www.facebook.com\/AcuarioSupremus","https:\/\/x.com\/AcuarioSupremus","https:\/\/www.instagram.com\/acuariosupremus\/?hl=es"]}]}},"jetpack_sharing_enabled":true,"_links":{"self":[{"href":"https:\/\/acuariosupremus.com\/index.php?rest_route=\/wp\/v2\/product\/9896","targetHints":{"allow":["GET"]}}],"collection":[{"href":"https:\/\/acuariosupremus.com\/index.php?rest_route=\/wp\/v2\/product"}],"about":[{"href":"https:\/\/acuariosupremus.com\/index.php?rest_route=\/wp\/v2\/types\/product"}],"wp:featuredmedia":[{"embeddable":true,"href":"https:\/\/acuariosupremus.com\/index.php?rest_route=\/wp\/v2\/media\/9902"}],"wp:attachment":[{"href":"https:\/\/acuariosupremus.com\/index.php?rest_route=%2Fwp%2Fv2%2Fmedia&parent=9896"}],"wp:term":[{"taxonomy":"product_brand","embeddable":true,"href":"https:\/\/acuariosupremus.com\/index.php?rest_route=%2Fwp%2Fv2%2Fproduct_brand&post=9896"},{"taxonomy":"product_cat","embeddable":true,"href":"https:\/\/acuariosupremus.com\/index.php?rest_route=%2Fwp%2Fv2%2Fproduct_cat&post=9896"},{"taxonomy":"product_tag","embeddable":true,"href":"https:\/\/acuariosupremus.com\/index.php?rest_route=%2Fwp%2Fv2%2Fproduct_tag&post=9896"}],"curies":[{"name":"wp","href":"https:\/\/api.w.org\/{rel}","templated":true}]}}