{"id":9934,"date":"2022-05-19T16:04:28","date_gmt":"2022-05-19T21:04:28","guid":{"rendered":"https:\/\/acuariosupremus.com\/?post_type=product&#038;p=9934"},"modified":"2025-12-30T16:45:27","modified_gmt":"2025-12-30T22:45:27","slug":"termometro-colgante-de-cristal-18-cm","status":"publish","type":"product","link":"https:\/\/acuariosupremus.com\/?product=termometro-colgante-de-cristal-18-cm","title":{"rendered":"Term\u00f3metro colgante de cristal 18 cm."},"content":{"rendered":"<p>Ambos modelos alcanzan un rango de temperatura desde 0 a 40 grados cent\u00edgrados (\u00b0C) cubriendo las necesidades generales de temperatura para todas las especies que mantenemos normalmente. Estos term\u00f3metros anal\u00f3gicos miden la temperatura mediante el m\u00e9todo de dilataci\u00f3n de un aldeh\u00eddo especial te\u00f1ido de azul. Este sistema de medici\u00f3n es muy confiable y sencillo, contando con la ventaja de un alto contraste para facilitar una lectura clara e inmediata. Estos complementos son imprescindibles en todo acuario para poder monitorear en todo momento la temperatura del agua de una forma clara y precisa, aportando al acuario un aspecto, elegante y discreto. Estas cualidades resultan ideales para los acuarios con tem\u00e1tica paisajista y acuarios plantados, pero tambi\u00e9n pueden ser usados en acuarios comunitarios o de agua salada<\/p>\n<p>Tama\u00f1o: 18 cm Grosor del vidrio: 8-12 (mm) Rango de temperatura 0 &#8211; 40 (\u00b0C) Precisi\u00f3n: \u00b1 1 (\u00b0C) Peso 20 (grs.) Peso con embalaje: 35 (grs.) Medidas 180 x 26 x 5 (mm) Medidas con embalaje 10 x 80 x 235 (mm).<\/p>\n","protected":false},"excerpt":{"rendered":"<p>Term\u00f3metros de gran precisi\u00f3n para medir la temperatura del agua en todo tipo de acuarios. Su dise\u00f1o minimalista destaca por su original forma de sujetarse al acuario colgados del borde superior, eliminando la necesidad de usar ventosas que perder\u00e1n tarde o temprano sus propiedades de succi\u00f3n. Presentan dos modelos con distintas anchuras para adaptarse a grosores de vidrios en los acuarios desde 3 hasta 12 mm.<\/p>\n","protected":false},"featured_media":9935,"template":"","meta":[],"product_brand":[127],"product_cat":[40,64],"product_tag":[243],"class_list":{"0":"post-9934","1":"product","2":"type-product","3":"status-publish","4":"has-post-thumbnail","6":"product_brand-ista","7":"product_cat-peces","8":"product_cat-termometros-y-densimetros","9":"product_tag-termometro","11":"first","12":"instock","13":"sale","14":"shipping-taxable","15":"purchasable","16":"product-type-simple"},"yoast_head":"<!-- This site is optimized with the Yoast SEO plugin v27.4 - https:\/\/yoast.com\/product\/yoast-seo-wordpress\/ -->\n<title>Term\u00f3metro colgante de cristal 18 cm. | Acuario Supremus<\/title>\n<meta name=\"description\" content=\"Term\u00f3metros colgantes de vidrio de gran precisi\u00f3n para medir la temperatura del agua en todo tipo de acuarios.\" \/>\n<meta name=\"robots\" content=\"index, follow, max-snippet:-1, max-image-preview:large, max-video-preview:-1\" \/>\n<link rel=\"canonical\" href=\"https:\/\/acuariosupremus.com\/?product=termometro-colgante-de-cristal-18-cm\" \/>\n<meta property=\"og:locale\" content=\"es_MX\" \/>\n<meta property=\"og:type\" content=\"article\" \/>\n<meta property=\"og:title\" content=\"Term\u00f3metro colgante de cristal 18 cm. | Acuario Supremus\" \/>\n<meta property=\"og:description\" content=\"Term\u00f3metros colgantes de vidrio de gran precisi\u00f3n para medir la temperatura del agua en todo tipo de acuarios.\" \/>\n<meta property=\"og:url\" content=\"https:\/\/acuariosupremus.com\/?product=termometro-colgante-de-cristal-18-cm\" \/>\n<meta property=\"og:site_name\" content=\"Acuario Supremus\" \/>\n<meta property=\"article:publisher\" content=\"https:\/\/www.facebook.com\/AcuarioSupremus\" \/>\n<meta property=\"article:modified_time\" content=\"2025-12-30T22:45:27+00:00\" \/>\n<meta property=\"og:image\" content=\"https:\/\/acuariosupremus.com\/wp-content\/uploads\/2022\/05\/i-624_termometro_cristal_colgable_ista_03.jpg\" \/>\n\t<meta property=\"og:image:width\" content=\"1250\" \/>\n\t<meta property=\"og:image:height\" content=\"1250\" \/>\n\t<meta property=\"og:image:type\" content=\"image\/jpeg\" \/>\n<meta name=\"twitter:card\" content=\"summary_large_image\" \/>\n<meta name=\"twitter:site\" content=\"@AcuarioSupremus\" \/>\n<meta name=\"twitter:label1\" content=\"Tiempo de lectura\" \/>\n\t<meta name=\"twitter:data1\" content=\"1 minuto\" \/>\n<script type=\"application\/ld+json\" class=\"yoast-schema-graph\">{\"@context\":\"https:\\\/\\\/schema.org\",\"@graph\":[{\"@type\":\"WebPage\",\"@id\":\"https:\\\/\\\/acuariosupremus.com\\\/?product=termometro-colgante-de-cristal-18-cm\",\"url\":\"https:\\\/\\\/acuariosupremus.com\\\/?product=termometro-colgante-de-cristal-18-cm\",\"name\":\"Term\u00f3metro colgante de cristal 18 cm. | Acuario Supremus\",\"isPartOf\":{\"@id\":\"https:\\\/\\\/acuariosupremus.com\\\/#website\"},\"primaryImageOfPage\":{\"@id\":\"https:\\\/\\\/acuariosupremus.com\\\/?product=termometro-colgante-de-cristal-18-cm#primaryimage\"},\"image\":{\"@id\":\"https:\\\/\\\/acuariosupremus.com\\\/?product=termometro-colgante-de-cristal-18-cm#primaryimage\"},\"thumbnailUrl\":\"https:\\\/\\\/acuariosupremus.com\\\/wp-content\\\/uploads\\\/2022\\\/05\\\/i-624_termometro_cristal_colgable_ista_03.jpg\",\"datePublished\":\"2022-05-19T21:04:28+00:00\",\"dateModified\":\"2025-12-30T22:45:27+00:00\",\"description\":\"Term\u00f3metros colgantes de vidrio de gran precisi\u00f3n para medir la temperatura del agua en todo tipo de acuarios.\",\"breadcrumb\":{\"@id\":\"https:\\\/\\\/acuariosupremus.com\\\/?product=termometro-colgante-de-cristal-18-cm#breadcrumb\"},\"inLanguage\":\"es\",\"potentialAction\":[{\"@type\":\"ReadAction\",\"target\":[\"https:\\\/\\\/acuariosupremus.com\\\/?product=termometro-colgante-de-cristal-18-cm\"]}]},{\"@type\":\"ImageObject\",\"inLanguage\":\"es\",\"@id\":\"https:\\\/\\\/acuariosupremus.com\\\/?product=termometro-colgante-de-cristal-18-cm#primaryimage\",\"url\":\"https:\\\/\\\/acuariosupremus.com\\\/wp-content\\\/uploads\\\/2022\\\/05\\\/i-624_termometro_cristal_colgable_ista_03.jpg\",\"contentUrl\":\"https:\\\/\\\/acuariosupremus.com\\\/wp-content\\\/uploads\\\/2022\\\/05\\\/i-624_termometro_cristal_colgable_ista_03.jpg\",\"width\":1250,\"height\":1250},{\"@type\":\"BreadcrumbList\",\"@id\":\"https:\\\/\\\/acuariosupremus.com\\\/?product=termometro-colgante-de-cristal-18-cm#breadcrumb\",\"itemListElement\":[{\"@type\":\"ListItem\",\"position\":1,\"name\":\"Portada\",\"item\":\"https:\\\/\\\/acuariosupremus.com\\\/\"},{\"@type\":\"ListItem\",\"position\":2,\"name\":\"Tienda\",\"item\":\"https:\\\/\\\/acuariosupremus.com\\\/tienda\\\/\"},{\"@type\":\"ListItem\",\"position\":3,\"name\":\"Term\u00f3metro colgante de cristal 18 cm.\"}]},{\"@type\":\"WebSite\",\"@id\":\"https:\\\/\\\/acuariosupremus.com\\\/#website\",\"url\":\"https:\\\/\\\/acuariosupremus.com\\\/\",\"name\":\"Acuario Supremus\",\"description\":\"Peces, Peceras y Mascotas.\",\"publisher\":{\"@id\":\"https:\\\/\\\/acuariosupremus.com\\\/#organization\"},\"potentialAction\":[{\"@type\":\"SearchAction\",\"target\":{\"@type\":\"EntryPoint\",\"urlTemplate\":\"https:\\\/\\\/acuariosupremus.com\\\/?s={search_term_string}\"},\"query-input\":{\"@type\":\"PropertyValueSpecification\",\"valueRequired\":true,\"valueName\":\"search_term_string\"}}],\"inLanguage\":\"es\"},{\"@type\":\"Organization\",\"@id\":\"https:\\\/\\\/acuariosupremus.com\\\/#organization\",\"name\":\"Acuario Supremus\",\"url\":\"https:\\\/\\\/acuariosupremus.com\\\/\",\"logo\":{\"@type\":\"ImageObject\",\"inLanguage\":\"es\",\"@id\":\"https:\\\/\\\/acuariosupremus.com\\\/#\\\/schema\\\/logo\\\/image\\\/\",\"url\":\"https:\\\/\\\/acuariosupremus.com\\\/wp-content\\\/uploads\\\/2021\\\/12\\\/cropped-logo_acuario_supremus_fn-2.png\",\"contentUrl\":\"https:\\\/\\\/acuariosupremus.com\\\/wp-content\\\/uploads\\\/2021\\\/12\\\/cropped-logo_acuario_supremus_fn-2.png\",\"width\":1000,\"height\":318,\"caption\":\"Acuario Supremus\"},\"image\":{\"@id\":\"https:\\\/\\\/acuariosupremus.com\\\/#\\\/schema\\\/logo\\\/image\\\/\"},\"sameAs\":[\"https:\\\/\\\/www.facebook.com\\\/AcuarioSupremus\",\"https:\\\/\\\/x.com\\\/AcuarioSupremus\",\"https:\\\/\\\/www.instagram.com\\\/acuariosupremus\\\/?hl=es\"]}]}<\/script>\n<!-- \/ Yoast SEO plugin. -->","yoast_head_json":{"title":"Term\u00f3metro colgante de cristal 18 cm. | Acuario Supremus","description":"Term\u00f3metros colgantes de vidrio de gran precisi\u00f3n para medir la temperatura del agua en todo tipo de acuarios.","robots":{"index":"index","follow":"follow","max-snippet":"max-snippet:-1","max-image-preview":"max-image-preview:large","max-video-preview":"max-video-preview:-1"},"canonical":"https:\/\/acuariosupremus.com\/?product=termometro-colgante-de-cristal-18-cm","og_locale":"es_MX","og_type":"article","og_title":"Term\u00f3metro colgante de cristal 18 cm. | Acuario Supremus","og_description":"Term\u00f3metros colgantes de vidrio de gran precisi\u00f3n para medir la temperatura del agua en todo tipo de acuarios.","og_url":"https:\/\/acuariosupremus.com\/?product=termometro-colgante-de-cristal-18-cm","og_site_name":"Acuario Supremus","article_publisher":"https:\/\/www.facebook.com\/AcuarioSupremus","article_modified_time":"2025-12-30T22:45:27+00:00","og_image":[{"width":1250,"height":1250,"url":"https:\/\/acuariosupremus.com\/wp-content\/uploads\/2022\/05\/i-624_termometro_cristal_colgable_ista_03.jpg","type":"image\/jpeg"}],"twitter_card":"summary_large_image","twitter_site":"@AcuarioSupremus","twitter_misc":{"Tiempo de lectura":"1 minuto"},"schema":{"@context":"https:\/\/schema.org","@graph":[{"@type":"WebPage","@id":"https:\/\/acuariosupremus.com\/?product=termometro-colgante-de-cristal-18-cm","url":"https:\/\/acuariosupremus.com\/?product=termometro-colgante-de-cristal-18-cm","name":"Term\u00f3metro colgante de cristal 18 cm. | Acuario Supremus","isPartOf":{"@id":"https:\/\/acuariosupremus.com\/#website"},"primaryImageOfPage":{"@id":"https:\/\/acuariosupremus.com\/?product=termometro-colgante-de-cristal-18-cm#primaryimage"},"image":{"@id":"https:\/\/acuariosupremus.com\/?product=termometro-colgante-de-cristal-18-cm#primaryimage"},"thumbnailUrl":"https:\/\/acuariosupremus.com\/wp-content\/uploads\/2022\/05\/i-624_termometro_cristal_colgable_ista_03.jpg","datePublished":"2022-05-19T21:04:28+00:00","dateModified":"2025-12-30T22:45:27+00:00","description":"Term\u00f3metros colgantes de vidrio de gran precisi\u00f3n para medir la temperatura del agua en todo tipo de acuarios.","breadcrumb":{"@id":"https:\/\/acuariosupremus.com\/?product=termometro-colgante-de-cristal-18-cm#breadcrumb"},"inLanguage":"es","potentialAction":[{"@type":"ReadAction","target":["https:\/\/acuariosupremus.com\/?product=termometro-colgante-de-cristal-18-cm"]}]},{"@type":"ImageObject","inLanguage":"es","@id":"https:\/\/acuariosupremus.com\/?product=termometro-colgante-de-cristal-18-cm#primaryimage","url":"https:\/\/acuariosupremus.com\/wp-content\/uploads\/2022\/05\/i-624_termometro_cristal_colgable_ista_03.jpg","contentUrl":"https:\/\/acuariosupremus.com\/wp-content\/uploads\/2022\/05\/i-624_termometro_cristal_colgable_ista_03.jpg","width":1250,"height":1250},{"@type":"BreadcrumbList","@id":"https:\/\/acuariosupremus.com\/?product=termometro-colgante-de-cristal-18-cm#breadcrumb","itemListElement":[{"@type":"ListItem","position":1,"name":"Portada","item":"https:\/\/acuariosupremus.com\/"},{"@type":"ListItem","position":2,"name":"Tienda","item":"https:\/\/acuariosupremus.com\/tienda\/"},{"@type":"ListItem","position":3,"name":"Term\u00f3metro colgante de cristal 18 cm."}]},{"@type":"WebSite","@id":"https:\/\/acuariosupremus.com\/#website","url":"https:\/\/acuariosupremus.com\/","name":"Acuario Supremus","description":"Peces, Peceras y Mascotas.","publisher":{"@id":"https:\/\/acuariosupremus.com\/#organization"},"potentialAction":[{"@type":"SearchAction","target":{"@type":"EntryPoint","urlTemplate":"https:\/\/acuariosupremus.com\/?s={search_term_string}"},"query-input":{"@type":"PropertyValueSpecification","valueRequired":true,"valueName":"search_term_string"}}],"inLanguage":"es"},{"@type":"Organization","@id":"https:\/\/acuariosupremus.com\/#organization","name":"Acuario Supremus","url":"https:\/\/acuariosupremus.com\/","logo":{"@type":"ImageObject","inLanguage":"es","@id":"https:\/\/acuariosupremus.com\/#\/schema\/logo\/image\/","url":"https:\/\/acuariosupremus.com\/wp-content\/uploads\/2021\/12\/cropped-logo_acuario_supremus_fn-2.png","contentUrl":"https:\/\/acuariosupremus.com\/wp-content\/uploads\/2021\/12\/cropped-logo_acuario_supremus_fn-2.png","width":1000,"height":318,"caption":"Acuario Supremus"},"image":{"@id":"https:\/\/acuariosupremus.com\/#\/schema\/logo\/image\/"},"sameAs":["https:\/\/www.facebook.com\/AcuarioSupremus","https:\/\/x.com\/AcuarioSupremus","https:\/\/www.instagram.com\/acuariosupremus\/?hl=es"]}]}},"jetpack_sharing_enabled":true,"_links":{"self":[{"href":"https:\/\/acuariosupremus.com\/index.php?rest_route=\/wp\/v2\/product\/9934","targetHints":{"allow":["GET"]}}],"collection":[{"href":"https:\/\/acuariosupremus.com\/index.php?rest_route=\/wp\/v2\/product"}],"about":[{"href":"https:\/\/acuariosupremus.com\/index.php?rest_route=\/wp\/v2\/types\/product"}],"wp:featuredmedia":[{"embeddable":true,"href":"https:\/\/acuariosupremus.com\/index.php?rest_route=\/wp\/v2\/media\/9935"}],"wp:attachment":[{"href":"https:\/\/acuariosupremus.com\/index.php?rest_route=%2Fwp%2Fv2%2Fmedia&parent=9934"}],"wp:term":[{"taxonomy":"product_brand","embeddable":true,"href":"https:\/\/acuariosupremus.com\/index.php?rest_route=%2Fwp%2Fv2%2Fproduct_brand&post=9934"},{"taxonomy":"product_cat","embeddable":true,"href":"https:\/\/acuariosupremus.com\/index.php?rest_route=%2Fwp%2Fv2%2Fproduct_cat&post=9934"},{"taxonomy":"product_tag","embeddable":true,"href":"https:\/\/acuariosupremus.com\/index.php?rest_route=%2Fwp%2Fv2%2Fproduct_tag&post=9934"}],"curies":[{"name":"wp","href":"https:\/\/api.w.org\/{rel}","templated":true}]}}