{"id":9957,"date":"2022-05-19T16:51:55","date_gmt":"2022-05-19T21:51:55","guid":{"rendered":"https:\/\/acuariosupremus.com\/?post_type=product&#038;p=9957"},"modified":"2025-12-30T16:51:03","modified_gmt":"2025-12-30T22:51:03","slug":"maternidad-flotante-profesional-multi-funcional","status":"publish","type":"product","link":"https:\/\/acuariosupremus.com\/?product=maternidad-flotante-profesional-multi-funcional","title":{"rendered":"Maternidad Flotante Profesional multi-funcional"},"content":{"rendered":"<p>Este dispositivo proporciona un h\u00e1bitat ideal para aislar a las hembras de peces viv\u00edparos y colectar sus cr\u00edas. Son desmontables y est\u00e1n fabricadas en acr\u00edlico completamente transparente para reducir el estr\u00e9s de los peces y poder observar al detalle todo el proceso del parto. La flotabilidad y estabilidad en el agua reside en sus dos c\u00e1maras de aire situadas en ambos extremos laterales. Para garantizar una renovaci\u00f3n del agua homog\u00e9nea presenta una zona amplia de ranuras estrechos en la base del recipiente, mediante los cuales entra agua procedente del acuario. Estos recipientes tambi\u00e9n se pueden usar para efectuar el aislamiento de peces y otros organismos para objetivos de aclimataci\u00f3n o durante su recuperaci\u00f3n por lesiones o enfermedades, y es muy \u00fatil en distintas etapas de reproducci\u00f3n de diversos peces ov\u00edparos y otros organismos. Este producto est\u00e1 fabricado con materiales y procesos industriales de alta calidad que garantizan una gran robustez y larga vida de uso. Su dise\u00f1o ultra compacto y peque\u00f1o lo hace ideal para trabajar en acuarios peque\u00f1os. Se fija al acuario mediante dos ventosas transparentes. Es desmontable para un f\u00e1cil mantenimiento y cuenta con una rejilla deslizable para regular con precisi\u00f3n la relaci\u00f3n de agua aspirada entre fondo y la maternidad.<\/p>\n<p>Material (\u00d8mm) Acrilico\u00a0 Compartimentos 4 (n\u00famero) Medidas 222 x 98 x 118 (l x a x h mm) Medidas con embalaje 225 x 100 x 130 (mm) Peso 310 (grs.) Peso con embalaje 385 (grs.)<\/p>\n","protected":false},"excerpt":{"rendered":"<p>Maternidad flotante Profesional de doble cuerpo fabricada en material acr\u00edlico de gran calidad. Cuenta con dos c\u00e1maras para las madres y otras dos para las cr\u00edas, todas ellas con aireaci\u00f3n forzada mediante ducto separado con un difusor de burbujas. El sistema de recolecci\u00f3n de alevines funciona aprovechando el flujo forzado de aireaci\u00f3n. Succiona a los peces reci\u00e9n nacidos para protegerlos en sus dos recept\u00e1culos mediante una tolva con forma de \u201cV\u201d a 45\u00b0 con una apertura de 2 mil\u00edmetros. Cuenta con un sistema de sujeci\u00f3n lateral mediante dos ventosas.<\/p>\n","protected":false},"featured_media":9958,"template":"","meta":[],"product_brand":[127],"product_cat":[40,66],"product_tag":[247],"class_list":{"0":"post-9957","1":"product","2":"type-product","3":"status-publish","4":"has-post-thumbnail","6":"product_brand-ista","7":"product_cat-peces","8":"product_cat-varios","9":"product_tag-maternidad","11":"first","12":"instock","13":"sale","14":"shipping-taxable","15":"purchasable","16":"product-type-simple"},"yoast_head":"<!-- This site is optimized with the Yoast SEO plugin v27.4 - https:\/\/yoast.com\/product\/yoast-seo-wordpress\/ -->\n<title>Maternidad Flotante Profesional multi-funcional | Acuario Supremus<\/title>\n<meta name=\"description\" content=\"Maternidad flotante Profesional de doble cuerpo fabricada en material acr\u00edlico de gran calidad y sistema de sujeci\u00f3n lateral.\" \/>\n<meta name=\"robots\" content=\"index, follow, max-snippet:-1, max-image-preview:large, max-video-preview:-1\" \/>\n<link rel=\"canonical\" href=\"https:\/\/acuariosupremus.com\/?product=maternidad-flotante-profesional-multi-funcional\" \/>\n<meta property=\"og:locale\" content=\"es_MX\" \/>\n<meta property=\"og:type\" content=\"article\" \/>\n<meta property=\"og:title\" content=\"Maternidad Flotante Profesional multi-funcional | Acuario Supremus\" \/>\n<meta property=\"og:description\" content=\"Maternidad flotante Profesional de doble cuerpo fabricada en material acr\u00edlico de gran calidad y sistema de sujeci\u00f3n lateral.\" \/>\n<meta property=\"og:url\" content=\"https:\/\/acuariosupremus.com\/?product=maternidad-flotante-profesional-multi-funcional\" \/>\n<meta property=\"og:site_name\" content=\"Acuario Supremus\" \/>\n<meta property=\"article:publisher\" content=\"https:\/\/www.facebook.com\/AcuarioSupremus\" \/>\n<meta property=\"article:modified_time\" content=\"2025-12-30T22:51:03+00:00\" \/>\n<meta property=\"og:image\" content=\"https:\/\/acuariosupremus.com\/wp-content\/uploads\/2022\/05\/i-071_maternidad_profesional_multi-funcional_01.jpg\" \/>\n\t<meta property=\"og:image:width\" content=\"1250\" \/>\n\t<meta property=\"og:image:height\" content=\"1250\" \/>\n\t<meta property=\"og:image:type\" content=\"image\/jpeg\" \/>\n<meta name=\"twitter:card\" content=\"summary_large_image\" \/>\n<meta name=\"twitter:site\" content=\"@AcuarioSupremus\" \/>\n<meta name=\"twitter:label1\" content=\"Tiempo de lectura\" \/>\n\t<meta name=\"twitter:data1\" content=\"2 minutos\" \/>\n<script type=\"application\/ld+json\" class=\"yoast-schema-graph\">{\"@context\":\"https:\\\/\\\/schema.org\",\"@graph\":[{\"@type\":\"WebPage\",\"@id\":\"https:\\\/\\\/acuariosupremus.com\\\/?product=maternidad-flotante-profesional-multi-funcional\",\"url\":\"https:\\\/\\\/acuariosupremus.com\\\/?product=maternidad-flotante-profesional-multi-funcional\",\"name\":\"Maternidad Flotante Profesional multi-funcional | Acuario Supremus\",\"isPartOf\":{\"@id\":\"https:\\\/\\\/acuariosupremus.com\\\/#website\"},\"primaryImageOfPage\":{\"@id\":\"https:\\\/\\\/acuariosupremus.com\\\/?product=maternidad-flotante-profesional-multi-funcional#primaryimage\"},\"image\":{\"@id\":\"https:\\\/\\\/acuariosupremus.com\\\/?product=maternidad-flotante-profesional-multi-funcional#primaryimage\"},\"thumbnailUrl\":\"https:\\\/\\\/acuariosupremus.com\\\/wp-content\\\/uploads\\\/2022\\\/05\\\/i-071_maternidad_profesional_multi-funcional_01.jpg\",\"datePublished\":\"2022-05-19T21:51:55+00:00\",\"dateModified\":\"2025-12-30T22:51:03+00:00\",\"description\":\"Maternidad flotante Profesional de doble cuerpo fabricada en material acr\u00edlico de gran calidad y sistema de sujeci\u00f3n lateral.\",\"breadcrumb\":{\"@id\":\"https:\\\/\\\/acuariosupremus.com\\\/?product=maternidad-flotante-profesional-multi-funcional#breadcrumb\"},\"inLanguage\":\"es\",\"potentialAction\":[{\"@type\":\"ReadAction\",\"target\":[\"https:\\\/\\\/acuariosupremus.com\\\/?product=maternidad-flotante-profesional-multi-funcional\"]}]},{\"@type\":\"ImageObject\",\"inLanguage\":\"es\",\"@id\":\"https:\\\/\\\/acuariosupremus.com\\\/?product=maternidad-flotante-profesional-multi-funcional#primaryimage\",\"url\":\"https:\\\/\\\/acuariosupremus.com\\\/wp-content\\\/uploads\\\/2022\\\/05\\\/i-071_maternidad_profesional_multi-funcional_01.jpg\",\"contentUrl\":\"https:\\\/\\\/acuariosupremus.com\\\/wp-content\\\/uploads\\\/2022\\\/05\\\/i-071_maternidad_profesional_multi-funcional_01.jpg\",\"width\":1250,\"height\":1250},{\"@type\":\"BreadcrumbList\",\"@id\":\"https:\\\/\\\/acuariosupremus.com\\\/?product=maternidad-flotante-profesional-multi-funcional#breadcrumb\",\"itemListElement\":[{\"@type\":\"ListItem\",\"position\":1,\"name\":\"Portada\",\"item\":\"https:\\\/\\\/acuariosupremus.com\\\/\"},{\"@type\":\"ListItem\",\"position\":2,\"name\":\"Tienda\",\"item\":\"https:\\\/\\\/acuariosupremus.com\\\/tienda\\\/\"},{\"@type\":\"ListItem\",\"position\":3,\"name\":\"Maternidad Flotante Profesional multi-funcional\"}]},{\"@type\":\"WebSite\",\"@id\":\"https:\\\/\\\/acuariosupremus.com\\\/#website\",\"url\":\"https:\\\/\\\/acuariosupremus.com\\\/\",\"name\":\"Acuario Supremus\",\"description\":\"Peces, Peceras y Mascotas.\",\"publisher\":{\"@id\":\"https:\\\/\\\/acuariosupremus.com\\\/#organization\"},\"potentialAction\":[{\"@type\":\"SearchAction\",\"target\":{\"@type\":\"EntryPoint\",\"urlTemplate\":\"https:\\\/\\\/acuariosupremus.com\\\/?s={search_term_string}\"},\"query-input\":{\"@type\":\"PropertyValueSpecification\",\"valueRequired\":true,\"valueName\":\"search_term_string\"}}],\"inLanguage\":\"es\"},{\"@type\":\"Organization\",\"@id\":\"https:\\\/\\\/acuariosupremus.com\\\/#organization\",\"name\":\"Acuario Supremus\",\"url\":\"https:\\\/\\\/acuariosupremus.com\\\/\",\"logo\":{\"@type\":\"ImageObject\",\"inLanguage\":\"es\",\"@id\":\"https:\\\/\\\/acuariosupremus.com\\\/#\\\/schema\\\/logo\\\/image\\\/\",\"url\":\"https:\\\/\\\/acuariosupremus.com\\\/wp-content\\\/uploads\\\/2021\\\/12\\\/cropped-logo_acuario_supremus_fn-2.png\",\"contentUrl\":\"https:\\\/\\\/acuariosupremus.com\\\/wp-content\\\/uploads\\\/2021\\\/12\\\/cropped-logo_acuario_supremus_fn-2.png\",\"width\":1000,\"height\":318,\"caption\":\"Acuario Supremus\"},\"image\":{\"@id\":\"https:\\\/\\\/acuariosupremus.com\\\/#\\\/schema\\\/logo\\\/image\\\/\"},\"sameAs\":[\"https:\\\/\\\/www.facebook.com\\\/AcuarioSupremus\",\"https:\\\/\\\/x.com\\\/AcuarioSupremus\",\"https:\\\/\\\/www.instagram.com\\\/acuariosupremus\\\/?hl=es\"]}]}<\/script>\n<!-- \/ Yoast SEO plugin. -->","yoast_head_json":{"title":"Maternidad Flotante Profesional multi-funcional | Acuario Supremus","description":"Maternidad flotante Profesional de doble cuerpo fabricada en material acr\u00edlico de gran calidad y sistema de sujeci\u00f3n lateral.","robots":{"index":"index","follow":"follow","max-snippet":"max-snippet:-1","max-image-preview":"max-image-preview:large","max-video-preview":"max-video-preview:-1"},"canonical":"https:\/\/acuariosupremus.com\/?product=maternidad-flotante-profesional-multi-funcional","og_locale":"es_MX","og_type":"article","og_title":"Maternidad Flotante Profesional multi-funcional | Acuario Supremus","og_description":"Maternidad flotante Profesional de doble cuerpo fabricada en material acr\u00edlico de gran calidad y sistema de sujeci\u00f3n lateral.","og_url":"https:\/\/acuariosupremus.com\/?product=maternidad-flotante-profesional-multi-funcional","og_site_name":"Acuario Supremus","article_publisher":"https:\/\/www.facebook.com\/AcuarioSupremus","article_modified_time":"2025-12-30T22:51:03+00:00","og_image":[{"width":1250,"height":1250,"url":"https:\/\/acuariosupremus.com\/wp-content\/uploads\/2022\/05\/i-071_maternidad_profesional_multi-funcional_01.jpg","type":"image\/jpeg"}],"twitter_card":"summary_large_image","twitter_site":"@AcuarioSupremus","twitter_misc":{"Tiempo de lectura":"2 minutos"},"schema":{"@context":"https:\/\/schema.org","@graph":[{"@type":"WebPage","@id":"https:\/\/acuariosupremus.com\/?product=maternidad-flotante-profesional-multi-funcional","url":"https:\/\/acuariosupremus.com\/?product=maternidad-flotante-profesional-multi-funcional","name":"Maternidad Flotante Profesional multi-funcional | Acuario Supremus","isPartOf":{"@id":"https:\/\/acuariosupremus.com\/#website"},"primaryImageOfPage":{"@id":"https:\/\/acuariosupremus.com\/?product=maternidad-flotante-profesional-multi-funcional#primaryimage"},"image":{"@id":"https:\/\/acuariosupremus.com\/?product=maternidad-flotante-profesional-multi-funcional#primaryimage"},"thumbnailUrl":"https:\/\/acuariosupremus.com\/wp-content\/uploads\/2022\/05\/i-071_maternidad_profesional_multi-funcional_01.jpg","datePublished":"2022-05-19T21:51:55+00:00","dateModified":"2025-12-30T22:51:03+00:00","description":"Maternidad flotante Profesional de doble cuerpo fabricada en material acr\u00edlico de gran calidad y sistema de sujeci\u00f3n lateral.","breadcrumb":{"@id":"https:\/\/acuariosupremus.com\/?product=maternidad-flotante-profesional-multi-funcional#breadcrumb"},"inLanguage":"es","potentialAction":[{"@type":"ReadAction","target":["https:\/\/acuariosupremus.com\/?product=maternidad-flotante-profesional-multi-funcional"]}]},{"@type":"ImageObject","inLanguage":"es","@id":"https:\/\/acuariosupremus.com\/?product=maternidad-flotante-profesional-multi-funcional#primaryimage","url":"https:\/\/acuariosupremus.com\/wp-content\/uploads\/2022\/05\/i-071_maternidad_profesional_multi-funcional_01.jpg","contentUrl":"https:\/\/acuariosupremus.com\/wp-content\/uploads\/2022\/05\/i-071_maternidad_profesional_multi-funcional_01.jpg","width":1250,"height":1250},{"@type":"BreadcrumbList","@id":"https:\/\/acuariosupremus.com\/?product=maternidad-flotante-profesional-multi-funcional#breadcrumb","itemListElement":[{"@type":"ListItem","position":1,"name":"Portada","item":"https:\/\/acuariosupremus.com\/"},{"@type":"ListItem","position":2,"name":"Tienda","item":"https:\/\/acuariosupremus.com\/tienda\/"},{"@type":"ListItem","position":3,"name":"Maternidad Flotante Profesional multi-funcional"}]},{"@type":"WebSite","@id":"https:\/\/acuariosupremus.com\/#website","url":"https:\/\/acuariosupremus.com\/","name":"Acuario Supremus","description":"Peces, Peceras y Mascotas.","publisher":{"@id":"https:\/\/acuariosupremus.com\/#organization"},"potentialAction":[{"@type":"SearchAction","target":{"@type":"EntryPoint","urlTemplate":"https:\/\/acuariosupremus.com\/?s={search_term_string}"},"query-input":{"@type":"PropertyValueSpecification","valueRequired":true,"valueName":"search_term_string"}}],"inLanguage":"es"},{"@type":"Organization","@id":"https:\/\/acuariosupremus.com\/#organization","name":"Acuario Supremus","url":"https:\/\/acuariosupremus.com\/","logo":{"@type":"ImageObject","inLanguage":"es","@id":"https:\/\/acuariosupremus.com\/#\/schema\/logo\/image\/","url":"https:\/\/acuariosupremus.com\/wp-content\/uploads\/2021\/12\/cropped-logo_acuario_supremus_fn-2.png","contentUrl":"https:\/\/acuariosupremus.com\/wp-content\/uploads\/2021\/12\/cropped-logo_acuario_supremus_fn-2.png","width":1000,"height":318,"caption":"Acuario Supremus"},"image":{"@id":"https:\/\/acuariosupremus.com\/#\/schema\/logo\/image\/"},"sameAs":["https:\/\/www.facebook.com\/AcuarioSupremus","https:\/\/x.com\/AcuarioSupremus","https:\/\/www.instagram.com\/acuariosupremus\/?hl=es"]}]}},"jetpack_sharing_enabled":true,"_links":{"self":[{"href":"https:\/\/acuariosupremus.com\/index.php?rest_route=\/wp\/v2\/product\/9957","targetHints":{"allow":["GET"]}}],"collection":[{"href":"https:\/\/acuariosupremus.com\/index.php?rest_route=\/wp\/v2\/product"}],"about":[{"href":"https:\/\/acuariosupremus.com\/index.php?rest_route=\/wp\/v2\/types\/product"}],"wp:featuredmedia":[{"embeddable":true,"href":"https:\/\/acuariosupremus.com\/index.php?rest_route=\/wp\/v2\/media\/9958"}],"wp:attachment":[{"href":"https:\/\/acuariosupremus.com\/index.php?rest_route=%2Fwp%2Fv2%2Fmedia&parent=9957"}],"wp:term":[{"taxonomy":"product_brand","embeddable":true,"href":"https:\/\/acuariosupremus.com\/index.php?rest_route=%2Fwp%2Fv2%2Fproduct_brand&post=9957"},{"taxonomy":"product_cat","embeddable":true,"href":"https:\/\/acuariosupremus.com\/index.php?rest_route=%2Fwp%2Fv2%2Fproduct_cat&post=9957"},{"taxonomy":"product_tag","embeddable":true,"href":"https:\/\/acuariosupremus.com\/index.php?rest_route=%2Fwp%2Fv2%2Fproduct_tag&post=9957"}],"curies":[{"name":"wp","href":"https:\/\/api.w.org\/{rel}","templated":true}]}}